615
CDCA42 TJSJ 220515
CLIIST


CLIMATE REPORT
NATIONAL WEATHER SERVICE SAN JUAN, PR
114 AM AST WED FEB 22 2017


...................................

...THE CYRIL E. KING AP/ST THOMAS  CLIMATE SUMMARY FOR FEBRUARY 21 2017...

CLIMATE NORMAL PERIOD 1981 TO 2010
CLIMATE RECORD PERIOD 1953 TO 2017


WEATHER ITEM   OBSERVED TIME   RECORD YEAR NORMAL DEPARTURE LAST
                VALUE   (LST)  VALUE       VALUE  FROM      YEAR
                                                  NORMAL
..................................................................
TEMPERATURE (F)
 YESTERDAY
  MAXIMUM         83    155 PM  90    1996  85     -2       MM
  MINIMUM         70    540 AM  67    1982  73     -3       MM
  AVERAGE         77                        79     -2       MM

PRECIPITATION (IN)
  YESTERDAY        0.44          3.10 1983   0.05   0.39     0.08
  MONTH TO DATE    1.10                      1.10   0.00     1.49
  SINCE DEC 1      4.83                      6.44  -1.61     6.96
  SINCE JAN 1      2.27                      3.48  -1.21     3.12

SNOWFALL (IN)
  YESTERDAY        0.0                       0.0    0.0      0.0
  MONTH TO DATE    0.0                       0.0    0.0      0.0
  SINCE DEC 1      0.0                       0.0    0.0      0.0
  SINCE JUL 1      0.0                       0.0    0.0      0.0

DEGREE DAYS
 HEATING
  YESTERDAY        0                         0      0       MM
  MONTH TO DATE    0                         0      0        0
  SINCE DEC 1      0                         0      0        0
  SINCE JUL 1      0                         0      0        0

 COOLING
  YESTERDAY       12                        14     -2       MM
  MONTH TO DATE  286                       294     -8      202
  SINCE DEC 1   1164                      1173     -9     1110
  SINCE JAN 1    701                       722    -21      635
..................................................................


WIND (MPH)
  HIGHEST WIND SPEED    30   HIGHEST WIND DIRECTION    NW (320)
  HIGHEST GUST SPEED    46   HIGHEST GUST DIRECTION     N (340)
  AVERAGE WIND SPEED    14.3


SKY COVER
  AVERAGE SKY COVER 0.4


WEATHER CONDITIONS
 THE FOLLOWING WEATHER WAS RECORDED YESTERDAY.
  HEAVY RAIN
  LIGHT RAIN
  FOG


RELATIVE HUMIDITY (PERCENT)
 HIGHEST    87
 LOWEST     58
 AVERAGE    73

..........................................................


THE CYRIL E. KING AP/ST THOMAS  CLIMATE NORMALS FOR TODAY
                         NORMAL    RECORD    YEAR
 MAXIMUM TEMPERATURE (F)   85        92      1996
 MINIMUM TEMPERATURE (F)   73        68      1984


SUNRISE AND SUNSET
FEBRUARY 22 2017......SUNRISE   643 AM AST   SUNSET   624 PM AST
FEBRUARY 23 2017......SUNRISE   643 AM AST   SUNSET   624 PM AST


-  INDICATES NEGATIVE NUMBERS.
R  INDICATES RECORD WAS SET OR TIED.
MM INDICATES DATA IS MISSING.
T  INDICATES TRACE AMOUNT.




$$
