000
CDCA42 TJSJ 220445
CLIIST


CLIMATE REPORT
NATIONAL WEATHER SERVICE SAN JUAN, PR
1245 AM AST MON DEC 22 2014


...................................

...THE CYRIL E. KING AIRPORT/USVI CLIMATE SUMMARY FOR DECEMBER 21 2014...

CLIMATE NORMAL PERIOD 1981 TO 2010
CLIMATE RECORD PERIOD 1953 TO 2014


WEATHER ITEM   OBSERVED TIME   RECORD YEAR NORMAL DEPARTURE LAST
                VALUE   (LST)  VALUE       VALUE  FROM      YEAR
                                                  NORMAL
..................................................................
TEMPERATURE (F)
 YESTERDAY
  MAXIMUM         81    900 AM  91    1994  85     -4       85
  MINIMUM         76    400 AM  64    1954  73      3       75
  AVERAGE         79                        79      0       80

PRECIPITATION (IN)
  YESTERDAY        0.00          0.69 1978   0.09  -0.09     0.09
  MONTH TO DATE    2.45                      2.07   0.38     6.23
  SINCE DEC 1      2.45                      2.07   0.38     6.23
  SINCE JAN 1     35.18                     38.45  -3.27    54.11

SNOWFALL (IN)
  YESTERDAY        0.0
  MONTH TO DATE    0.0
  SINCE DEC 1      0.0
  SINCE JUL 1      0.0

DEGREE DAYS
 HEATING
  YESTERDAY        0                         0      0        0
  MONTH TO DATE    0                         0      0        0
  SINCE DEC 1      0                         0      0        0
  SINCE JUL 1      0                         0      0        0

 COOLING
  YESTERDAY       14                        14      0       15
  MONTH TO DATE  307                       310     -3      309
  SINCE DEC 1    307                       310     -3      309
  SINCE JAN 1   5853                      5904    -51     5870
..................................................................


WIND (MPH)
  RESULTANT WIND SPEED  10   RESULTANT WIND DIRECTION   E (90)
  HIGHEST WIND SPEED    13   HIGHEST WIND DIRECTION     E (80)
  AVERAGE WIND SPEED    10.4


SKY COVER
  AVERAGE SKY COVER 0.0


WEATHER CONDITIONS
 THE FOLLOWING WEATHER WAS RECORDED YESTERDAY.
  NO SIGNIFICANT WEATHER WAS OBSERVED.


RELATIVE HUMIDITY (PERCENT)
 HIGHEST    76
 LOWEST     62
 AVERAGE    69

..........................................................


THE CYRIL E. KING AIRPORT/USVI CLIMATE NORMALS FOR TODAY
                         NORMAL    RECORD    YEAR
 MAXIMUM TEMPERATURE (F)   85        91      1994
                                             1989
 MINIMUM TEMPERATURE (F)   73        65      1972


SUNRISE AND SUNSET
DECEMBER 22 2014......SUNRISE   648 AM AST   SUNSET   549 PM AST
DECEMBER 23 2014......SUNRISE   648 AM AST   SUNSET   550 PM AST


-  INDICATES NEGATIVE NUMBERS.
R  INDICATES RECORD WAS SET OR TIED.
MM INDICATES DATA IS MISSING.
T  INDICATES TRACE AMOUNT.




$$
