000
CDCA42 TJSJ 270435
CLIIST


CLIMATE REPORT
NATIONAL WEATHER SERVICE SAN JUAN, PR
1234 AM AST FRI MAY 27 2016


...................................

...THE CYRIL E. KING AP/ST THOMAS  CLIMATE SUMMARY FOR MAY 26 2016...

CLIMATE NORMAL PERIOD 1981 TO 2010
CLIMATE RECORD PERIOD 1953 TO 2016


WEATHER ITEM   OBSERVED TIME   RECORD YEAR NORMAL DEPARTURE LAST
                VALUE   (LST)  VALUE       VALUE  FROM      YEAR
                                                  NORMAL
..................................................................
TEMPERATURE (F)
 YESTERDAY
  MAXIMUM         88   1153 AM  94    1994  88      0       89
  MINIMUM         78    324 AM  73    2002  77      1       76
                                      1992
  AVERAGE         83                        82      1       83

PRECIPITATION (IN)
  YESTERDAY        0.03          0.56 1980   0.08  -0.05     0.02
  MONTH TO DATE    1.21                      2.66  -1.45     5.84
  SINCE MAR 1      6.48                      6.82  -0.34     8.60
  SINCE JAN 1      9.61                     10.63  -1.02    23.63

SNOWFALL (IN)
  YESTERDAY        0.0                       0.0    0.0      0.0
  MONTH TO DATE    0.0                       0.0    0.0      0.0
  SINCE MAR 1      0.0                       0.0    0.0      0.0
  SINCE JUL 1      0.0                       0.0    0.0      0.0

DEGREE DAYS
 HEATING
  YESTERDAY        0                         0      0        0
  MONTH TO DATE    0                         0      0        0
  SINCE MAR 1      0                         0      0        0
  SINCE JUL 1      0                         0      0        0

 COOLING
  YESTERDAY       18                        17      1       18
  MONTH TO DATE  486                       434     52      459
  SINCE MAR 1   1498                      1348    150     1351
  SINCE JAN 1   2213                      2162     51     2155
..................................................................


WIND (MPH)
  HIGHEST WIND SPEED    16   HIGHEST WIND DIRECTION    SE (150)
  HIGHEST GUST SPEED    20   HIGHEST GUST DIRECTION     E (90)
  AVERAGE WIND SPEED     8.5


SKY COVER
  AVERAGE SKY COVER 0.3


WEATHER CONDITIONS
 THE FOLLOWING WEATHER WAS RECORDED YESTERDAY.
  NO SIGNIFICANT WEATHER WAS OBSERVED.


RELATIVE HUMIDITY (PERCENT)
 HIGHEST    79
 LOWEST     59
 AVERAGE    69

..........................................................


THE CYRIL E. KING AP/ST THOMAS  CLIMATE NORMALS FOR TODAY
                         NORMAL    RECORD    YEAR
 MAXIMUM TEMPERATURE (F)   88        96      1995
 MINIMUM TEMPERATURE (F)   77        70      1956


SUNRISE AND SUNSET
MAY 27 2016...........SUNRISE   543 AM AST   SUNSET   651 PM AST
MAY 28 2016...........SUNRISE   543 AM AST   SUNSET   651 PM AST


-  INDICATES NEGATIVE NUMBERS.
R  INDICATES RECORD WAS SET OR TIED.
MM INDICATES DATA IS MISSING.
T  INDICATES TRACE AMOUNT.




$$
