000
CDHW43 PHFO 220226
CLIITO


CLIMATE REPORT
NATIONAL WEATHER SERVICE HONOLULU HI
426 PM HST SUN DEC 21 2014


...................................

...THE HILO HI CLIMATE SUMMARY FOR DECEMBER 21 2014...
VALID TODAY AS OF 0400 PM LOCAL TIME.

CLIMATE NORMAL PERIOD 1981 TO 2010
CLIMATE RECORD PERIOD 1946 TO 2014


WEATHER ITEM   OBSERVED TIME   RECORD YEAR NORMAL DEPARTURE LAST
                VALUE   (LST)  VALUE       VALUE  FROM      YEAR
                                                  NORMAL
..................................................................
TEMPERATURE (F)
 TODAY
  MAXIMUM         83    126 PM  90    1964  79      4       80
  MINIMUM         66    729 AM  57    1983  65      1       66
                                      1969
  AVERAGE         75                        72      3       73

PRECIPITATION (IN)
  TODAY            T             2.71 1990   0.36  -0.36     0.28
  MONTH TO DATE    4.42                      8.25  -3.83     3.40
  SINCE DEC 1      4.42                      8.25  -3.83     3.40
  SINCE JAN 1    113.56                    123.40  -9.84    85.38

SNOWFALL (IN)
  TODAY            0.0
  MONTH TO DATE    0.0
  SINCE DEC 1      0.0
  SINCE JUL 1      0.0
  SNOW DEPTH       0

DEGREE DAYS
 HEATING
  TODAY            0                         0      0        0
  MONTH TO DATE    0                         0      0        0
  SINCE DEC 1      0                         0      0        0
  SINCE JUL 1      0                         0      0        0

 COOLING
  TODAY           10                         7      3        8
  MONTH TO DATE  170                       156     14      174
  SINCE DEC 1    170                       156     14      174
  SINCE JAN 1   3580                      3163    417     3450
..................................................................


WIND (MPH)
  HIGHEST WIND SPEED    13   HIGHEST WIND DIRECTION     E (80)
  HIGHEST GUST SPEED    16   HIGHEST GUST DIRECTION     E (80)
  AVERAGE WIND SPEED     6.2


SKY COVER
  POSSIBLE SUNSHINE  MM
  AVERAGE SKY COVER 0.5


WEATHER CONDITIONS
 THE FOLLOWING WEATHER WAS RECORDED TODAY.
  LIGHT RAIN


RELATIVE HUMIDITY (PERCENT)
 HIGHEST    84          1200 AM
 LOWEST     55           200 PM
 AVERAGE    70

..........................................................


THE HILO HI CLIMATE NORMALS FOR TOMORROW
                         NORMAL    RECORD    YEAR
 MAXIMUM TEMPERATURE (F)   79        89      1980
 MINIMUM TEMPERATURE (F)   65        59      1978
                                             1975
                                             1974


SUNRISE AND SUNSET
DECEMBER 21 2014......SUNRISE   650 AM HST   SUNSET   547 PM HST
DECEMBER 22 2014......SUNRISE   651 AM HST   SUNSET   547 PM HST


-  INDICATES NEGATIVE NUMBERS.
R  INDICATES RECORD WAS SET OR TIED.
MM INDICATES DATA IS MISSING.
T  INDICATES TRACE AMOUNT.




$$
