000
CDHW43 PHFO 231245
CLIITO


CLIMATE REPORT
NATIONAL WEATHER SERVICE HONOLULU HI
245 AM HST WED AUG 23 2017


...................................

...THE HILO HI CLIMATE SUMMARY FOR AUGUST 22 2017...

CLIMATE NORMAL PERIOD 1981 TO 2010
CLIMATE RECORD PERIOD 1946 TO 2017


WEATHER ITEM   OBSERVED TIME   RECORD YEAR NORMAL DEPARTURE LAST
                VALUE   (LST)  VALUE       VALUE  FROM      YEAR
                                                  NORMAL
..................................................................
TEMPERATURE (F)
 YESTERDAY
  MAXIMUM         82    430 PM  90    2015  83     -1       79
  MINIMUM         72    710 AM  64    1980  70      2       73
                                      1956
  AVERAGE         77                        76      1       76

PRECIPITATION (IN)
  YESTERDAY        0.76          4.04 2016   0.30   0.46     4.04
  MONTH TO DATE    6.83                      7.22  -0.39     9.63
  SINCE JUN 1     16.93                     25.40  -8.47    28.18
  SINCE JAN 1     51.57                     77.31 -25.74    53.04

SNOWFALL (IN)
  YESTERDAY        0.0
  MONTH TO DATE    0.0
  SINCE JUN 1      0.0
  SINCE JUL 1      0.0
  SNOW DEPTH      MM

DEGREE DAYS
 HEATING
  YESTERDAY        0                         0      0        0
  MONTH TO DATE    0                         0      0        0
  SINCE JUN 1      0                         0      0        0
  SINCE JUL 1      0                         0      0        0

 COOLING
  YESTERDAY       12                        11      1       11
  MONTH TO DATE  273                       242     31      298
  SINCE JUN 1   1002                       891    111     1093
  SINCE JAN 1   2306                      1959    347     2639
..................................................................


WIND (MPH)
  HIGHEST WIND SPEED    16   HIGHEST WIND DIRECTION     E (80)
  HIGHEST GUST SPEED    19   HIGHEST GUST DIRECTION     E (90)
  AVERAGE WIND SPEED     5.5


SKY COVER
  POSSIBLE SUNSHINE  MM
  AVERAGE SKY COVER  MM


WEATHER CONDITIONS
 THE FOLLOWING WEATHER WAS RECORDED YESTERDAY.
  FOG


RELATIVE HUMIDITY (PERCENT)
 HIGHEST    MM
 LOWEST     MM
 AVERAGE    MM

..........................................................


THE HILO HI CLIMATE NORMALS FOR TODAY
                         NORMAL    RECORD    YEAR
 MAXIMUM TEMPERATURE (F)   83        88      2015
                                             2007
                                             1996
 MINIMUM TEMPERATURE (F)   70        64      1956


SUNRISE AND SUNSET
AUGUST 23 2017........SUNRISE   603 AM HST   SUNSET   642 PM HST
AUGUST 24 2017........SUNRISE   603 AM HST   SUNSET   642 PM HST


-  INDICATES NEGATIVE NUMBERS.
R  INDICATES RECORD WAS SET OR TIED.
MM INDICATES DATA IS MISSING.
T  INDICATES TRACE AMOUNT.




$$
