000
CDHW43 PHFO 040227
CLIITO


CLIMATE REPORT
NATIONAL WEATHER SERVICE HONOLULU HI
427 PM HST TUE MAY 3 2016


...................................

...THE HILO HI CLIMATE SUMMARY FOR MAY 3 2016...
VALID TODAY AS OF 0400 PM LOCAL TIME.

CLIMATE NORMAL PERIOD 1981 TO 2010
CLIMATE RECORD PERIOD 1946 TO 2016


WEATHER ITEM   OBSERVED TIME   RECORD YEAR NORMAL DEPARTURE LAST
                VALUE   (LST)  VALUE       VALUE  FROM      YEAR
                                                  NORMAL
..................................................................
TEMPERATURE (F)
 TODAY
  MAXIMUM         83    125 PM  85    2005  80      3       81
                                      1978
                                      1977
  MINIMUM         68    638 AM  61    1977  66      2       66
  AVERAGE         76                        73      3       74

PRECIPITATION (IN)
  TODAY            T             5.60 1965   0.32  -0.32     1.10
  MONTH TO DATE    0.46                      0.97  -0.51     1.46
  SINCE MAR 1     14.92                     25.94 -11.02    24.69
  SINCE JAN 1     19.49                     44.76 -25.27    32.78

SNOWFALL (IN)
  TODAY            0.0
  MONTH TO DATE    0.0
  SINCE MAR 1      0.0
  SINCE JUL 1      0.0
  SNOW DEPTH       0

DEGREE DAYS
 HEATING
  TODAY            0                         0      0        0
  MONTH TO DATE    0                         0      0        0
  SINCE MAR 1      0                         0      0        0
  SINCE JUL 1      0                         0      0        0

 COOLING
  TODAY           11                         8      3        9
  MONTH TO DATE   32                        24      8       24
  SINCE MAR 1    658                       451    207      552
  SINCE JAN 1   1222                       821    401     1078
..................................................................


WIND (MPH)
  HIGHEST WIND SPEED    15   HIGHEST WIND DIRECTION    NE (50)
  HIGHEST GUST SPEED    21   HIGHEST GUST DIRECTION    NE (60)
  AVERAGE WIND SPEED     6.7


SKY COVER
  POSSIBLE SUNSHINE  MM
  AVERAGE SKY COVER 0.4


WEATHER CONDITIONS
 THE FOLLOWING WEATHER WAS RECORDED TODAY.
  LIGHT RAIN


RELATIVE HUMIDITY (PERCENT)
 HIGHEST    84           200 AM
 LOWEST     55           100 PM
 AVERAGE    70

..........................................................


THE HILO HI CLIMATE NORMALS FOR TOMORROW
                         NORMAL    RECORD    YEAR
 MAXIMUM TEMPERATURE (F)   80        85      2005
                                             2003
                                             1967
 MINIMUM TEMPERATURE (F)   66        61      2006


SUNRISE AND SUNSET
MAY  3 2016...........SUNRISE   550 AM HST   SUNSET   644 PM HST
MAY  4 2016...........SUNRISE   549 AM HST   SUNSET   645 PM HST


-  INDICATES NEGATIVE NUMBERS.
R  INDICATES RECORD WAS SET OR TIED.
MM INDICATES DATA IS MISSING.
T  INDICATES TRACE AMOUNT.




$$
