000
CDHW43 PHFO 161245
CLIITO


CLIMATE REPORT
NATIONAL WEATHER SERVICE HONOLULU HI
245 AM HST MON JAN 16 2017


...................................

...THE HILO HI CLIMATE SUMMARY FOR JANUARY 15 2017...

CLIMATE NORMAL PERIOD 1981 TO 2010
CLIMATE RECORD PERIOD 1946 TO 2017


WEATHER ITEM   OBSERVED TIME   RECORD YEAR NORMAL DEPARTURE LAST
                VALUE   (LST)  VALUE       VALUE  FROM      YEAR
                                                  NORMAL
..................................................................
TEMPERATURE (F)
 YESTERDAY
  MAXIMUM         80    241 PM  88    1977  79      1       85
  MINIMUM         66   1159 PM  56    1987  64      2       61
  AVERAGE         73                        71      2       73

PRECIPITATION (IN)
  YESTERDAY        T             7.09 1960   0.28  -0.28     0.00
  MONTH TO DATE    1.21                      4.14  -2.93     0.49
  SINCE DEC 1     21.61                     15.71   5.90    14.59
  SINCE JAN 1      1.21                      4.14  -2.93     0.49

SNOWFALL (IN)
  YESTERDAY        0.0
  MONTH TO DATE    0.0
  SINCE DEC 1      0.0
  SINCE JUL 1      0.0
  SNOW DEPTH       0

DEGREE DAYS
 HEATING
  YESTERDAY        0                         0      0        0
  MONTH TO DATE    0                         0      0        0
  SINCE DEC 1      0                         0      0        0
  SINCE JUL 1      0                         0      0        0

 COOLING
  YESTERDAY        8                         6      2        8
  MONTH TO DATE   99                       101     -2      127
  SINCE DEC 1    329                       326      3      433
  SINCE JAN 1     99                       101     -2      127
..................................................................


WIND (MPH)
  HIGHEST WIND SPEED    16   HIGHEST WIND DIRECTION    SE (130)
  HIGHEST GUST SPEED    19   HIGHEST GUST DIRECTION    SE (120)
  AVERAGE WIND SPEED     7.1


SKY COVER
  POSSIBLE SUNSHINE  MM
  AVERAGE SKY COVER 0.6


WEATHER CONDITIONS
 THE FOLLOWING WEATHER WAS RECORDED YESTERDAY.
  FOG


RELATIVE HUMIDITY (PERCENT)
 HIGHEST    93           300 AM
 LOWEST     62          1000 AM
 AVERAGE    78

..........................................................


THE HILO HI CLIMATE NORMALS FOR TODAY
                         NORMAL    RECORD    YEAR
 MAXIMUM TEMPERATURE (F)   79        89      1977
 MINIMUM TEMPERATURE (F)   64        57      1985


SUNRISE AND SUNSET
JANUARY 16 2017.......SUNRISE   658 AM HST   SUNSET   603 PM HST
JANUARY 17 2017.......SUNRISE   658 AM HST   SUNSET   604 PM HST


-  INDICATES NEGATIVE NUMBERS.
R  INDICATES RECORD WAS SET OR TIED.
MM INDICATES DATA IS MISSING.
T  INDICATES TRACE AMOUNT.




$$
