000
CDHW43 PHFO 111245
CLIITO


CLIMATE REPORT
NATIONAL WEATHER SERVICE HONOLULU HI
245 AM HST FRI JUL 11 2014


...................................

...THE HILO HI CLIMATE SUMMARY FOR JULY 10 2014...

CLIMATE NORMAL PERIOD 1981 TO 2010
CLIMATE RECORD PERIOD 1946 TO 2014


WEATHER ITEM   OBSERVED TIME   RECORD YEAR NORMAL DEPARTURE LAST
                VALUE   (LST)  VALUE       VALUE  FROM      YEAR
                                                  NORMAL
..................................................................
TEMPERATURE (F)
 YESTERDAY
  MAXIMUM         82    150 PM  87    2008  83     -1       86
                                      2007
                                      1968
  MINIMUM         70    644 AM  64    1979  69      1       70
                                      1975
  AVERAGE         76                        76      0       78

PRECIPITATION (IN)
  YESTERDAY        0.05          1.58 1991   0.34  -0.29     0.09
  MONTH TO DATE    1.79                      3.19  -1.40     0.99
  SINCE JUN 1      8.36                     10.56  -2.20     5.50
  SINCE JAN 1     56.10                     62.47  -6.37    52.54

SNOWFALL (IN)
  YESTERDAY        0.0
  MONTH TO DATE    0.0
  SINCE JUN 1      0.0
  SINCE JUL 1      0.0
  SNOW DEPTH       0

DEGREE DAYS
 HEATING
  YESTERDAY        0                         0      0        0
  MONTH TO DATE    0                         0      0        0
  SINCE JUN 1      0                         0      0        0
  SINCE JUL 1      0                         0      0        0

 COOLING
  YESTERDAY       11                        11      0       13
  MONTH TO DATE   93                       110    -17      123
  SINCE JUN 1    359                       416    -57      444
  SINCE JAN 1   1615                      1484    131     1597
..................................................................


WIND (MPH)
  HIGHEST WIND SPEED    15   HIGHEST WIND DIRECTION     E (70)
  HIGHEST GUST SPEED    19   HIGHEST GUST DIRECTION     E (70)
  AVERAGE WIND SPEED     7.0


SKY COVER
  POSSIBLE SUNSHINE  MM
  AVERAGE SKY COVER 0.9


WEATHER CONDITIONS
 THE FOLLOWING WEATHER WAS RECORDED YESTERDAY.
  LIGHT RAIN
  FOG


RELATIVE HUMIDITY (PERCENT)
 HIGHEST   100          1200 AM
 LOWEST     58           100 PM
 AVERAGE    79

..........................................................


THE HILO HI CLIMATE NORMALS FOR TODAY
                         NORMAL    RECORD    YEAR
 MAXIMUM TEMPERATURE (F)   83        87      1974
 MINIMUM TEMPERATURE (F)   69        62      1970


SUNRISE AND SUNSET
JULY 11 2014..........SUNRISE   549 AM HST   SUNSET   703 PM HST
JULY 12 2014..........SUNRISE   549 AM HST   SUNSET   703 PM HST


-  INDICATES NEGATIVE NUMBERS.
R  INDICATES RECORD WAS SET OR TIED.
MM INDICATES DATA IS MISSING.
T  INDICATES TRACE AMOUNT.




$$
