000
CDHW43 PHFO 311245
CLIITO


CLIMATE REPORT
NATIONAL WEATHER SERVICE HONOLULU HI
245 AM HST SAT JAN 31 2015


...................................

...THE HILO HI CLIMATE SUMMARY FOR JANUARY 30 2015...

CLIMATE NORMAL PERIOD 1981 TO 2010
CLIMATE RECORD PERIOD 1946 TO 2015


WEATHER ITEM   OBSERVED TIME   RECORD YEAR NORMAL DEPARTURE LAST
                VALUE   (LST)  VALUE       VALUE  FROM      YEAR
                                                  NORMAL
..................................................................
TEMPERATURE (F)
 YESTERDAY
  MAXIMUM         82   1055 AM  87    1980  79      3       82
  MINIMUM         64    443 AM  58    1994  63      1       64
  AVERAGE         73                        71      2       73

PRECIPITATION (IN)
  YESTERDAY        0.00          5.17 1969   0.33  -0.33     0.19
  MONTH TO DATE    2.80                      8.93  -6.13     5.66
  SINCE DEC 1      8.90                     20.50 -11.60    25.86
  SINCE JAN 1      2.80                      8.93  -6.13     5.66

SNOWFALL (IN)
  YESTERDAY        0.0
  MONTH TO DATE    0.0
  SINCE DEC 1      0.0
  SINCE JUL 1      0.0
  SNOW DEPTH       0

DEGREE DAYS
 HEATING
  YESTERDAY        0                         0      0        0
  MONTH TO DATE    0                         0      0        0
  SINCE DEC 1      0                         0      0        0
  SINCE JUL 1      0                         0      0        0

 COOLING
  YESTERDAY        8                         6      2        8
  MONTH TO DATE  246                       191     55      203
  SINCE DEC 1    487                       416     71      450
  SINCE JAN 1    246                       191     55      203
..................................................................


WIND (MPH)
  HIGHEST WIND SPEED     9   HIGHEST WIND DIRECTION    NE (40)
  HIGHEST GUST SPEED    11   HIGHEST GUST DIRECTION    NE (50)
  AVERAGE WIND SPEED     4.6


SKY COVER
  POSSIBLE SUNSHINE  MM
  AVERAGE SKY COVER 0.6


WEATHER CONDITIONS
 THE FOLLOWING WEATHER WAS RECORDED YESTERDAY.
  NO SIGNIFICANT WEATHER WAS OBSERVED.


RELATIVE HUMIDITY (PERCENT)
 HIGHEST    84           700 PM
 LOWEST     51          1000 AM
 AVERAGE    68

..........................................................


THE HILO HI CLIMATE NORMALS FOR TODAY
                         NORMAL    RECORD    YEAR
 MAXIMUM TEMPERATURE (F)   79        87      1974
                                             1954
 MINIMUM TEMPERATURE (F)   63        57      1994


SUNRISE AND SUNSET
JANUARY 31 2015.......SUNRISE   656 AM HST   SUNSET   612 PM HST
FEBRUARY  1 2015......SUNRISE   655 AM HST   SUNSET   613 PM HST


-  INDICATES NEGATIVE NUMBERS.
R  INDICATES RECORD WAS SET OR TIED.
MM INDICATES DATA IS MISSING.
T  INDICATES TRACE AMOUNT.




$$
