000
CDUS43 KGLD 220758 RRA
CLIITR

CLIMATE REPORT
NATIONAL WEATHER SERVICE GOODLAND
156 AM MDT FRI SEP 22 2017

...................................

...THE BURLINGTON CO CLIMATE SUMMARY FOR SEPTEMBER 21 2017...

CLIMATE NORMAL PERIOD 1981 TO 2010
CLIMATE RECORD PERIOD 1896 TO 2017


WEATHER ITEM   OBSERVED TIME   RECORD YEAR NORMAL DEPARTURE LAST
                VALUE   (LST)  VALUE       VALUE  FROM      YEAR
                                                  NORMAL
..................................................................
TEMPERATURE (F)
 YESTERDAY
  MAXIMUM         95    216 PM  96    2005  76     19       90
  MINIMUM         52    548 AM  25    1983  46      6       59
  AVERAGE         74                        61     13       75

PRECIPITATION (IN)
  YESTERDAY        0.00                      0.03  -0.03     0.00
  MONTH TO DATE    0.03                      0.86  -0.83     3.20
  SINCE SEP 1      0.03                      0.86  -0.83     3.20
  SINCE JAN 1     23.33                     15.01   8.32    18.13

..................................................................


THE BURLINGTON CO CLIMATE NORMALS FOR TODAY
                         NORMAL    RECORD    YEAR
 MAXIMUM TEMPERATURE (F)   76        92      2010
                                             1944
 MINIMUM TEMPERATURE (F)   46        28      1983


-  INDICATES NEGATIVE NUMBERS.
R  INDICATES RECORD WAS SET OR TIED.
MM INDICATES DATA IS MISSING.
T  INDICATES TRACE AMOUNT.


$$
