000
CDUS44 KJAN 070639
CLIJAN


CLIMATE REPORT
NATIONAL WEATHER SERVICE JACKSON MS
1236 AM CST WED DEC 7 2016


...................................

...THE JACKSON CLIMATE SUMMARY FOR DECEMBER 6 2016...

CLIMATE NORMAL PERIOD 1981 TO 2010
CLIMATE RECORD PERIOD 1896 TO 2016


WEATHER ITEM   OBSERVED TIME   RECORD YEAR NORMAL DEPARTURE LAST
                VALUE   (LST)  VALUE       VALUE  FROM      YEAR
                                                  NORMAL
..................................................................
TEMPERATURE (F)
 YESTERDAY
  MAXIMUM         61    253 AM  84    1951  60      1       70
  MINIMUM         50   1159 PM  20    1937  39     11       40
  AVERAGE         56                        50      6       55

PRECIPITATION (IN)
  YESTERDAY        T             2.51 1971   0.18  -0.18     0.00
  MONTH TO DATE    2.99                      1.08   1.91     0.45
  SINCE DEC 1      2.99                      1.08   1.91     0.45
  SINCE JAN 1     60.64                     50.07  10.57    53.86

SNOWFALL (IN)
  YESTERDAY        0.0           T    1950   0.1   -0.1      0.0
  MONTH TO DATE    0.0                       0.1   -0.1      0.0
  SINCE DEC 1      0.0                       0.1   -0.1      0.0
  SINCE JUL 1      0.0                       0.1   -0.1      0.0

DEGREE DAYS
 HEATING
  YESTERDAY        9                        16     -7       10
  MONTH TO DATE   80                        90    -10       83
  SINCE DEC 1     80                        90    -10       83
  SINCE JUL 1    284                       498   -214      275

 COOLING
  YESTERDAY        0                         0      0        0
  MONTH TO DATE    0                         0      0        0
  SINCE DEC 1      0                         0      0        0
  SINCE JAN 1   2799                      2253    546     2746
..................................................................


WIND (MPH)
  HIGHEST WIND SPEED    23   HIGHEST WIND DIRECTION     W (260)
  HIGHEST GUST SPEED    29   HIGHEST GUST DIRECTION     W (270)
  AVERAGE WIND SPEED     7.9


SKY COVER
  POSSIBLE SUNSHINE  MM
  AVERAGE SKY COVER 0.9


WEATHER CONDITIONS
 THE FOLLOWING WEATHER WAS RECORDED YESTERDAY.
  LIGHT RAIN
  FOG
  HAZE


RELATIVE HUMIDITY (PERCENT)
 HIGHEST    90           300 AM
 LOWEST     77           300 PM
 AVERAGE    84

..........................................................


THE JACKSON CLIMATE NORMALS FOR TODAY
                         NORMAL    RECORD    YEAR
 MAXIMUM TEMPERATURE (F)   60        84      1978
 MINIMUM TEMPERATURE (F)   39        14      1937


SUNRISE AND SUNSET
DECEMBER  7 2016......SUNRISE   649 AM CST   SUNSET   455 PM CST
DECEMBER  8 2016......SUNRISE   650 AM CST   SUNSET   455 PM CST


-  INDICATES NEGATIVE NUMBERS.
R  INDICATES RECORD WAS SET OR TIED.
MM INDICATES DATA IS MISSING.
T  INDICATES TRACE AMOUNT.


&&

AT 1 AM:

THE PEARL RIVER STAGE AT JACKSON WAS 4.9 FEET. THE RIVER FELL 3.1 FEET
OVER THE PAST 24 HOURS.

THE MISSISSIPPI RIVER STAGE AT VICKSBURG WAS 10.2 FEET. THE RIVER ROSE
0.8 FOOT OVER THE PAST 24 HOURS.


$$
