000
CDUS44 KJAN 292116
CLIJAN


CLIMATE REPORT
NATIONAL WEATHER SERVICE JACKSON MS
415 PM CDT FRI AUG 29 2014


...................................

...THE JACKSON CLIMATE SUMMARY FOR AUGUST 29 2014...
VALID TODAY AS OF 0400 PM LOCAL TIME.

CLIMATE NORMAL PERIOD 1981 TO 2010
CLIMATE RECORD PERIOD 1896 TO 2014


WEATHER ITEM   OBSERVED TIME   RECORD YEAR NORMAL DEPARTURE LAST
                VALUE   (LST)  VALUE       VALUE  FROM      YEAR
                                                  NORMAL
..................................................................
TEMPERATURE (F)
 TODAY
  MAXIMUM         94    115 PM 104    2000  91      3       93
                                      1924
  MINIMUM         73    541 AM  55    1992  70      3       66
  AVERAGE         84                        80      4       80

PRECIPITATION (IN)
  TODAY            0.00          3.90 2005   0.11  -0.11     0.00
  MONTH TO DATE    3.20                      4.02  -0.82     2.96
  SINCE JUN 1     11.77                     12.95  -1.18    10.60
  SINCE JAN 1     43.37                     37.06   6.31    43.66

SNOWFALL (IN)
  TODAY            0.0           0.0  2002   0.0    0.0      0.0
                                      2001
  MONTH TO DATE    0.0                       0.0    0.0      0.0
  SINCE JUN 1      0.0                       0.0    0.0      0.0
  SINCE JUL 1      0.0                       0.0    0.0      0.0

DEGREE DAYS
 HEATING
  TODAY            0                         0      0        0
  MONTH TO DATE    0                         0      0        0
  SINCE JUN 1      0                         0      0        0
  SINCE JUL 1      0                         0      0        0

 COOLING
  TODAY           19                        15      4       15
  MONTH TO DATE  486                       477      9      488
  SINCE JUN 1   1369                      1414    -45     1411
  SINCE JAN 1   1700                      1772    -72     1729
..................................................................


WIND (MPH)
  HIGHEST WIND SPEED    13   HIGHEST WIND DIRECTION    SE (140)
  HIGHEST GUST SPEED    17   HIGHEST GUST DIRECTION    SE (150)
  AVERAGE WIND SPEED     3.9


SKY COVER
  POSSIBLE SUNSHINE  MM
  AVERAGE SKY COVER 0.4


WEATHER CONDITIONS
 THE FOLLOWING WEATHER WAS RECORDED TODAY.
  NO SIGNIFICANT WEATHER WAS OBSERVED.


RELATIVE HUMIDITY (PERCENT)
 HIGHEST    93           400 AM
 LOWEST     39           300 PM
 AVERAGE    66

..........................................................


THE JACKSON CLIMATE NORMALS FOR TOMORROW
                         NORMAL    RECORD    YEAR
 MAXIMUM TEMPERATURE (F)   91       107      2000
 MINIMUM TEMPERATURE (F)   70        56      1992
                                             1986


SUNRISE AND SUNSET
AUGUST 29 2014........SUNRISE   634 AM CDT   SUNSET   728 PM CDT
AUGUST 30 2014........SUNRISE   634 AM CDT   SUNSET   727 PM CDT


-  INDICATES NEGATIVE NUMBERS.
R  INDICATES RECORD WAS SET OR TIED.
MM INDICATES DATA IS MISSING.
T  INDICATES TRACE AMOUNT.

&&

AT 4 PM:

THE PEARL RIVER STAGE AT JACKSON WAS 3.7 FEET. THE RIVER HAS
REMAINED STEADY OVER THE PAST 24 HOURS.

THE MISSISSIPPI RIVER STAGE AT VICKSBURG WAS 14.0 FEET. THE RIVER
HAS RISEN 0.3 FEET OVER THE PAST 24 HOURS.

THE AIR QUALITY INDEX AT JACKSON IS 68...WHICH IS MODERATE.


$$
