118
CDUS44 KJAN 220852
CLIJAN


CLIMATE REPORT
NATIONAL WEATHER SERVICE JACKSON MS
348 AM CDT FRI MAY 22 2015


...................................

...THE JACKSON CLIMATE SUMMARY FOR MAY 21 2015...

CLIMATE NORMAL PERIOD 1981 TO 2010
CLIMATE RECORD PERIOD 1896 TO 2015


WEATHER ITEM   OBSERVED TIME   RECORD YEAR NORMAL DEPARTURE LAST
                VALUE   (LST)  VALUE       VALUE  FROM      YEAR
                                                  NORMAL
..................................................................
TEMPERATURE (F)
 YESTERDAY
  MAXIMUM         78   1001 AM  97    1902  84     -6       88
  MINIMUM         56   1159 PM  45    1981  63     -7       66
  AVERAGE         67                        74     -7       77

PRECIPITATION (IN)
  YESTERDAY        0.00          3.07 1967   0.14  -0.14     0.00
  MONTH TO DATE    2.28                      2.96  -0.68     2.60
  SINCE MAR 1     13.30                     12.96   0.34    20.77
  SINCE JAN 1     23.50                     22.69   0.81    27.82

SNOWFALL (IN)
  YESTERDAY        0.0           0.0    MM   0.0    0.0      0.0
  MONTH TO DATE    0.0                       0.0    0.0      0.0
  SINCE MAR 1      0.3                       0.1    0.2       T
  SINCE JUL 1      0.3                       0.8   -0.5      0.8

DEGREE DAYS
 HEATING
  YESTERDAY        0                         0      0        0
  MONTH TO DATE    2                        10     -8       20
  SINCE MAR 1    227                       397   -170      478
  SINCE JUL 1   2353                      2389    -36     2744

 COOLING
  YESTERDAY        2                         9     -7       12
  MONTH TO DATE  170                       138     32      132
  SINCE MAR 1    346                       246    100      215
  SINCE JAN 1    346                       256     90      221
..................................................................


WIND (MPH)
  HIGHEST WIND SPEED    17   HIGHEST WIND DIRECTION     N (350)
  HIGHEST GUST SPEED    22   HIGHEST GUST DIRECTION     N (340)
  AVERAGE WIND SPEED     8.6


SKY COVER
  POSSIBLE SUNSHINE  MM
  AVERAGE SKY COVER 0.7


WEATHER CONDITIONS
 THE FOLLOWING WEATHER WAS RECORDED YESTERDAY.
  FOG


RELATIVE HUMIDITY (PERCENT)
 HIGHEST   100           200 AM
 LOWEST     73           500 PM
 AVERAGE    87

..........................................................


THE JACKSON CLIMATE NORMALS FOR TODAY
                         NORMAL    RECORD    YEAR
 MAXIMUM TEMPERATURE (F)   85        98      1902
 MINIMUM TEMPERATURE (F)   63        46      1993


SUNRISE AND SUNSET
MAY 22 2015...........SUNRISE   558 AM CDT   SUNSET   756 PM CDT
MAY 23 2015...........SUNRISE   558 AM CDT   SUNSET   757 PM CDT


-  INDICATES NEGATIVE NUMBERS.
R  INDICATES RECORD WAS SET OR TIED.
MM INDICATES DATA IS MISSING.
T  INDICATES TRACE AMOUNT.

&&

AT 4 AM:

THE PEARL RIVER STAGE AT JACKSON WAS 6.4 FEET. THE RIVER HAS FALLEN 0.4 FEET
OVER THE LAST 24 HOURS.

THE MISSISSIPPI RIVER STAGE AT VICKSBURG WAS 30.3 FEET. THE RIVER HAS FALLEN
0.1 FEET OVER THE LAST 24 HOURS.



$$
