000
CDUS44 KJAN 260755
CLIJAN


CLIMATE REPORT
NATIONAL WEATHER SERVICE JACKSON MS
253 AM CDT THU MAY 26 2016


...................................

...THE JACKSON CLIMATE SUMMARY FOR MAY 25 2016...

CLIMATE NORMAL PERIOD 1981 TO 2010
CLIMATE RECORD PERIOD 1896 TO 2016


WEATHER ITEM   OBSERVED TIME   RECORD YEAR NORMAL DEPARTURE LAST
                VALUE   (LST)  VALUE       VALUE  FROM      YEAR
                                                  NORMAL
..................................................................
TEMPERATURE (F)
 YESTERDAY
  MAXIMUM         89    444 PM  97    1902  85      4       84
  MINIMUM         67    516 AM  46    1979  64      3       69
  AVERAGE         78                        75      3       77

PRECIPITATION (IN)
  YESTERDAY        0.01          2.70 1948   0.14  -0.13     0.16
  MONTH TO DATE    1.31                      3.52  -2.21     4.18
  SINCE MAR 1     20.80                     13.52   7.28    15.20
  SINCE JAN 1     32.40                     23.25   9.15    25.40

SNOWFALL (IN)
  YESTERDAY        0.0           0.0    MM   0.0    0.0      0.0
  MONTH TO DATE    0.0                       0.0    0.0      0.0
  SINCE MAR 1      0.0                       0.1   -0.1      0.3
  SINCE JUL 1      T                         0.8   -0.8      0.3

DEGREE DAYS
 HEATING
  YESTERDAY        0                         0      0        0
  MONTH TO DATE    7                        10     -3        2
  SINCE MAR 1    196                       397   -201      227
  SINCE JUL 1   1587                      2389   -802     2353

 COOLING
  YESTERDAY       13                        10      3       12
  MONTH TO DATE  145                       176    -31      203
  SINCE MAR 1    295                       284     11      379
  SINCE JAN 1    304                       294     10      379
..................................................................


WIND (MPH)
  HIGHEST WIND SPEED    28   HIGHEST WIND DIRECTION     S (160)
  HIGHEST GUST SPEED    34   HIGHEST GUST DIRECTION     S (160)
  AVERAGE WIND SPEED     8.8


SKY COVER
  POSSIBLE SUNSHINE  MM
  AVERAGE SKY COVER 0.5


WEATHER CONDITIONS
 THE FOLLOWING WEATHER WAS RECORDED YESTERDAY.
  THUNDERSTORM
  LIGHT RAIN
  FOG


RELATIVE HUMIDITY (PERCENT)
 HIGHEST    90           600 AM
 LOWEST     50           100 PM
 AVERAGE    70

..........................................................


THE JACKSON CLIMATE NORMALS FOR TODAY
                         NORMAL    RECORD    YEAR
 MAXIMUM TEMPERATURE (F)   86        99      1964
 MINIMUM TEMPERATURE (F)   65        44      1979


SUNRISE AND SUNSET
MAY 26 2016...........SUNRISE   556 AM CDT   SUNSET   759 PM CDT
MAY 27 2016...........SUNRISE   556 AM CDT   SUNSET   800 PM CDT


-  INDICATES NEGATIVE NUMBERS.
R  INDICATES RECORD WAS SET OR TIED.
MM INDICATES DATA IS MISSING.
T  INDICATES TRACE AMOUNT.

AT 2 AM...

THE PEARL RIVER STAGE AT JACKSON WAS 3.8 FEET. THE RIVER WAS UNCHANGED
OVER THE PAST 24 HOURS.

THE MISSISSIPPI RIVER STAGE AT VICKSBURG WAS 35.3 FEET. THE RIVER
FELL 0.7 FEET OVER THE PAST 24 HOURS.


$$
