000
CDUS42 KJAX 190626
CLIJAX


CLIMATE REPORT
NATIONAL WEATHER SERVICE JACKSONVILLE FL
126 AM EST FRI JAN 19 2018


...................................

...THE JACKSONVILLE CLIMATE SUMMARY FOR JANUARY 18 2018...

CLIMATE NORMAL PERIOD 1981 TO 2010
CLIMATE RECORD PERIOD 1871 TO 2018


WEATHER ITEM   OBSERVED TIME   RECORD YEAR NORMAL DEPARTURE LAST
                VALUE   (LST)  VALUE       VALUE  FROM      YEAR
                                                  NORMAL
..................................................................
TEMPERATURE (F)
 YESTERDAY
  MAXIMUM         52        MM  83    1937  65    -13       80
  MINIMUM         25        MM  21    1977  41    -16       49
  AVERAGE         39                        53    -14       65

PRECIPITATION (IN)
  YESTERDAY        0.00          0.62 1941   0.11  -0.11     0.00
  MONTH TO DATE    1.43                      1.80  -0.37     2.52
  SINCE DEC 1      3.85                      4.60  -0.75     4.81
  SINCE JAN 1      1.43                      1.80  -0.37     2.52

SNOWFALL (IN)
  YESTERDAY        0.0           T    1977   0.0    0.0      0.0
  MONTH TO DATE    0.0                       0.0    0.0      0.0
  SINCE DEC 1      0.0                       T      0.0      0.0
  SINCE JUL 1      0.0                       T      0.0      0.0
  SNOW DEPTH       0

DEGREE DAYS
 HEATING
  YESTERDAY       26                        12     14        0
  MONTH TO DATE  317                       229     88      103
  SINCE DEC 1    567                       552     15      283
  SINCE JUL 1    663                       725    -62      413

 COOLING
  YESTERDAY        0                         0      0        0
  MONTH TO DATE    9                         0      9       16
  SINCE DEC 1     53                        21     32       59
  SINCE JAN 1      9                         0      9       16
..................................................................


WIND (MPH)
  HIGHEST WIND SPEED    13   HIGHEST WIND DIRECTION     N (350)
  HIGHEST GUST SPEED    18   HIGHEST GUST DIRECTION     N (350)
  AVERAGE WIND SPEED     6.2


SKY COVER
  POSSIBLE SUNSHINE  MM
  AVERAGE SKY COVER 0.0


WEATHER CONDITIONS
 THE FOLLOWING WEATHER WAS RECORDED YESTERDAY.
  NO SIGNIFICANT WEATHER WAS OBSERVED.


RELATIVE HUMIDITY (PERCENT)
 HIGHEST    72          1100 PM
 LOWEST     19           400 PM
 AVERAGE    46

..........................................................


THE JACKSONVILLE CLIMATE NORMALS FOR TODAY
                         NORMAL    RECORD    YEAR
 MAXIMUM TEMPERATURE (F)   65        83      2001
                                             1937
 MINIMUM TEMPERATURE (F)   41        19      1977


SUNRISE AND SUNSET
JANUARY 19 2018.......SUNRISE   724 AM EST   SUNSET   552 PM EST
JANUARY 20 2018.......SUNRISE   723 AM EST   SUNSET   553 PM EST


-  INDICATES NEGATIVE NUMBERS.
R  INDICATES RECORD WAS SET OR TIED.
MM INDICATES DATA IS MISSING.
T  INDICATES TRACE AMOUNT.




$$
