788
CDUS42 KJAX 230527
CLIJAX


CLIMATE REPORT
NATIONAL WEATHER SERVICE JACKSONVILLE FL
127 AM EDT MON OCT 23 2017


...................................

...THE JACKSONVILLE CLIMATE SUMMARY FOR OCTOBER 22 2017...

CLIMATE NORMAL PERIOD 1981 TO 2010
CLIMATE RECORD PERIOD 1871 TO 2017


WEATHER ITEM   OBSERVED TIME   RECORD YEAR NORMAL DEPARTURE LAST
                VALUE   (LST)  VALUE       VALUE  FROM      YEAR
                                                  NORMAL
..................................................................
TEMPERATURE (F)
 YESTERDAY
  MAXIMUM         88   1227 PM  92    2006  79      9       72
  MINIMUM         73    700 AM  39    2011  58     15       47
                                      1976
  AVERAGE         81                        69     12       60

PRECIPITATION (IN)
  YESTERDAY        T             5.26 1933   0.09  -0.09     0.00
  MONTH TO DATE    3.98                      3.24   0.74     9.51
  SINCE SEP 1     17.31                     11.43   5.88    13.87
  SINCE JAN 1     65.05                     46.79  18.26    36.21

SNOWFALL (IN)
  YESTERDAY        0.0           0.0  2002   0.0    0.0      0.0
                                      2001
  MONTH TO DATE    0.0                       0.0    0.0      0.0
  SINCE SEP 1      0.0                       0.0    0.0      0.0
  SINCE JUL 1      0.0                       0.0    0.0      0.0
  SNOW DEPTH       0

DEGREE DAYS
 HEATING
  YESTERDAY        0                         1     -1        5
  MONTH TO DATE    0                        10    -10        5
  SINCE SEP 1      0                        10    -10        5
  SINCE JUL 1      0                        10    -10        5

 COOLING
  YESTERDAY       16                         5     11        0
  MONTH TO DATE  294                       161    133      186
  SINCE SEP 1    719                       557    162      615
  SINCE JAN 1   2920                      2547    373     2851
..................................................................


WIND (MPH)
  HIGHEST WIND SPEED    21   HIGHEST WIND DIRECTION    SE (130)
  HIGHEST GUST SPEED    25   HIGHEST GUST DIRECTION    SE (130)
  AVERAGE WIND SPEED     9.0


SKY COVER
  POSSIBLE SUNSHINE  MM
  AVERAGE SKY COVER 0.8


WEATHER CONDITIONS
 THE FOLLOWING WEATHER WAS RECORDED YESTERDAY.
  NO SIGNIFICANT WEATHER WAS OBSERVED.


RELATIVE HUMIDITY (PERCENT)
 HIGHEST    93           200 AM
 LOWEST     59          1200 PM
 AVERAGE    76

..........................................................


THE JACKSONVILLE CLIMATE NORMALS FOR TODAY
                         NORMAL    RECORD    YEAR
 MAXIMUM TEMPERATURE (F)   79        88      2007
                                             1981
 MINIMUM TEMPERATURE (F)   58        40      1976


SUNRISE AND SUNSET
OCTOBER 23 2017.......SUNRISE   735 AM EDT   SUNSET   647 PM EDT
OCTOBER 24 2017.......SUNRISE   735 AM EDT   SUNSET   646 PM EDT


-  INDICATES NEGATIVE NUMBERS.
R  INDICATES RECORD WAS SET OR TIED.
MM INDICATES DATA IS MISSING.
T  INDICATES TRACE AMOUNT.




$$
