000
CDUS42 KJAX 290527
CLIJAX


CLIMATE REPORT
NATIONAL WEATHER SERVICE JACKSONVILLE FL
126 AM EDT WED MAR 29 2017


...................................

...THE JACKSONVILLE CLIMATE SUMMARY FOR MARCH 28 2017...

CLIMATE NORMAL PERIOD 1981 TO 2010
CLIMATE RECORD PERIOD 1871 TO 2017


WEATHER ITEM   OBSERVED TIME   RECORD YEAR NORMAL DEPARTURE LAST
                VALUE   (LST)  VALUE       VALUE  FROM      YEAR
                                                  NORMAL
..................................................................
TEMPERATURE (F)
 YESTERDAY
  MAXIMUM         87    232 PM  89    2009  76     11       84
                                      1994
  MINIMUM         58    653 AM  35    2013  52      6       63
  AVERAGE         73                        64      9       74

PRECIPITATION (IN)
  YESTERDAY        0.00          7.12 1970   0.12  -0.12     0.00
  MONTH TO DATE    1.06                      3.59  -2.53     1.77
  SINCE MAR 1      1.06                      3.59  -2.53     1.77
  SINCE JAN 1      6.46                     10.08  -3.62     9.42

SNOWFALL (IN)
  YESTERDAY        0.0           T    1955   0.0    0.0      0.0
  MONTH TO DATE    0.0                       0.0    0.0      0.0
  SINCE MAR 1      0.0                       0.0    0.0      0.0
  SINCE JUL 1      0.0                       T      0.0      0.0
  SNOW DEPTH       0

DEGREE DAYS
 HEATING
  YESTERDAY        0                         3     -3        0
  MONTH TO DATE  158                       147     11       73
  SINCE MAR 1    158                       147     11       73
  SINCE JUL 1    761                      1280   -519      921

 COOLING
  YESTERDAY        8                         2      6        9
  MONTH TO DATE   49                        48      1      106
  SINCE MAR 1     49                        48      1      106
  SINCE JAN 1    121                        77     44      130
..................................................................


WIND (MPH)
  HIGHEST WIND SPEED    15   HIGHEST WIND DIRECTION     W (260)
  HIGHEST GUST SPEED    20   HIGHEST GUST DIRECTION     W (270)
  AVERAGE WIND SPEED     4.5


SKY COVER
  POSSIBLE SUNSHINE  MM
  AVERAGE SKY COVER 0.4


WEATHER CONDITIONS
 THE FOLLOWING WEATHER WAS RECORDED YESTERDAY.
  NO SIGNIFICANT WEATHER WAS OBSERVED.


RELATIVE HUMIDITY (PERCENT)
 HIGHEST   100           400 AM
 LOWEST     34           200 PM
 AVERAGE    67

..........................................................


THE JACKSONVILLE CLIMATE NORMALS FOR TODAY
                         NORMAL    RECORD    YEAR
 MAXIMUM TEMPERATURE (F)   76        89      1991
                                             1907
 MINIMUM TEMPERATURE (F)   52        34      1955


SUNRISE AND SUNSET
MARCH 29 2017.........SUNRISE   719 AM EDT   SUNSET   744 PM EDT
MARCH 30 2017.........SUNRISE   718 AM EDT   SUNSET   745 PM EDT


-  INDICATES NEGATIVE NUMBERS.
R  INDICATES RECORD WAS SET OR TIED.
MM INDICATES DATA IS MISSING.
T  INDICATES TRACE AMOUNT.




$$
