000
CDUS42 KJAX 010533
CLIJAX


CLIMATE REPORT
NATIONAL WEATHER SERVICE JACKSONVILLE FL
132 AM EDT SUN MAY 1 2016


...................................

...THE JACKSONVILLE CLIMATE SUMMARY FOR APRIL 30 2016...

CLIMATE NORMAL PERIOD 1981 TO 2010
CLIMATE RECORD PERIOD 1871 TO 2016


WEATHER ITEM   OBSERVED TIME   RECORD YEAR NORMAL DEPARTURE LAST
                VALUE   (LST)  VALUE       VALUE  FROM      YEAR
                                                  NORMAL
..................................................................
TEMPERATURE (F)
 YESTERDAY
  MAXIMUM         87    242 PM  93    1991  82      5       79
                                      1990
  MINIMUM         65    551 AM  42    1874  58      7       57
  AVERAGE         76                        70      6       68

PRECIPITATION (IN)
  YESTERDAY        0.00          2.39 1912   0.07  -0.07     0.00
  MONTH TO DATE    2.69                      2.64   0.05     2.67
  SINCE MAR 1      4.52                      6.59  -2.07     4.96
  SINCE JAN 1     12.17                     13.08  -0.91    11.36

SNOWFALL (IN)
  YESTERDAY        0.0           0.0  2002   0.0    0.0      0.0
                                      2001
  MONTH TO DATE    0.0                       0.0    0.0      0.0
  SINCE MAR 1      0.0                       T      0.0      0.0
  SINCE JUL 1      0.0                       T      0.0       T
  SNOW DEPTH       0

DEGREE DAYS
 HEATING
  YESTERDAY        0                         1     -1        0
  MONTH TO DATE   21                        56    -35        0
  SINCE MAR 1     95                       211   -116       87
  SINCE JUL 1    943                      1344   -401     1335

 COOLING
  YESTERDAY       11                         6      5        3
  MONTH TO DATE  134                       113     21      220
  SINCE MAR 1    252                       167     85      323
  SINCE JAN 1    276                       196     80      336
..................................................................


WIND (MPH)
  HIGHEST WIND SPEED    20   HIGHEST WIND DIRECTION     E (110)
  HIGHEST GUST SPEED    24   HIGHEST GUST DIRECTION    SE (120)
  AVERAGE WIND SPEED     8.3


SKY COVER
  POSSIBLE SUNSHINE  MM
  AVERAGE SKY COVER 0.5


WEATHER CONDITIONS
 THE FOLLOWING WEATHER WAS RECORDED YESTERDAY.
  FOG
  HAZE


RELATIVE HUMIDITY (PERCENT)
 HIGHEST   100           400 AM
 LOWEST     48          1200 PM
 AVERAGE    74

..........................................................


THE JACKSONVILLE CLIMATE NORMALS FOR TODAY
                         NORMAL    RECORD    YEAR
 MAXIMUM TEMPERATURE (F)   82        96      1990
 MINIMUM TEMPERATURE (F)   58        47      2000


SUNRISE AND SUNSET
MAY  1 2016...........SUNRISE   643 AM EDT   SUNSET   805 PM EDT
MAY  2 2016...........SUNRISE   642 AM EDT   SUNSET   806 PM EDT


-  INDICATES NEGATIVE NUMBERS.
R  INDICATES RECORD WAS SET OR TIED.
MM INDICATES DATA IS MISSING.
T  INDICATES TRACE AMOUNT.




$$
