000
CDUS44 KMEG 210733
CLIJBR


CLIMATE REPORT
NATIONAL WEATHER SERVICE MEMPHIS TN
132 AM CST WED FEB 21 2018


...................................

...THE JONESBORO CLIMATE SUMMARY FOR FEBRUARY 20 2018...

CLIMATE NORMAL PERIOD 1981 TO 2010
CLIMATE RECORD PERIOD 1897 TO 2018


WEATHER ITEM   OBSERVED TIME   RECORD YEAR NORMAL DEPARTURE LAST
                VALUE   (LST)  VALUE       VALUE  FROM      YEAR
                                                  NORMAL
..................................................................
TEMPERATURE (F)
 YESTERDAY
  MAXIMUM         76    236 PM  77    2017  52     24       77
                                      1986
  MINIMUM         59   1159 PM  13    1958  33     26       50
  AVERAGE         68                        43     25       64

PRECIPITATION (IN)
  YESTERDAY        1.12          1.63 1954   0.15   0.97     0.02
  MONTH TO DATE    4.18                      2.65   1.53     0.79
  SINCE DEC 1     11.81                     10.85   0.96     8.95
  SINCE JAN 1      6.69                      6.08   0.61     4.49

DEGREE DAYS
 HEATING
  YESTERDAY        0                        22    -22        1
  MONTH TO DATE  444                       491    -47      321
  SINCE DEC 1   2129                      2137     -8     1708
  SINCE JUL 1   2673                      2787   -114     2057

 COOLING
  YESTERDAY        3                         0      3        0
  MONTH TO DATE    5                         0      5        3
  SINCE DEC 1      5                         0      5        3
  SINCE JAN 1      5                         0      5        3
..................................................................


WIND (MPH)
  HIGHEST WIND SPEED    26   HIGHEST WIND DIRECTION     S (170)
  HIGHEST GUST SPEED    33   HIGHEST GUST DIRECTION     S (170)
  AVERAGE WIND SPEED    15.8


SKY COVER
  POSSIBLE SUNSHINE  MM
  AVERAGE SKY COVER 0.7


WEATHER CONDITIONS
 THE FOLLOWING WEATHER WAS RECORDED YESTERDAY.
  THUNDERSTORM
  HEAVY RAIN
  LIGHT RAIN
  FOG


RELATIVE HUMIDITY (PERCENT)
 HIGHEST   100          1100 PM
 LOWEST     74           200 PM
 AVERAGE    87

..........................................................


THE JONESBORO CLIMATE NORMALS FOR TODAY
                         NORMAL    RECORD    YEAR
 MAXIMUM TEMPERATURE (F)   53        78      1922
 MINIMUM TEMPERATURE (F)   33        12      1963


SUNRISE AND SUNSET
FEBRUARY 21 2018......SUNRISE   643 AM CST   SUNSET   550 PM CST
FEBRUARY 22 2018......SUNRISE   641 AM CST   SUNSET   551 PM CST


-  INDICATES NEGATIVE NUMBERS.
R  INDICATES RECORD WAS SET OR TIED.
MM INDICATES DATA IS MISSING.
T  INDICATES TRACE AMOUNT.




$$
