000
CDUS44 KMEG 242149
CLIJBR


CLIMATE REPORT
NATIONAL WEATHER SERVICE MEMPHIS TN
448 PM CDT WED AUG 24 2016


...................................

...THE JONESBORO CLIMATE SUMMARY FOR AUGUST 24 2016...
VALID TODAY AS OF 0400 PM LOCAL TIME.

CLIMATE NORMAL PERIOD 1981 TO 2010
CLIMATE RECORD PERIOD 1897 TO 2016


WEATHER ITEM   OBSERVED TIME   RECORD YEAR NORMAL DEPARTURE LAST
                VALUE   (LST)  VALUE       VALUE  FROM      YEAR
                                                  NORMAL
..................................................................
TEMPERATURE (F)
 TODAY
  MAXIMUM         91    344 PM 103    1943  89      2       78
  MINIMUM         72    549 AM  55    1916  69      3       61
  AVERAGE         82                        79      3       70

PRECIPITATION (IN)
  TODAY            0.00          1.80 1950   0.08  -0.08     0.00
  MONTH TO DATE    5.19                      1.95   3.24     5.62
  SINCE JUN 1      8.58                      9.24  -0.66    14.31
  SINCE JAN 1     41.01                     30.52  10.49    40.09

SNOWFALL (IN)
  TODAY            0.0

DEGREE DAYS
 HEATING
  TODAY            0                         0      0        0
  MONTH TO DATE    0                         0      0        0
  SINCE JUN 1      0                         1     -1        0
  SINCE JUL 1      0                         0      0        0

 COOLING
  TODAY           17                        14      3        5
  MONTH TO DATE  375                       368      7      282
  SINCE JUN 1   1428                      1242    186     1244
  SINCE JAN 1   1627                      1455    172     1419
..................................................................


WIND (MPH)
  HIGHEST WIND SPEED    20   HIGHEST WIND DIRECTION     S (200)
  HIGHEST GUST SPEED    25   HIGHEST GUST DIRECTION    SW (220)
  AVERAGE WIND SPEED     8.0


SKY COVER
  POSSIBLE SUNSHINE  MM
  AVERAGE SKY COVER 0.0


WEATHER CONDITIONS
 THE FOLLOWING WEATHER WAS RECORDED TODAY.
  NO SIGNIFICANT WEATHER WAS OBSERVED.


RELATIVE HUMIDITY (PERCENT)
 HIGHEST    93          1200 AM
 LOWEST     64          1200 PM
 AVERAGE    79

..........................................................


THE JONESBORO CLIMATE NORMALS FOR TOMORROW
                         NORMAL    RECORD    YEAR
 MAXIMUM TEMPERATURE (F)   89       104      1943
 MINIMUM TEMPERATURE (F)   69        55      1917


SUNRISE AND SUNSET
AUGUST 24 2016........SUNRISE   629 AM CDT   SUNSET   740 PM CDT
AUGUST 25 2016........SUNRISE   630 AM CDT   SUNSET   739 PM CDT


-  INDICATES NEGATIVE NUMBERS.
R  INDICATES RECORD WAS SET OR TIED.
MM INDICATES DATA IS MISSING.
T  INDICATES TRACE AMOUNT.




$$
