000
CDUS44 KMEG 260638
CLIJBR


CLIMATE REPORT
NATIONAL WEATHER SERVICE MEMPHIS TN
137 AM CDT SUN MAR 26 2017


...................................

...THE JONESBORO CLIMATE SUMMARY FOR MARCH 25 2017...

CLIMATE NORMAL PERIOD 1981 TO 2010
CLIMATE RECORD PERIOD 1897 TO 2017


WEATHER ITEM   OBSERVED TIME   RECORD YEAR NORMAL DEPARTURE LAST
                VALUE   (LST)  VALUE       VALUE  FROM      YEAR
                                                  NORMAL
..................................................................
TEMPERATURE (F)
 YESTERDAY
  MAXIMUM         70    219 PM  89    1910  63      7       48
  MINIMUM         56   1159 PM  21    1950  43     13       39
  AVERAGE         63                        53     10       44

PRECIPITATION (IN)
  YESTERDAY        1.59          2.40 1913   0.16   1.43     0.00
  MONTH TO DATE    5.78                      3.58   2.20     7.83
  SINCE MAR 1      5.78                      3.58   2.20     7.83
  SINCE JAN 1     11.39                     10.73   0.66    11.76

DEGREE DAYS
 HEATING
  YESTERDAY        2                        12    -10       21
  MONTH TO DATE  345                       397    -52      295
  SINCE MAR 1    345                       397    -52      295
  SINCE JUL 1   2478                      3353   -875     2784

 COOLING
  YESTERDAY        0                         0      0        0
  MONTH TO DATE    4                         0      4        3
  SINCE MAR 1      4                         0      4        3
  SINCE JAN 1      8                         0      8        3
..................................................................


WIND (MPH)
  HIGHEST WIND SPEED    33   HIGHEST WIND DIRECTION     W (280)
  HIGHEST GUST SPEED    48   HIGHEST GUST DIRECTION     W (280)
  AVERAGE WIND SPEED    11.9


SKY COVER
  POSSIBLE SUNSHINE  MM
  AVERAGE SKY COVER 0.9


WEATHER CONDITIONS
 THE FOLLOWING WEATHER WAS RECORDED YESTERDAY.
  THUNDERSTORM
  HEAVY RAIN
  RAIN
  LIGHT RAIN
  FOG


RELATIVE HUMIDITY (PERCENT)
 HIGHEST   100           300 AM
 LOWEST     58           400 PM
 AVERAGE    79

..........................................................


THE JONESBORO CLIMATE NORMALS FOR TODAY
                         NORMAL    RECORD    YEAR
 MAXIMUM TEMPERATURE (F)   64        87      1910
 MINIMUM TEMPERATURE (F)   43        14      1955


SUNRISE AND SUNSET
MARCH 26 2017.........SUNRISE   657 AM CDT   SUNSET   720 PM CDT
MARCH 27 2017.........SUNRISE   656 AM CDT   SUNSET   720 PM CDT


-  INDICATES NEGATIVE NUMBERS.
R  INDICATES RECORD WAS SET OR TIED.
MM INDICATES DATA IS MISSING.
T  INDICATES TRACE AMOUNT.




$$
