000
CDUS44 KMEG 280637
CLIJBR


CLIMATE REPORT
NATIONAL WEATHER SERVICE MEMPHIS TN
136 AM CDT WED JUN 28 2017


...................................

...THE JONESBORO CLIMATE SUMMARY FOR JUNE 27 2017...

CLIMATE NORMAL PERIOD 1981 TO 2010
CLIMATE RECORD PERIOD 1897 TO 2017


WEATHER ITEM   OBSERVED TIME   RECORD YEAR NORMAL DEPARTURE LAST
                VALUE   (LST)  VALUE       VALUE  FROM      YEAR
                                                  NORMAL
..................................................................
TEMPERATURE (F)
 YESTERDAY
  MAXIMUM         83    446 PM 108    1901  91     -8       91
  MINIMUM         65    700 AM  55    1974  69     -4       74
  AVERAGE         74                        80     -6       83

PRECIPITATION (IN)
  YESTERDAY        T             2.07 1898   0.16  -0.16      T
  MONTH TO DATE    2.54                      3.23  -0.69     0.54
  SINCE JUN 1      2.54                      3.23  -0.69     0.54
  SINCE JAN 1     29.73                     24.51   5.22    32.97

DEGREE DAYS
 HEATING
  YESTERDAY        0                         0      0        0
  MONTH TO DATE    0                         0      0        0
  SINCE JUN 1      0                         0      0        0
  SINCE JUL 1   2628                      3652  -1024     2983

 COOLING
  YESTERDAY        9                        15     -6       18
  MONTH TO DATE  353                       337     16      441
  SINCE JUN 1    353                       337     16      441
  SINCE JAN 1    587                       550     37      640
..................................................................


WIND (MPH)
  HIGHEST WIND SPEED    14   HIGHEST WIND DIRECTION     N (20)
  HIGHEST GUST SPEED    21   HIGHEST GUST DIRECTION     N (340)
  AVERAGE WIND SPEED     5.7


SKY COVER
  POSSIBLE SUNSHINE  MM
  AVERAGE SKY COVER 0.3


WEATHER CONDITIONS
 THE FOLLOWING WEATHER WAS RECORDED YESTERDAY.
  LIGHT RAIN


RELATIVE HUMIDITY (PERCENT)
 HIGHEST   100           600 AM
 LOWEST     58           300 PM
 AVERAGE    79

..........................................................


THE JONESBORO CLIMATE NORMALS FOR TODAY
                         NORMAL    RECORD    YEAR
 MAXIMUM TEMPERATURE (F)   91       106      1901
 MINIMUM TEMPERATURE (F)   70        53      1926


SUNRISE AND SUNSET
JUNE 28 2017..........SUNRISE   549 AM CDT   SUNSET   823 PM CDT
JUNE 29 2017..........SUNRISE   549 AM CDT   SUNSET   823 PM CDT


-  INDICATES NEGATIVE NUMBERS.
R  INDICATES RECORD WAS SET OR TIED.
MM INDICATES DATA IS MISSING.
T  INDICATES TRACE AMOUNT.




$$
