000
CDUS44 KMEG 010634
CLIJBR


CLIMATE REPORT
NATIONAL WEATHER SERVICE MEMPHIS TN
132 AM CDT SAT OCT 1 2016


...................................

...THE JONESBORO CLIMATE SUMMARY FOR SEPTEMBER 30 2016...

CLIMATE NORMAL PERIOD 1981 TO 2010
CLIMATE RECORD PERIOD 1897 TO 2016


WEATHER ITEM   OBSERVED TIME   RECORD YEAR NORMAL DEPARTURE LAST
                VALUE   (LST)  VALUE       VALUE  FROM      YEAR
                                                  NORMAL
..................................................................
TEMPERATURE (F)
 YESTERDAY
  MAXIMUM         77    116 PM  96    1953  78     -1       72
  MINIMUM         60   1209 AM  33    1916  55      5       61
  AVERAGE         69                        66      3       67

PRECIPITATION (IN)
  YESTERDAY        0.00          3.35 1898   0.14  -0.14     0.00
  MONTH TO DATE    1.94                      3.06  -1.12     2.51
  SINCE SEP 1      1.94                      3.06  -1.12     2.51
  SINCE JAN 1     42.96                     34.17   8.79    42.60

SNOWFALL (IN)
  YESTERDAY        0.0           0.0  2002   0.0    0.0      0.0
                                      2001
  MONTH TO DATE    0.0                       0.0    0.0      0.0
  SINCE SEP 1      0.0                       0.0    0.0      0.0
  SINCE JUL 1      0.0                       0.0    0.0      0.0
  SNOW DEPTH       0

DEGREE DAYS
 HEATING
  YESTERDAY        0                         2     -2        0
  MONTH TO DATE    0                        18    -18        7
  SINCE SEP 1      0                        18    -18        7
  SINCE JUL 1      0                        18    -18        7

 COOLING
  YESTERDAY        4                         4      0        2
  MONTH TO DATE  361                       225    136      232
  SINCE SEP 1    361                       225    136      232
  SINCE JAN 1   2114                      1771    343     1705
..................................................................


WIND (MPH)
  HIGHEST WIND SPEED    13   HIGHEST WIND DIRECTION     N (340)
  HIGHEST GUST SPEED    18   HIGHEST GUST DIRECTION    NW (330)
  AVERAGE WIND SPEED     5.0


SKY COVER
  POSSIBLE SUNSHINE  MM
  AVERAGE SKY COVER 0.8


WEATHER CONDITIONS
 THE FOLLOWING WEATHER WAS RECORDED YESTERDAY.
  HAZE


RELATIVE HUMIDITY (PERCENT)
 HIGHEST    84          1200 AM
 LOWEST     46           200 PM
 AVERAGE    65

..........................................................


THE JONESBORO CLIMATE NORMALS FOR TODAY
                         NORMAL    RECORD    YEAR
 MAXIMUM TEMPERATURE (F)   78        95      1953
                                             1919
                                             1910
 MINIMUM TEMPERATURE (F)   54        35      1924


SUNRISE AND SUNSET
OCTOBER  1 2016.......SUNRISE   658 AM CDT   SUNSET   645 PM CDT
OCTOBER  2 2016.......SUNRISE   659 AM CDT   SUNSET   644 PM CDT


-  INDICATES NEGATIVE NUMBERS.
R  INDICATES RECORD WAS SET OR TIED.
MM INDICATES DATA IS MISSING.
T  INDICATES TRACE AMOUNT.




$$
