000
CDUS44 KMEG 300636
CLIJBR


CLIMATE REPORT
NATIONAL WEATHER SERVICE MEMPHIS TN
135 AM CDT SUN APR 30 2017


...................................

...THE JONESBORO CLIMATE SUMMARY FOR APRIL 29 2017...

CLIMATE NORMAL PERIOD 1981 TO 2010
CLIMATE RECORD PERIOD 1897 TO 2017


WEATHER ITEM   OBSERVED TIME   RECORD YEAR NORMAL DEPARTURE LAST
                VALUE   (LST)  VALUE       VALUE  FROM      YEAR
                                                  NORMAL
..................................................................
TEMPERATURE (F)
 YESTERDAY
  MAXIMUM         86    443 PM  96    1901  75     11       65
  MINIMUM         67   1010 PM  35    2008  54     13       54
  AVERAGE         77                        64     13       60

PRECIPITATION (IN)
  YESTERDAY       MM             1.98 1924   0.20  MM        1.69
  MONTH TO DATE    3.81                      4.81  -1.00     2.70
  SINCE MAR 1     10.08                      9.31   0.77    15.92
  SINCE JAN 1     15.69                     16.46  -0.77    19.85

DEGREE DAYS
 HEATING
  YESTERDAY        0                         3     -3        5
  MONTH TO DATE   94                       193    -99      120
  SINCE MAR 1    458                       657   -199      466
  SINCE JUL 1   2591                      3613  -1022     2955

 COOLING
  YESTERDAY       12                         2     10        0
  MONTH TO DATE   64                        39     25       41
  SINCE MAR 1     70                        45     25       45
  SINCE JAN 1     74                        45     29       45
..................................................................


WIND (MPH)
  HIGHEST WIND SPEED    40   HIGHEST WIND DIRECTION    SW (210)
  HIGHEST GUST SPEED    55   HIGHEST GUST DIRECTION    SW (210)
  AVERAGE WIND SPEED    16.1


SKY COVER
  POSSIBLE SUNSHINE  MM
  AVERAGE SKY COVER 0.6


WEATHER CONDITIONS
 THE FOLLOWING WEATHER WAS RECORDED YESTERDAY.
  THUNDERSTORM
  HEAVY RAIN
  RAIN
  LIGHT RAIN
  FOG


RELATIVE HUMIDITY (PERCENT)
 HIGHEST    90          1100 PM
 LOWEST     55           400 PM
 AVERAGE    73

..........................................................


THE JONESBORO CLIMATE NORMALS FOR TODAY
                         NORMAL    RECORD    YEAR
 MAXIMUM TEMPERATURE (F)   75        96      1901
 MINIMUM TEMPERATURE (F)   54        32      1908


SUNRISE AND SUNSET
APRIL 30 2017.........SUNRISE   611 AM CDT   SUNSET   749 PM CDT
MAY  1 2017...........SUNRISE   610 AM CDT   SUNSET   750 PM CDT


-  INDICATES NEGATIVE NUMBERS.
R  INDICATES RECORD WAS SET OR TIED.
MM INDICATES DATA IS MISSING.
T  INDICATES TRACE AMOUNT.




$$
