000
CDUS44 KMEG 210635
CLIJBR


CLIMATE REPORT
NATIONAL WEATHER SERVICE MEMPHIS TN
134 AM CDT MON APR 21 2014


...................................

...THE JONESBORO CLIMATE SUMMARY FOR APRIL 20 2014...

CLIMATE NORMAL PERIOD 1981 TO 2010
CLIMATE RECORD PERIOD 1897 TO 2014


WEATHER ITEM   OBSERVED TIME   RECORD YEAR NORMAL DEPARTURE LAST
                VALUE   (LST)  VALUE       VALUE  FROM      YEAR
                                                  NORMAL
..................................................................
TEMPERATURE (F)
 YESTERDAY
  MAXIMUM         80    229 PM  93    1987  72      8       67
  MINIMUM         49    533 AM  34    1953  51     -2       36
                                      1926
  AVERAGE         65                        61      4       52

PRECIPITATION (IN)
  YESTERDAY        0.00          3.50 1973   0.18  -0.18     0.00
  MONTH TO DATE    3.83                      3.19   0.64     3.27
  SINCE MAR 1      8.84                      7.69   1.15     5.36
  SINCE JAN 1     13.55                     14.84  -1.29    15.15

SNOWFALL (IN)
  YESTERDAY        0.0          MM      MM   0.0    0.0      0.0
  MONTH TO DATE    0.0                       0.0    0.0      0.0
  SINCE MAR 1      3.2                       0.7    2.5      4.0
  SINCE JUL 1      5.2                       4.8    0.4     11.0
  SNOW DEPTH       0

DEGREE DAYS
 HEATING
  YESTERDAY        0                         5     -5       13
  MONTH TO DATE  168                       158     10      170
  SINCE MAR 1    799                       622    177      785
  SINCE JUL 1   4064                      3578    486     3413

 COOLING
  YESTERDAY        0                         2     -2        0
  MONTH TO DATE   13                        21     -8       46
  SINCE MAR 1     13                        27    -14       46
  SINCE JAN 1     13                        27    -14       46
..................................................................


WIND (MPH)
  HIGHEST WIND SPEED    12   HIGHEST WIND DIRECTION    SW (240)
  HIGHEST GUST SPEED    16   HIGHEST GUST DIRECTION    SW (240)
  AVERAGE WIND SPEED     2.3


SKY COVER
  POSSIBLE SUNSHINE  MM
  AVERAGE SKY COVER 0.0


WEATHER CONDITIONS
 THE FOLLOWING WEATHER WAS RECORDED YESTERDAY.
  NO SIGNIFICANT WEATHER WAS OBSERVED.


RELATIVE HUMIDITY (PERCENT)
 HIGHEST    83           100 AM
 LOWEST     29          1200 PM
 AVERAGE    56

..........................................................


THE JONESBORO CLIMATE NORMALS FOR TODAY
                         NORMAL    RECORD    YEAR
 MAXIMUM TEMPERATURE (F)   72        93      1987
 MINIMUM TEMPERATURE (F)   51        35      1978


SUNRISE AND SUNSET
APRIL 21 2014.........SUNRISE   622 AM CDT   SUNSET   741 PM CDT
APRIL 22 2014.........SUNRISE   621 AM CDT   SUNSET   742 PM CDT


-  INDICATES NEGATIVE NUMBERS.
R  INDICATES RECORD WAS SET OR TIED.
MM INDICATES DATA IS MISSING.
T  INDICATES TRACE AMOUNT.




$$
