000
CDUS44 KMEG 072150
CLIJBR


CLIMATE REPORT
NATIONAL WEATHER SERVICE MEMPHIS TN
449 PM CDT TUE JUL 7 2015


...................................

...THE JONESBORO CLIMATE SUMMARY FOR JULY 7 2015...
VALID TODAY AS OF 0400 PM LOCAL TIME.

CLIMATE NORMAL PERIOD 1981 TO 2010
CLIMATE RECORD PERIOD 1897 TO 2015


WEATHER ITEM   OBSERVED TIME   RECORD YEAR NORMAL DEPARTURE LAST
                VALUE   (LST)  VALUE       VALUE  FROM      YEAR
                                                  NORMAL
..................................................................
TEMPERATURE (F)
 TODAY
  MAXIMUM         89    150 PM 104    1954  91     -2       86
                                      1901
  MINIMUM         72   1222 AM  58    1972  71      1       75
  AVERAGE         81                        81      0       81

PRECIPITATION (IN)
  TODAY            0.01          2.10 1909   0.13  -0.12     0.01
  MONTH TO DATE    1.60                      0.91   0.69     0.42
  SINCE JUN 1      3.69                      4.66  -0.97     9.26
  SINCE JAN 1     29.47                     25.94   3.53    30.54

SNOWFALL (IN)
  TODAY            0.0

DEGREE DAYS
 HEATING
  TODAY            0                         0      0        0
  MONTH TO DATE    0                         0      0        0
  SINCE JUN 1      0                         1     -1        0
  SINCE JUL 1      0                         0      0        0

 COOLING
  TODAY           16                        16      0       16
  MONTH TO DATE   93                       111    -18       73
  SINCE JUN 1    523                       494     29      466
  SINCE JAN 1    698                       707     -9      713
..................................................................


WIND (MPH)
  HIGHEST WIND SPEED    24   HIGHEST WIND DIRECTION    SW (220)
  HIGHEST GUST SPEED    32   HIGHEST GUST DIRECTION    SW (230)
  AVERAGE WIND SPEED    14.6


SKY COVER
  POSSIBLE SUNSHINE  MM
  AVERAGE SKY COVER 0.2


WEATHER CONDITIONS
 THE FOLLOWING WEATHER WAS RECORDED TODAY.
  NO SIGNIFICANT WEATHER WAS OBSERVED.


RELATIVE HUMIDITY (PERCENT)
 HIGHEST   100          1200 AM
 LOWEST     63           200 PM
 AVERAGE    82

..........................................................


THE JONESBORO CLIMATE NORMALS FOR TOMORROW
                         NORMAL    RECORD    YEAR
 MAXIMUM TEMPERATURE (F)   91       103      1980
                                             1969
                                             1925
 MINIMUM TEMPERATURE (F)   71        59      1924
                                             1896


SUNRISE AND SUNSET
JULY  7 2015..........SUNRISE   553 AM CDT   SUNSET   822 PM CDT
JULY  8 2015..........SUNRISE   553 AM CDT   SUNSET   822 PM CDT


-  INDICATES NEGATIVE NUMBERS.
R  INDICATES RECORD WAS SET OR TIED.
MM INDICATES DATA IS MISSING.
T  INDICATES TRACE AMOUNT.




$$
