000
CDUS44 KMEG 180636
CLIJBR


CLIMATE REPORT
NATIONAL WEATHER SERVICE MEMPHIS TN
136 AM CDT WED OCT 18 2017


...................................

...THE JONESBORO CLIMATE SUMMARY FOR OCTOBER 17 2017...

CLIMATE NORMAL PERIOD 1981 TO 2010
CLIMATE RECORD PERIOD 1897 TO 2017


WEATHER ITEM   OBSERVED TIME   RECORD YEAR NORMAL DEPARTURE LAST
                VALUE   (LST)  VALUE       VALUE  FROM      YEAR
                                                  NORMAL
..................................................................
TEMPERATURE (F)
 YESTERDAY
  MAXIMUM         71    425 PM  89    1938  73     -2       87
  MINIMUM         41    622 AM  32    1943  50     -9       65
  AVERAGE         56                        61     -5       76

PRECIPITATION (IN)
  YESTERDAY        0.00          2.45 2007   0.13  -0.13     0.00
  MONTH TO DATE    0.45                      2.26  -1.81     1.25
  SINCE SEP 1      0.84                      5.32  -4.48     3.19
  SINCE JAN 1     40.46                     36.43   4.03    44.21

DEGREE DAYS
 HEATING
  YESTERDAY        9                         5      4        0
  MONTH TO DATE   26                        65    -39        9
  SINCE SEP 1     28                        83    -55        9
  SINCE JUL 1     28                        83    -55        9

 COOLING
  YESTERDAY        0                         1     -1       11
  MONTH TO DATE  118                        39     79       94
  SINCE SEP 1    399                       264    135      455
  SINCE JAN 1   1932                      1810    122     2208
..................................................................


WIND (MPH)
  HIGHEST WIND SPEED    10   HIGHEST WIND DIRECTION    SE (130)
  HIGHEST GUST SPEED    14   HIGHEST GUST DIRECTION     E (100)
  AVERAGE WIND SPEED     2.6


SKY COVER
  POSSIBLE SUNSHINE  MM
  AVERAGE SKY COVER 0.0


WEATHER CONDITIONS
 THE FOLLOWING WEATHER WAS RECORDED YESTERDAY.
  FOG
  HAZE


RELATIVE HUMIDITY (PERCENT)
 HIGHEST   100           700 AM
 LOWEST     33           400 PM
 AVERAGE    67

..........................................................


THE JONESBORO CLIMATE NORMALS FOR TODAY
                         NORMAL    RECORD    YEAR
 MAXIMUM TEMPERATURE (F)   72        90      1910
                                             1909
 MINIMUM TEMPERATURE (F)   49        28      1948


SUNRISE AND SUNSET
OCTOBER 18 2017.......SUNRISE   712 AM CDT   SUNSET   623 PM CDT
OCTOBER 19 2017.......SUNRISE   713 AM CDT   SUNSET   621 PM CDT


-  INDICATES NEGATIVE NUMBERS.
R  INDICATES RECORD WAS SET OR TIED.
MM INDICATES DATA IS MISSING.
T  INDICATES TRACE AMOUNT.




$$
