000
CDUS45 KGGW 270029
CLIJDN


CLIMATE REPORT
NATIONAL WEATHER SERVICE GLASGOW MT
525 PM MST MON JAN 26 2015


...................................

...THE JORDAN  ASOS MT CLIMATE SUMMARY FOR JANUARY 26 2015...
VALID TODAY AS OF 0500 PM LOCAL TIME.

CLIMATE NORMAL PERIOD 1981 TO 2010
CLIMATE RECORD PERIOD 9999 TO 9999


WEATHER ITEM   OBSERVED TIME   RECORD YEAR NORMAL DEPARTURE LAST
                VALUE   (LST)  VALUE       VALUE  FROM      YEAR
                                                  NORMAL
..................................................................
TEMPERATURE (F)
 TODAY
  MAXIMUM         53        MM  MM      MM  30     23       40
  MINIMUM         30        MM  MM      MM   7     23        3
  AVERAGE         42                        18     24       22

PRECIPITATION (IN)
  TODAY            0.00         MM      MM   0.00   0.00     0.00
  MONTH TO DATE    0.68                      0.20   0.48     0.06
  SINCE OCT 1      1.87                      1.74   0.13     2.47
  SINCE JAN 1      0.68                      0.20   0.48     0.06

SNOWFALL (IN)
  TODAY            0.0          MM      MM  MM     MM        0.0
  MONTH TO DATE    0.0                      MM     MM        0.0
  SINCE DEC 1      0.0                      MM     MM        0.0
  SINCE JUL 1      0.0                      MM     MM        0.0
  SNOW DEPTH       0

DEGREE DAYS
 HEATING
  TODAY           23                        47    -24       43
  MONTH TO DATE 1174                      1249    -75      980
  SINCE DEC 1   2391                      2681   -290     2630
  SINCE JUL 1   4461                      4699   -238     4567

 COOLING
  TODAY            0                         0      0        0
  MONTH TO DATE    0                         0      0        0
  SINCE DEC 1      0                         0      0        0
  SINCE JAN 1      0                         0      0        0
..................................................................


WIND (MPH)
  HIGHEST WIND SPEED    13   HIGHEST WIND DIRECTION    NW (300)
  HIGHEST GUST SPEED    MM   HIGHEST GUST DIRECTION    MM
  AVERAGE WIND SPEED     7.4


SKY COVER
  POSSIBLE SUNSHINE  MM
  AVERAGE SKY COVER 0.0


WEATHER CONDITIONS
 THE FOLLOWING WEATHER WAS RECORDED TODAY.
  NO SIGNIFICANT WEATHER WAS OBSERVED.


RELATIVE HUMIDITY (PERCENT)
 HIGHEST    92           600 AM
 LOWEST     56          1200 PM
 AVERAGE    74

..........................................................


THE JORDAN  ASOS MT CLIMATE NORMALS FOR TOMORROW
                         NORMAL    RECORD    YEAR
 MAXIMUM TEMPERATURE (F)   30        MM        MM
 MINIMUM TEMPERATURE (F)    7        MM        MM


SUNRISE AND SUNSET
JANUARY 26 2015.......SUNRISE   740 AM MST   SUNSET   500 PM MST
JANUARY 27 2015.......SUNRISE   739 AM MST   SUNSET   501 PM MST


-  INDICATES NEGATIVE NUMBERS.
R  INDICATES RECORD WAS SET OR TIED.
MM INDICATES DATA IS MISSING.
T  INDICATES TRACE AMOUNT.




$$
