470
CDUS45 KGGW 280740
CLIJDN


CLIMATE REPORT
NATIONAL WEATHER SERVICE GLASGOW MT
140 AM MDT SUN AUG 28 2016


...................................

...THE JORDAN  ASOS MT CLIMATE SUMMARY FOR AUGUST 27 2016...

CLIMATE NORMAL PERIOD 1981 TO 2010
CLIMATE RECORD PERIOD 9999 TO 9999


WEATHER ITEM   OBSERVED TIME   RECORD YEAR NORMAL DEPARTURE LAST
                VALUE   (LST)  VALUE       VALUE  FROM      YEAR
                                                  NORMAL
..................................................................
TEMPERATURE (F)
 YESTERDAY
  MAXIMUM         87    329 PM  MM      MM  83      4       93
  MINIMUM         39    534 AM  MM      MM  49    -10       56
  AVERAGE         63                        66     -3       75

PRECIPITATION (IN)
  YESTERDAY        0.00         MM      MM   0.02  -0.02     0.00
  MONTH TO DATE    0.49                      1.09  -0.60     1.60
  SINCE OCT 1     13.45                     11.36   2.09    11.75
  SINCE JAN 1      9.76                      9.82  -0.06    10.56

SNOWFALL (IN)
  YESTERDAY        0.0          MM      MM  MM     MM        0.0
  MONTH TO DATE    0.0                      MM     MM        0.0
  SINCE JUN 1      0.0                      MM     MM        0.0
  SINCE JUL 1      0.0                      MM     MM        0.0
  SNOW DEPTH       0

DEGREE DAYS
 HEATING
  YESTERDAY        2                         2      0        0
  MONTH TO DATE   33                        29      4       51
  SINCE JUN 1     82                       179    -97       97
  SINCE JUL 1     46                        54     -8       53

 COOLING
  YESTERDAY        0                         3     -3       10
  MONTH TO DATE  126                       151    -25      172
  SINCE JUN 1    403                       376     27      476
  SINCE JAN 1    406                       382     24      476
..................................................................


WIND (MPH)
  HIGHEST WIND SPEED    20   HIGHEST WIND DIRECTION    SW (210)
  HIGHEST GUST SPEED    30   HIGHEST GUST DIRECTION    SW (220)
  AVERAGE WIND SPEED     5.0


SKY COVER
  POSSIBLE SUNSHINE  MM
  AVERAGE SKY COVER 0.0


WEATHER CONDITIONS
 THE FOLLOWING WEATHER WAS RECORDED YESTERDAY.
  NO SIGNIFICANT WEATHER WAS OBSERVED.


RELATIVE HUMIDITY (PERCENT)
 HIGHEST    92           300 AM
 LOWEST     18           300 PM
 AVERAGE    55

..........................................................


THE JORDAN  ASOS MT CLIMATE NORMALS FOR TODAY
                         NORMAL    RECORD    YEAR
 MAXIMUM TEMPERATURE (F)   82        MM        MM
 MINIMUM TEMPERATURE (F)   49        MM        MM


SUNRISE AND SUNSET
AUGUST 28 2016........SUNRISE   622 AM MDT   SUNSET   754 PM MDT
AUGUST 29 2016........SUNRISE   623 AM MDT   SUNSET   752 PM MDT


-  INDICATES NEGATIVE NUMBERS.
R  INDICATES RECORD WAS SET OR TIED.
MM INDICATES DATA IS MISSING.
T  INDICATES TRACE AMOUNT.




$$
