000
CDUS45 KBOI 230931
CLIJER


CLIMATE REPORT
NATIONAL WEATHER SERVICE BOISE ID
330 AM MDT SAT MAY 23 2015


...................................

...THE JEROME ID CLIMATE SUMMARY FOR MAY 22 2015...

CLIMATE NORMAL PERIOD 1981 TO 2010
CLIMATE RECORD PERIOD 1919 TO 2015


WEATHER ITEM   OBSERVED TIME   RECORD YEAR NORMAL DEPARTURE LAST
                VALUE   (LST)  VALUE       VALUE  FROM      YEAR
                                                  NORMAL
..................................................................
TEMPERATURE (F)
 YESTERDAY
  MAXIMUM         64    337 PM  93    1980  70     -6       80
  MINIMUM         50    404 AM  31    1953  44      6       40
  AVERAGE         57                        57      0       60

PRECIPITATION (IN)
  YESTERDAY        0.17          0.47 1971   0.05   0.12     0.00
  MONTH TO DATE    2.04                      0.98   1.06     0.34
  SINCE OCT 1      6.95                      8.86  -1.91     5.28
  SINCE JAN 1      4.05                      5.34  -1.29     4.68

DEGREE DAYS
 HEATING
  YESTERDAY        8                         9     -1        5
  MONTH TO DATE  192                       255    -63      209
  SINCE MAR 1   1254                      1571   -317     1428
  SINCE JUL 1   5296                      6458  -1162     6096

 COOLING
  YESTERDAY        0                         1     -1        0
  MONTH TO DATE    0                         1     -1        4
  SINCE MAR 1      0                         1     -1        4
  SINCE JAN 1      0                         1     -1        4
..................................................................


WIND (MPH)
  HIGHEST WIND SPEED    15   HIGHEST WIND DIRECTION    NE (60)
  HIGHEST GUST SPEED    16   HIGHEST GUST DIRECTION    NE (60)
  AVERAGE WIND SPEED     5.6


SKY COVER
  AVERAGE SKY COVER 0.5


WEATHER CONDITIONS
 THE FOLLOWING WEATHER WAS RECORDED YESTERDAY.
  THUNDERSTORM
  LIGHT RAIN
  FOG


RELATIVE HUMIDITY (PERCENT)
 HIGHEST    83           100 AM
 LOWEST     52           500 PM
 AVERAGE    68

..........................................................


THE JEROME ID CLIMATE NORMALS FOR TODAY
                         NORMAL    RECORD    YEAR
 MAXIMUM TEMPERATURE (F)   70        89      1988
 MINIMUM TEMPERATURE (F)   44        28      1966


SUNRISE AND SUNSET
MAY 23 2015...........SUNRISE   608 AM MDT   SUNSET   901 PM MDT
MAY 24 2015...........SUNRISE   607 AM MDT   SUNSET   902 PM MDT


-  INDICATES NEGATIVE NUMBERS.
R  INDICATES RECORD WAS SET OR TIED.
MM INDICATES DATA IS MISSING.
T  INDICATES TRACE AMOUNT.




$$
