000
CDUS45 KBOI 180932
CLIJER


CLIMATE REPORT
NATIONAL WEATHER SERVICE BOISE ID
231 AM MST WED JAN 18 2017


...................................

...THE JEROME ID CLIMATE SUMMARY FOR JANUARY 17 2017...

CLIMATE NORMAL PERIOD 1981 TO 2010
CLIMATE RECORD PERIOD 1915 TO 2017


WEATHER ITEM   OBSERVED TIME   RECORD YEAR NORMAL DEPARTURE LAST
                VALUE   (LST)  VALUE       VALUE  FROM      YEAR
                                                  NORMAL
..................................................................
TEMPERATURE (F)
 YESTERDAY
  MAXIMUM         20    347 PM  59    2000  33    -13       38
  MINIMUM          3    439 AM -18    1917  20    -17       26
  AVERAGE         12                        26    -14       32

PRECIPITATION (IN)
  YESTERDAY        0.00          0.55 1998   0.02  -0.02      T
  MONTH TO DATE    0.86                      0.74   0.12     0.20
  SINCE OCT 1      5.38                      4.26   1.12     4.79
  SINCE JAN 1      0.86                      0.74   0.12     0.20

DEGREE DAYS
 HEATING
  YESTERDAY       53                        39     14       33
  MONTH TO DATE  695                       663     32      663
  SINCE DEC 1   1984                      1842    142     1835
  SINCE JUL 1   3210                      3393   -183     3168

 COOLING
  YESTERDAY        0                         0      0        0
  MONTH TO DATE    0                         0      0        0
  SINCE DEC 1      0                         0      0        0
  SINCE JAN 1      0                         0      0        0
..................................................................


WIND (MPH)
  HIGHEST WIND SPEED    32   HIGHEST WIND DIRECTION    NE (60)
  HIGHEST GUST SPEED    37   HIGHEST GUST DIRECTION    NE (50)
  AVERAGE WIND SPEED    18.8


SKY COVER
  AVERAGE SKY COVER 0.1


WEATHER CONDITIONS
 THE FOLLOWING WEATHER WAS RECORDED YESTERDAY.
  FOG


RELATIVE HUMIDITY (PERCENT)
 HIGHEST    91           200 AM
 LOWEST     73          1200 PM
 AVERAGE    82

..........................................................


THE JEROME ID CLIMATE NORMALS FOR TODAY
                         NORMAL    RECORD    YEAR
 MAXIMUM TEMPERATURE (F)   33        50      1920
 MINIMUM TEMPERATURE (F)   20       -13      1984


SUNRISE AND SUNSET
JANUARY 18 2017.......SUNRISE   804 AM MST   SUNSET   534 PM MST
JANUARY 19 2017.......SUNRISE   803 AM MST   SUNSET   535 PM MST


-  INDICATES NEGATIVE NUMBERS.
R  INDICATES RECORD WAS SET OR TIED.
MM INDICATES DATA IS MISSING.
T  INDICATES TRACE AMOUNT.




$$
