000
CDUS45 KBOI 270931
CLIJER


CLIMATE REPORT
NATIONAL WEATHER SERVICE BOISE ID
231 AM MST MON FEB 27 2017


...................................

...THE JEROME ID CLIMATE SUMMARY FOR FEBRUARY 26 2017...

CLIMATE NORMAL PERIOD 1981 TO 2010
CLIMATE RECORD PERIOD 1915 TO 2017


WEATHER ITEM   OBSERVED TIME   RECORD YEAR NORMAL DEPARTURE LAST
                VALUE   (LST)  VALUE       VALUE  FROM      YEAR
                                                  NORMAL
..................................................................
TEMPERATURE (F)
 YESTERDAY
  MAXIMUM         MM        MM  67    1986  43     MM       56
  MINIMUM         MM        MM   0    1964  25     MM       31
  AVERAGE         MM                        34     MM       44

PRECIPITATION (IN)
  YESTERDAY        0.00          0.41 1924   0.04  -0.04     0.00
  MONTH TO DATE    1.37                      0.81   0.56     0.20
  SINCE OCT 1      7.18                      5.39   1.79     6.00
  SINCE JAN 1      2.66                      1.87   0.79     1.41

DEGREE DAYS
 HEATING
  YESTERDAY       MM                        31     MM       21
  MONTH TO DATE  555                       901   -346      804
  SINCE DEC 1   3119                      3275   -156     3141
  SINCE JUL 1   4345                      4826   -481     4474

 COOLING
  YESTERDAY       MM                         0     MM        0
  MONTH TO DATE    0                         0      0        0
  SINCE DEC 1      0                         0      0        0
  SINCE JAN 1      0                         0      0        0
..................................................................


WIND (MPH)
  HIGHEST WIND SPEED    MM   HIGHEST WIND DIRECTION    MM
  HIGHEST GUST SPEED    MM   HIGHEST GUST DIRECTION    MM
  AVERAGE WIND SPEED    MM


SKY COVER
  AVERAGE SKY COVER 0.0


WEATHER CONDITIONS
 THE FOLLOWING WEATHER WAS RECORDED YESTERDAY.
  NO SIGNIFICANT WEATHER WAS OBSERVED.


RELATIVE HUMIDITY (PERCENT)
 HIGHEST    MM
 LOWEST     MM
 AVERAGE    MM

..........................................................


THE JEROME ID CLIMATE NORMALS FOR TODAY
                         NORMAL    RECORD    YEAR
 MAXIMUM TEMPERATURE (F)   44        65      1980
 MINIMUM TEMPERATURE (F)   25        -3      1993


SUNRISE AND SUNSET
FEBRUARY 27 2017......SUNRISE   716 AM MST   SUNSET   625 PM MST
FEBRUARY 28 2017......SUNRISE   715 AM MST   SUNSET   627 PM MST


-  INDICATES NEGATIVE NUMBERS.
R  INDICATES RECORD WAS SET OR TIED.
MM INDICATES DATA IS MISSING.
T  INDICATES TRACE AMOUNT.




$$
