000
CDUS45 KBOI 290932
CLIJER


CLIMATE REPORT
NATIONAL WEATHER SERVICE BOISE ID
331 AM MDT SUN MAR 29 2015


...................................

...THE JEROME ID CLIMATE SUMMARY FOR MARCH 28 2015...

CLIMATE NORMAL PERIOD 1981 TO 2010
CLIMATE RECORD PERIOD 1919 TO 2015


WEATHER ITEM   OBSERVED TIME   RECORD YEAR NORMAL DEPARTURE LAST
                VALUE   (LST)  VALUE       VALUE  FROM      YEAR
                                                  NORMAL
..................................................................
TEMPERATURE (F)
 YESTERDAY
  MAXIMUM         58    331 PM  76    1986  54      4       54
  MINIMUM         39   1158 PM  13    1975  33      6       28
  AVERAGE         49                        43      6       41

PRECIPITATION (IN)
  YESTERDAY        0.00          0.45 1963   0.05  -0.05     0.00
  MONTH TO DATE    0.33                      0.94  -0.61     0.85
  SINCE OCT 1      4.74                      6.40  -1.66     3.79
  SINCE JAN 1      1.84                      2.88  -1.04     3.19

DEGREE DAYS
 HEATING
  YESTERDAY       16                        22     -6       24
  MONTH TO DATE  516                       705   -189      631
  SINCE MAR 1    516                       705   -189      631
  SINCE JUL 1   4558                      5592  -1034     5299

 COOLING
  YESTERDAY        0                         0      0        0
  MONTH TO DATE    0                         0      0        0
  SINCE MAR 1      0                         0      0        0
  SINCE JAN 1      0                         0      0        0
..................................................................


WIND (MPH)
  HIGHEST WIND SPEED    40   HIGHEST WIND DIRECTION    SW (240)
  HIGHEST GUST SPEED    49   HIGHEST GUST DIRECTION     W (250)
  AVERAGE WIND SPEED    19.3


SKY COVER
  AVERAGE SKY COVER 0.0


WEATHER CONDITIONS
 THE FOLLOWING WEATHER WAS RECORDED YESTERDAY.
  NO SIGNIFICANT WEATHER WAS OBSERVED.


RELATIVE HUMIDITY (PERCENT)
 HIGHEST    54          1200 AM
 LOWEST     23           400 PM
 AVERAGE    39

..........................................................


THE JEROME ID CLIMATE NORMALS FOR TODAY
                         NORMAL    RECORD    YEAR
 MAXIMUM TEMPERATURE (F)   54        78      1986
 MINIMUM TEMPERATURE (F)   33        12      1926


SUNRISE AND SUNSET
MARCH 29 2015.........SUNRISE   726 AM MDT   SUNSET   800 PM MDT
MARCH 30 2015.........SUNRISE   724 AM MDT   SUNSET   801 PM MDT


-  INDICATES NEGATIVE NUMBERS.
R  INDICATES RECORD WAS SET OR TIED.
MM INDICATES DATA IS MISSING.
T  INDICATES TRACE AMOUNT.




$$
