000
CDUS45 KBOI 290931
CLIJER


CLIMATE REPORT
NATIONAL WEATHER SERVICE BOISE ID
331 AM MDT SAT AUG 29 2015


...................................

...THE JEROME ID CLIMATE SUMMARY FOR AUGUST 28 2015...

CLIMATE NORMAL PERIOD 1981 TO 2010
CLIMATE RECORD PERIOD 1919 TO 2015


WEATHER ITEM   OBSERVED TIME   RECORD YEAR NORMAL DEPARTURE LAST
                VALUE   (LST)  VALUE       VALUE  FROM      YEAR
                                                  NORMAL
..................................................................
TEMPERATURE (F)
 YESTERDAY
  MAXIMUM         95    224 PM 101    1924  83     12       88
  MINIMUM         59    407 AM  35    1960  52      7       53
  AVERAGE         77                        68      9       71

PRECIPITATION (IN)
  YESTERDAY        0.00          0.19 1920   0.01  -0.01     0.00
  MONTH TO DATE    0.95                      0.22   0.73     3.51
  SINCE OCT 1      9.62                     10.34  -0.72     9.16
  SINCE JAN 1      6.72                      6.82  -0.10     8.56

DEGREE DAYS
 HEATING
  YESTERDAY        0                         2     -2        0
  MONTH TO DATE    3                        12     -9       22
  SINCE JUN 1     30                       131   -101       96
  SINCE JUL 1     15                        24     -9       22

 COOLING
  YESTERDAY       12                         4      8        6
  MONTH TO DATE  205                       170     35      160
  SINCE JUN 1    620                       440    180      577
  SINCE JAN 1    630                       453    177      587
..................................................................


WIND (MPH)
  HIGHEST WIND SPEED    20   HIGHEST WIND DIRECTION     S (170)
  HIGHEST GUST SPEED    29   HIGHEST GUST DIRECTION     S (190)
  AVERAGE WIND SPEED     7.9


SKY COVER
  AVERAGE SKY COVER 0.0


WEATHER CONDITIONS
 THE FOLLOWING WEATHER WAS RECORDED YESTERDAY.
  NO SIGNIFICANT WEATHER WAS OBSERVED.


RELATIVE HUMIDITY (PERCENT)
 HIGHEST    51           400 AM
 LOWEST     15           100 PM
 AVERAGE    33

..........................................................


THE JEROME ID CLIMATE NORMALS FOR TODAY
                         NORMAL    RECORD    YEAR
 MAXIMUM TEMPERATURE (F)   83       100      1948
 MINIMUM TEMPERATURE (F)   52        37      1965


SUNRISE AND SUNSET
AUGUST 29 2015........SUNRISE   659 AM MDT   SUNSET   818 PM MDT
AUGUST 30 2015........SUNRISE   700 AM MDT   SUNSET   816 PM MDT


-  INDICATES NEGATIVE NUMBERS.
R  INDICATES RECORD WAS SET OR TIED.
MM INDICATES DATA IS MISSING.
T  INDICATES TRACE AMOUNT.




$$
