000
CDUS45 KBOI 110931
CLIJER


CLIMATE REPORT
NATIONAL WEATHER SERVICE BOISE ID
330 AM MDT FRI JUL 11 2014


...................................

...THE JEROME ID CLIMATE SUMMARY FOR JULY 10 2014...

CLIMATE NORMAL PERIOD 1981 TO 2010
CLIMATE RECORD PERIOD 1919 TO 2014


WEATHER ITEM   OBSERVED TIME   RECORD YEAR NORMAL DEPARTURE LAST
                VALUE   (LST)  VALUE       VALUE  FROM      YEAR
                                                  NORMAL
..................................................................
TEMPERATURE (F)
 YESTERDAY
  MAXIMUM         94    426 PM 108    1973  86      8       97
  MINIMUM         66    522 AM  46    1999  55     11       60
  AVERAGE         80                        70     10       79

PRECIPITATION (IN)
  YESTERDAY        0.00          0.39 1974   0.01  -0.01     0.00
  MONTH TO DATE    0.00                      0.07  -0.07      T
  SINCE OCT 1      5.63                      9.96  -4.33     5.82
  SINCE JAN 1      5.03                      6.44  -1.41     2.52

DEGREE DAYS
 HEATING
  YESTERDAY        0                         1     -1        0
  MONTH TO DATE    0                        10    -10        0
  SINCE JUN 1     74                       117    -43       78
  SINCE JUL 1      0                        10    -10        0

 COOLING
  YESTERDAY       15                         6      9       14
  MONTH TO DATE  136                        52     84      137
  SINCE JUN 1    181                       120     61      267
  SINCE JAN 1    191                       133     58      282
..................................................................


WIND (MPH)
  HIGHEST WIND SPEED    20   HIGHEST WIND DIRECTION     W (250)
  HIGHEST GUST SPEED    25   HIGHEST GUST DIRECTION     W (250)
  AVERAGE WIND SPEED     8.9


SKY COVER
  AVERAGE SKY COVER 0.0


WEATHER CONDITIONS
 THE FOLLOWING WEATHER WAS RECORDED YESTERDAY.
  NO SIGNIFICANT WEATHER WAS OBSERVED.


RELATIVE HUMIDITY (PERCENT)
 HIGHEST    58           300 AM
 LOWEST     14           300 PM
 AVERAGE    36

..........................................................


THE JEROME ID CLIMATE NORMALS FOR TODAY
                         NORMAL    RECORD    YEAR
 MAXIMUM TEMPERATURE (F)   86       107      2003
 MINIMUM TEMPERATURE (F)   55        43      1983


SUNRISE AND SUNSET
JULY 11 2014..........SUNRISE   610 AM MDT   SUNSET   916 PM MDT
JULY 12 2014..........SUNRISE   611 AM MDT   SUNSET   916 PM MDT


-  INDICATES NEGATIVE NUMBERS.
R  INDICATES RECORD WAS SET OR TIED.
MM INDICATES DATA IS MISSING.
T  INDICATES TRACE AMOUNT.




$$
