000
CDUS45 KBOI 160932
CLIJER


CLIMATE REPORT
NATIONAL WEATHER SERVICE BOISE ID
332 AM MDT MON OCT 16 2017


...................................

...THE JEROME ID CLIMATE SUMMARY FOR OCTOBER 15 2017...

CLIMATE NORMAL PERIOD 1981 TO 2010
CLIMATE RECORD PERIOD 1915 TO 2017


WEATHER ITEM   OBSERVED TIME   RECORD YEAR NORMAL DEPARTURE LAST
                VALUE   (LST)  VALUE       VALUE  FROM      YEAR
                                                  NORMAL
..................................................................
TEMPERATURE (F)
 YESTERDAY
  MAXIMUM         61    308 PM  85    2005  61      0       64
  MINIMUM         27    625 AM  21    1969  38    -11       47
  AVERAGE         44                        49     -5       56

PRECIPITATION (IN)
  YESTERDAY        0.00          0.21 1948   0.03  -0.03     0.11
  MONTH TO DATE    0.39                      0.34   0.05     0.46
  SINCE OCT 1      0.39                      0.34   0.05     0.46
  SINCE JAN 1      7.92                      7.63   0.29     7.47

DEGREE DAYS
 HEATING
  YESTERDAY       21                        16      5        9
  MONTH TO DATE  292                       196     96      178
  SINCE SEP 1    502                       366    136      353
  SINCE JUL 1    503                       399    104      375

 COOLING
  YESTERDAY        0                         0      0        0
  MONTH TO DATE    0                         0      0        0
  SINCE SEP 1    121                        44     77       30
  SINCE JAN 1    929                       509    420      612
..................................................................


WIND (MPH)
  HIGHEST WIND SPEED    24   HIGHEST WIND DIRECTION    NE (60)
  HIGHEST GUST SPEED    29   HIGHEST GUST DIRECTION    NE (50)
  AVERAGE WIND SPEED    13.3


SKY COVER
  AVERAGE SKY COVER 0.0


WEATHER CONDITIONS
 THE FOLLOWING WEATHER WAS RECORDED YESTERDAY.
  NO SIGNIFICANT WEATHER WAS OBSERVED.


RELATIVE HUMIDITY (PERCENT)
 HIGHEST    78           600 AM
 LOWEST     18           300 PM
 AVERAGE    48

..........................................................


THE JEROME ID CLIMATE NORMALS FOR TODAY
                         NORMAL    RECORD    YEAR
 MAXIMUM TEMPERATURE (F)   61        84      1991
 MINIMUM TEMPERATURE (F)   37        20      1989


SUNRISE AND SUNSET
OCTOBER 16 2017.......SUNRISE   753 AM MDT   SUNSET   653 PM MDT
OCTOBER 17 2017.......SUNRISE   754 AM MDT   SUNSET   652 PM MDT


-  INDICATES NEGATIVE NUMBERS.
R  INDICATES RECORD WAS SET OR TIED.
MM INDICATES DATA IS MISSING.
T  INDICATES TRACE AMOUNT.




$$
