000
CDUS45 KBOI 280931
CLIJER


CLIMATE REPORT
NATIONAL WEATHER SERVICE BOISE ID
330 AM MDT FRI APR 28 2017


...................................

...THE JEROME ID CLIMATE SUMMARY FOR APRIL 27 2017...

CLIMATE NORMAL PERIOD 1981 TO 2010
CLIMATE RECORD PERIOD 1915 TO 2017


WEATHER ITEM   OBSERVED TIME   RECORD YEAR NORMAL DEPARTURE LAST
                VALUE   (LST)  VALUE       VALUE  FROM      YEAR
                                                  NORMAL
..................................................................
TEMPERATURE (F)
 YESTERDAY
  MAXIMUM         48    340 PM  86    1992  61    -13       60
  MINIMUM         33   1159 PM  23    1918  37     -4       37
  AVERAGE         41                        49     -8       49

PRECIPITATION (IN)
  YESTERDAY        0.00          1.10 1963   0.05  -0.05     0.01
  MONTH TO DATE    1.10                      1.19  -0.09     0.51
  SINCE OCT 1      9.64                      7.73   1.91     8.47
  SINCE JAN 1      5.12                      4.21   0.91     3.88

DEGREE DAYS
 HEATING
  YESTERDAY       24                        16      8       16
  MONTH TO DATE  514                       502     12      338
  SINCE MAR 1   1140                      1271   -131     1016
  SINCE JUL 1   5563                      6158   -595     5555

 COOLING
  YESTERDAY        0                         0      0        0
  MONTH TO DATE    0                         0      0        1
  SINCE MAR 1      0                         0      0        1
  SINCE JAN 1      0                         0      0        1
..................................................................


WIND (MPH)
  HIGHEST WIND SPEED    38   HIGHEST WIND DIRECTION     W (260)
  HIGHEST GUST SPEED    47   HIGHEST GUST DIRECTION     W (250)
  AVERAGE WIND SPEED    24.7


SKY COVER
  AVERAGE SKY COVER 0.2


WEATHER CONDITIONS
 THE FOLLOWING WEATHER WAS RECORDED YESTERDAY.
  NO SIGNIFICANT WEATHER WAS OBSERVED.


RELATIVE HUMIDITY (PERCENT)
 HIGHEST   100          1200 AM
 LOWEST     33           600 PM
 AVERAGE    67

..........................................................


THE JEROME ID CLIMATE NORMALS FOR TODAY
                         NORMAL    RECORD    YEAR
 MAXIMUM TEMPERATURE (F)   62        90      1939
 MINIMUM TEMPERATURE (F)   37        24      1958


SUNRISE AND SUNSET
APRIL 28 2017.........SUNRISE   636 AM MDT   SUNSET   835 PM MDT
APRIL 29 2017.........SUNRISE   635 AM MDT   SUNSET   836 PM MDT


-  INDICATES NEGATIVE NUMBERS.
R  INDICATES RECORD WAS SET OR TIED.
MM INDICATES DATA IS MISSING.
T  INDICATES TRACE AMOUNT.




$$
