000
CDUS45 KBOI 120936
CLIJER


CLIMATE REPORT
NATIONAL WEATHER SERVICE BOISE ID
235 AM MST FRI FEB 12 2016


...................................

...THE JEROME ID CLIMATE SUMMARY FOR FEBRUARY 11 2016...

CLIMATE NORMAL PERIOD 1981 TO 2010
CLIMATE RECORD PERIOD 1919 TO 2016


WEATHER ITEM   OBSERVED TIME   RECORD YEAR NORMAL DEPARTURE LAST
                VALUE   (LST)  VALUE       VALUE  FROM      YEAR
                                                  NORMAL
..................................................................
TEMPERATURE (F)
 YESTERDAY
  MAXIMUM         36    341 PM  66    1961  38     -2       54
  MINIMUM         19    645 AM  -2    1982  21     -2       31
  AVERAGE         28                        29     -1       43

PRECIPITATION (IN)
  YESTERDAY        0.00          0.58 1994   0.03  -0.03     0.00
  MONTH TO DATE    0.01                      0.32  -0.31     0.31
  SINCE OCT 1      5.81                      4.90   0.91     4.40
  SINCE JAN 1      1.22                      1.38  -0.16     1.50

DEGREE DAYS
 HEATING
  YESTERDAY       37                        36      1       22
  MONTH TO DATE  436                       402     34      223
  SINCE DEC 1   2773                      2776     -3     2261
  SINCE JUL 1   4106                      4327   -221     3597

 COOLING
  YESTERDAY        0                         0      0        0
  MONTH TO DATE    0                         0      0        0
  SINCE DEC 1      0                         0      0        0
  SINCE JAN 1      0                         0      0        0
..................................................................


WIND (MPH)
  HIGHEST WIND SPEED    26   HIGHEST WIND DIRECTION    NE (50)
  HIGHEST GUST SPEED    30   HIGHEST GUST DIRECTION    NE (50)
  AVERAGE WIND SPEED    17.3


SKY COVER
  AVERAGE SKY COVER 0.1


WEATHER CONDITIONS
 THE FOLLOWING WEATHER WAS RECORDED YESTERDAY.
  NO SIGNIFICANT WEATHER WAS OBSERVED.


RELATIVE HUMIDITY (PERCENT)
 HIGHEST    88           500 AM
 LOWEST     70           200 PM
 AVERAGE    79

..........................................................


THE JEROME ID CLIMATE NORMALS FOR TODAY
                         NORMAL    RECORD    YEAR
 MAXIMUM TEMPERATURE (F)   38        62      1991
 MINIMUM TEMPERATURE (F)   21         0      1982


SUNRISE AND SUNSET
FEBRUARY 12 2016......SUNRISE   739 AM MST   SUNSET   605 PM MST
FEBRUARY 13 2016......SUNRISE   738 AM MST   SUNSET   606 PM MST


-  INDICATES NEGATIVE NUMBERS.
R  INDICATES RECORD WAS SET OR TIED.
MM INDICATES DATA IS MISSING.
T  INDICATES TRACE AMOUNT.




$$
