000
CDUS41 KOKX 010619
CLIJFK


CLIMATE REPORT
NATIONAL WEATHER SERVICE NEW YORK NY
218 AM EDT MON MAY 1 2017


...................................

...THE KENNEDY NY CLIMATE SUMMARY FOR APRIL 30 2017...

CLIMATE NORMAL PERIOD 1981 TO 2010
CLIMATE RECORD PERIOD 1948 TO 2017


WEATHER ITEM   OBSERVED TIME   RECORD YEAR NORMAL DEPARTURE LAST
                VALUE   (LST)  VALUE       VALUE  FROM      YEAR
                                                  NORMAL
..................................................................
TEMPERATURE (F)
 YESTERDAY
  MAXIMUM         70   1201 AM  81    2007  64      6       60
  MINIMUM         51   1159 PM  40    1975  48      3       47
  AVERAGE         61                        56      5       54

PRECIPITATION (IN)
  YESTERDAY        T             4.68 2014   0.11  -0.11     0.00
  MONTH TO DATE    4.06                      3.87   0.19     1.24
  SINCE MAR 1      9.85                      7.65   2.20     2.63
  SINCE JAN 1     16.07                     13.40   2.67    11.27

SNOWFALL (IN)
  YESTERDAY        0.0          MM      MM   0.0    0.0      0.0
  MONTH TO DATE    0.0                       0.8   -0.8       T
  SINCE OCT 1     30.9                      23.8    7.1     41.4
  SINCE JUL 1     30.9                      23.8    7.1     41.4
  SNOW DEPTH       0

DEGREE DAYS
 HEATING
  YESTERDAY        4                         9     -5       11
  MONTH TO DATE  300                       416   -116      411
  SINCE MAR 1   1088                      1140    -52      944
  SINCE JUL 1   4006                      4651   -645     3698

 COOLING
  YESTERDAY        0                         0      0        0
  MONTH TO DATE   12                         3      9        0
  SINCE MAR 1     12                         3      9        0
  SINCE JAN 1     12                         3      9        0
..................................................................


WIND (MPH)
  HIGHEST WIND SPEED    25   HIGHEST WIND DIRECTION     E (100)
  HIGHEST GUST SPEED    33   HIGHEST GUST DIRECTION     E (100)
  AVERAGE WIND SPEED    13.8


SKY COVER
  POSSIBLE SUNSHINE  MM
  AVERAGE SKY COVER 0.9


WEATHER CONDITIONS
 THE FOLLOWING WEATHER WAS RECORDED YESTERDAY.
  LIGHT RAIN
  FOG


RELATIVE HUMIDITY (PERCENT)
 HIGHEST    89          1100 PM
 LOWEST     43           800 AM
 AVERAGE    66

..........................................................


THE KENNEDY NY CLIMATE NORMALS FOR TODAY
                         NORMAL    RECORD    YEAR
 MAXIMUM TEMPERATURE (F)   64        81      2001
 MINIMUM TEMPERATURE (F)   48        38      2008


SUNRISE AND SUNSET
MAY  1 2017...........SUNRISE   554 AM EDT   SUNSET   751 PM EDT
MAY  2 2017...........SUNRISE   552 AM EDT   SUNSET   752 PM EDT


-  INDICATES NEGATIVE NUMBERS.
R  INDICATES RECORD WAS SET OR TIED.
MM INDICATES DATA IS MISSING.
T  INDICATES TRACE AMOUNT.




$$
