000
CDUS41 KOKX 250616
CLIJFK


CLIMATE REPORT
NATIONAL WEATHER SERVICE NEW YORK NY
116 AM EST THU DEC 25 2014


...................................

...THE KENNEDY NY CLIMATE SUMMARY FOR DECEMBER 24 2014...

CLIMATE NORMAL PERIOD 1981 TO 2010
CLIMATE RECORD PERIOD 1949 TO 2014


WEATHER ITEM   OBSERVED TIME   RECORD YEAR NORMAL DEPARTURE LAST
                VALUE   (LST)  VALUE       VALUE  FROM      YEAR
                                                  NORMAL
..................................................................
TEMPERATURE (F)
 YESTERDAY
  MAXIMUM         57    528 PM  58    1990  42     15       43
  MINIMUM         47    718 AM   5    1983  29     18       27
  AVERAGE         52                        35     17       35

PRECIPITATION (IN)
  YESTERDAY        1.05R         0.81 1994   0.11   0.94      T
  MONTH TO DATE    6.93                      2.68   4.25     3.32
  SINCE DEC 1      6.93                      2.68   4.25     3.32
  SINCE JAN 1     50.64                     42.06   8.58    34.30

SNOWFALL (IN)
  YESTERDAY        0.0           6.4  1966   0.2   -0.2       T
  MONTH TO DATE    0.3                       3.2   -2.9      6.7
  SINCE OCT 1      0.4                       3.4   -3.0      6.9
  SINCE JUL 1      0.4                       3.4   -3.0      6.9
  SNOW DEPTH       0

DEGREE DAYS
 HEATING
  YESTERDAY       13                        30    -17       30
  MONTH TO DATE  560                       632    -72      619
  SINCE DEC 1    560                       632    -72      619
  SINCE JUL 1   1344                      1456   -112     1433

 COOLING
  YESTERDAY        0                         0      0        0
  MONTH TO DATE    0                         0      0        0
  SINCE DEC 1      0                         0      0        0
  SINCE JAN 1   1050                      1005     45     1111
..................................................................


WIND (MPH)
  HIGHEST WIND SPEED    25   HIGHEST WIND DIRECTION     S (170)
  HIGHEST GUST SPEED    32   HIGHEST GUST DIRECTION     S (170)
  AVERAGE WIND SPEED    10.4


SKY COVER
  POSSIBLE SUNSHINE  MM
  AVERAGE SKY COVER 1.0


WEATHER CONDITIONS
 THE FOLLOWING WEATHER WAS RECORDED YESTERDAY.
  HEAVY RAIN
  RAIN
  LIGHT RAIN
  FOG
  FOG W/VISIBILITY <= 1/4 MILE


RELATIVE HUMIDITY (PERCENT)
 HIGHEST   100          1100 PM
 LOWEST     86          1100 AM
 AVERAGE    93

..........................................................


THE KENNEDY NY CLIMATE NORMALS FOR TODAY
                         NORMAL    RECORD    YEAR
 MAXIMUM TEMPERATURE (F)   41        58      1982
 MINIMUM TEMPERATURE (F)   29         2      1983


SUNRISE AND SUNSET
DECEMBER 25 2014......SUNRISE   717 AM EST   SUNSET   433 PM EST
DECEMBER 26 2014......SUNRISE   718 AM EST   SUNSET   434 PM EST


-  INDICATES NEGATIVE NUMBERS.
R  INDICATES RECORD WAS SET OR TIED.
MM INDICATES DATA IS MISSING.
T  INDICATES TRACE AMOUNT.




$$
