000
CDUS41 KOKX 312057
CLIJFK


CLIMATE REPORT
NATIONAL WEATHER SERVICE NEW YORK NY
457 PM EDT FRI OCT 31 2014


...................................

...THE KENNEDY NY CLIMATE SUMMARY FOR OCTOBER 31 2014...
VALID TODAY AS OF 0400 PM LOCAL TIME.

CLIMATE NORMAL PERIOD 1981 TO 2010
CLIMATE RECORD PERIOD 1949 TO 2014


WEATHER ITEM   OBSERVED TIME   RECORD YEAR NORMAL DEPARTURE LAST
                VALUE   (LST)  VALUE       VALUE  FROM      YEAR
                                                  NORMAL
..................................................................
TEMPERATURE (F)
 TODAY
  MAXIMUM         55    351 PM  74    2004  60     -5       67
                                      1961
  MINIMUM         46    455 AM  30    1966  45      1       53
  AVERAGE         51                        52     -1       60

PRECIPITATION (IN)
  TODAY            0.00          0.98 1989   0.11  -0.11     0.05
  MONTH TO DATE    3.68                      3.62   0.06     0.33
  SINCE SEP 1      5.11                      7.12  -2.01     2.25
  SINCE JAN 1     39.22                     36.08   3.14    28.44

SNOWFALL (IN)
  TODAY            0.0          MM      MM   0.0    0.0      0.0
  MONTH TO DATE    0.0                       0.0    0.0      0.0
  SINCE OCT 1      0.0                       0.0    0.0      0.0
  SINCE JUL 1      0.0                       0.0    0.0      0.0
  SNOW DEPTH       0

DEGREE DAYS
 HEATING
  TODAY           14                        13      1        5
  MONTH TO DATE  175                       261    -86      186
  SINCE SEP 1    194                       298   -104      231
  SINCE JUL 1    194                       299   -105      231

 COOLING
  TODAY            0                         0      0        0
  MONTH TO DATE   23                        14      9       39
  SINCE SEP 1    187                       144     43      152
  SINCE JAN 1   1050                      1005     45     1111
..................................................................


WIND (MPH)
  HIGHEST WIND SPEED    14   HIGHEST WIND DIRECTION    NE (50)
  HIGHEST GUST SPEED    17   HIGHEST GUST DIRECTION    NE (30)
  AVERAGE WIND SPEED     7.8


SKY COVER
  AVERAGE SKY COVER 0.7


WEATHER CONDITIONS
 THE FOLLOWING WEATHER WAS RECORDED TODAY.
  NO SIGNIFICANT WEATHER WAS OBSERVED.


RELATIVE HUMIDITY (PERCENT)
 HIGHEST    71           100 AM
 LOWEST     50           900 AM
 AVERAGE    61

..........................................................


THE KENNEDY NY CLIMATE NORMALS FOR TOMORROW
                         NORMAL    RECORD    YEAR
 MAXIMUM TEMPERATURE (F)   59        77      1982
 MINIMUM TEMPERATURE (F)   45        36      1983
                                             1976
                                             1964


SUNRISE AND SUNSET
OCTOBER 31 2014.......SUNRISE   724 AM EDT   SUNSET   553 PM EDT
NOVEMBER  1 2014......SUNRISE   725 AM EDT   SUNSET   552 PM EDT


-  INDICATES NEGATIVE NUMBERS.
R  INDICATES RECORD WAS SET OR TIED.
MM INDICATES DATA IS MISSING.
T  INDICATES TRACE AMOUNT.




$$
