000
CDUS41 KOKX 270620
CLIJFK


CLIMATE REPORT
NATIONAL WEATHER SERVICE NEW YORK NY
220 AM EDT TUE SEP 27 2016


...................................

...THE KENNEDY NY CLIMATE SUMMARY FOR SEPTEMBER 26 2016...

CLIMATE NORMAL PERIOD 1981 TO 2010
CLIMATE RECORD PERIOD 1948 TO 2016


WEATHER ITEM   OBSERVED TIME   RECORD YEAR NORMAL DEPARTURE LAST
                VALUE   (LST)  VALUE       VALUE  FROM      YEAR
                                                  NORMAL
..................................................................
TEMPERATURE (F)
 YESTERDAY
  MAXIMUM         72    138 PM  87    1970  72      0       73
  MINIMUM         51    536 AM  47    1949  57     -6       59
  AVERAGE         62                        64     -2       66

PRECIPITATION (IN)
  YESTERDAY        T             3.08 1975   0.13  -0.13     0.00
  MONTH TO DATE    2.36                      2.97  -0.61     1.59
  SINCE SEP 1      2.36                      2.97  -0.61     1.59
  SINCE JAN 1     25.63                     31.93  -6.30    27.13

SNOWFALL (IN)
  YESTERDAY        0.0          MM      MM   0.0    0.0      0.0
  MONTH TO DATE    0.0                       0.0    0.0      0.0
  SINCE OCT 1     41.4                      23.8   17.6     44.2
  SINCE JUL 1      0.0                       0.0    0.0      0.0
  SNOW DEPTH       0

DEGREE DAYS
 HEATING
  YESTERDAY        3                         3      0        0
  MONTH TO DATE    6                        23    -17        0
  SINCE SEP 1      6                        23    -17        0
  SINCE JUL 1      6                        24    -18        0

 COOLING
  YESTERDAY        0                         2     -2        1
  MONTH TO DATE  202                       123     79      224
  SINCE SEP 1    202                       123     79      224
  SINCE JAN 1   1339                       984    355     1357
..................................................................


WIND (MPH)
  HIGHEST WIND SPEED    21   HIGHEST WIND DIRECTION     S (190)
  HIGHEST GUST SPEED    25   HIGHEST GUST DIRECTION     S (190)
  AVERAGE WIND SPEED    11.5


SKY COVER
  POSSIBLE SUNSHINE  MM
  AVERAGE SKY COVER 0.6


WEATHER CONDITIONS
 THE FOLLOWING WEATHER WAS RECORDED YESTERDAY.
  LIGHT RAIN


RELATIVE HUMIDITY (PERCENT)
 HIGHEST    73          1100 PM
 LOWEST     44          1000 AM
 AVERAGE    59

..........................................................


THE KENNEDY NY CLIMATE NORMALS FOR TODAY
                         NORMAL    RECORD    YEAR
 MAXIMUM TEMPERATURE (F)   71        89      1998
 MINIMUM TEMPERATURE (F)   57        46      2000
                                             1978


SUNRISE AND SUNSET
SEPTEMBER 27 2016.....SUNRISE   648 AM EDT   SUNSET   643 PM EDT
SEPTEMBER 28 2016.....SUNRISE   649 AM EDT   SUNSET   641 PM EDT


-  INDICATES NEGATIVE NUMBERS.
R  INDICATES RECORD WAS SET OR TIED.
MM INDICATES DATA IS MISSING.
T  INDICATES TRACE AMOUNT.




$$
