000
CDUS43 KJKL 290525
CLIJKL

CLIMATE REPORT
NATIONAL WEATHER SERVICE JACKSON KY
125 AM EDT THU SEP 29 2016

...................................

...THE JACKSON KY CLIMATE SUMMARY FOR SEPTEMBER 28 2016...

CLIMATE NORMAL PERIOD 1981 TO 2010
CLIMATE RECORD PERIOD 1981 TO 2016

WEATHER ITEM   OBSERVED TIME   RECORD YEAR NORMAL DEPARTURE LAST
                VALUE   (LST)  VALUE       VALUE  FROM      YEAR
                                                  NORMAL
..................................................................
TEMPERATURE (F)
 YESTERDAY
  MAXIMUM         80    334 PM  87    1986  74      6       82
  MINIMUM         50    607 AM  41    1985  54     -4       65
  AVERAGE         65                        64      1       74

PRECIPITATION (IN)
  YESTERDAY        0.35          1.06 1996   0.12   0.23     0.02
  MONTH TO DATE    1.29                      3.23  -1.94     1.53
  SINCE SEP 1      1.29                      3.23  -1.94     1.53
  SINCE JAN 1     42.28                     36.78   5.50    47.31

SNOWFALL (IN)
  YESTERDAY        0.0                       0.0    0.0      0.0
  MONTH TO DATE    0.0                       0.0    0.0      0.0
  SINCE SEP 1      0.0                       0.0    0.0      0.0
  SINCE JUL 1      0.0                       0.0    0.0      0.0
  SNOW DEPTH       0

DEGREE DAYS
 HEATING
  YESTERDAY        0                         4     -4        0
  MONTH TO DATE    2                        41    -39       19
  SINCE SEP 1      2                        41    -39       19
  SINCE JUL 1      2                        43    -41       19

 COOLING
  YESTERDAY        0                         3     -3        9
  MONTH TO DATE  248                       140    108      176
  SINCE SEP 1    248                       140    108      176
  SINCE JAN 1   1480                      1118    362     1227
..................................................................

WIND (MPH)
  HIGHEST WIND SPEED    13   HIGHEST WIND DIRECTION    NW (330)
  HIGHEST GUST SPEED    23   HIGHEST GUST DIRECTION    NW (320)
  AVERAGE WIND SPEED     3.2

SKY COVER
  POSSIBLE SUNSHINE  MM
  AVERAGE SKY COVER 0.3

WEATHER CONDITIONS
 THE FOLLOWING WEATHER WAS RECORDED YESTERDAY.
  HEAVY RAIN
  RAIN
  LIGHT RAIN
  FOG

RELATIVE HUMIDITY (PERCENT)
 HIGHEST    93           900 PM
 LOWEST     35           200 PM
 AVERAGE    64
..........................................................

THE JACKSON KY CLIMATE NORMALS FOR TODAY
                         NORMAL    RECORD    YEAR
 MAXIMUM TEMPERATURE (F)   73        87      1986
 MINIMUM TEMPERATURE (F)   53        41      1984

SUNRISE AND SUNSET
SEPTEMBER 29 2016.....SUNRISE   727 AM EDT   SUNSET   719 PM EDT
SEPTEMBER 30 2016.....SUNRISE   728 AM EDT   SUNSET   717 PM EDT

-  INDICATES NEGATIVE NUMBERS.
R  INDICATES RECORD WAS SET OR TIED.
MM INDICATES DATA IS MISSING.
T  INDICATES TRACE AMOUNT.

$$

GEOGERIAN
