000
CDUS43 KJKL 290551
CLIJKL

CLIMATE REPORT
NATIONAL WEATHER SERVICE JACKSON KY
150 AM EDT FRI MAY 29 2015
...................................

...THE JACKSON KY CLIMATE SUMMARY FOR MAY 28 2015...

CLIMATE NORMAL PERIOD 1981 TO 2010
CLIMATE RECORD PERIOD 1981 TO 2015

WEATHER ITEM   OBSERVED TIME   RECORD YEAR NORMAL DEPARTURE LAST
                VALUE   (LST)  VALUE       VALUE  FROM      YEAR
                                                  NORMAL
..................................................................
TEMPERATURE (F)
 YESTERDAY
  MAXIMUM         79    336 PM  89    2012  77      2       86
                                      1987
  MINIMUM         62    542 AM  37    1994  58      4       64
  AVERAGE         71                        67      4       75

PRECIPITATION (IN)
  YESTERDAY        T             1.00 1990   0.17  -0.17     0.00
  MONTH TO DATE    1.55                      4.67  -3.12     2.19
  SINCE MAR 1     18.10                     12.62   5.48    13.13
  SINCE JAN 1     24.28                     19.98   4.30    20.75

SNOWFALL (IN)
  YESTERDAY        0.0           0.0  2002   0.0    0.0      0.0
                                      2001
  MONTH TO DATE    0.0                       0.0    0.0      0.0
  SINCE MAR 1      3.7                       3.9   -0.2     11.9
  SINCE JUL 1     29.1                      23.5    5.6     38.9
  SNOW DEPTH       0

DEGREE DAYS
 HEATING
  YESTERDAY        0                         2     -2        0
  MONTH TO DATE   44                        96    -52       79
  SINCE MAR 1    801                       917   -116      908
  SINCE JUL 1   4566                      4217    349     4509

 COOLING
  YESTERDAY        6                         4      2       10
  MONTH TO DATE  147                        79     68      127
  SINCE MAR 1    172                       125     47      166
  SINCE JAN 1    172                       125     47      166
..................................................................

WIND (MPH)
  HIGHEST WIND SPEED     6   HIGHEST WIND DIRECTION    SE (140)
  HIGHEST GUST SPEED     8   HIGHEST GUST DIRECTION    SE (130)
  AVERAGE WIND SPEED     0.3

SKY COVER
  POSSIBLE SUNSHINE  MM
  AVERAGE SKY COVER 0.3

WEATHER CONDITIONS
 THE FOLLOWING WEATHER WAS RECORDED YESTERDAY.
  LIGHT RAIN

RELATIVE HUMIDITY (PERCENT)
 HIGHEST    93           600 AM
 LOWEST     62           200 PM
 AVERAGE    78
..........................................................

THE JACKSON KY CLIMATE NORMALS FOR TODAY
                         NORMAL    RECORD    YEAR
 MAXIMUM TEMPERATURE (F)   77        89      2011
                                             2006
                                             1987
 MINIMUM TEMPERATURE (F)   58        44      1984

SUNRISE AND SUNSET
MAY 29 2015...........SUNRISE   615 AM EDT   SUNSET   847 PM EDT
MAY 30 2015...........SUNRISE   614 AM EDT   SUNSET   847 PM EDT

-  INDICATES NEGATIVE NUMBERS.
R  INDICATES RECORD WAS SET OR TIED.
MM INDICATES DATA IS MISSING.
T  INDICATES TRACE AMOUNT.

$$
