000
CDUS43 KSGF 232327
CLIJLN


CLIMATE REPORT
NATIONAL WEATHER SERVICE SPRINGFIELD MO
526 PM CST TUE JAN 23 2018


...................................

...THE JOPLIN MO CLIMATE SUMMARY FOR JANUARY 23 2018...
VALID TODAY AS OF 0500 PM LOCAL TIME.

CLIMATE NORMAL PERIOD 1981 TO 2010
CLIMATE RECORD PERIOD 1902 TO 2018


WEATHER ITEM   OBSERVED TIME   RECORD YEAR NORMAL DEPARTURE LAST
                VALUE   (LST)  VALUE       VALUE  FROM      YEAR
                                                  NORMAL
..................................................................
TEMPERATURE (F)
 TODAY
  MAXIMUM         42    423 PM  72    1967  45     -3       52
  MINIMUM         29    551 AM  -7    1963  25      4       35
  AVERAGE         36                        35      1       44

PRECIPITATION (IN)
  TODAY            0.00          1.34 1949   0.07  -0.07     0.00
  MONTH TO DATE    0.47                      1.52  -1.05     3.65
  SINCE DEC 1      1.84                      4.34  -2.50     4.24
  SINCE JAN 1      0.47                      1.52  -1.05     3.65

DEGREE DAYS
 HEATING
  TODAY           29                        30     -1       21
  MONTH TO DATE  805                       690    115      591
  SINCE DEC 1   1646                      1550     96     1468
  SINCE JUL 1   2291                      2307    -16     1923

 COOLING
  TODAY            0                         0      0        0
  MONTH TO DATE    0                         0      0        0
  SINCE DEC 1      0                         0      0        0
  SINCE JAN 1      0                         0      0        0
..................................................................


WIND (MPH)
  HIGHEST WIND SPEED    24   HIGHEST WIND DIRECTION    NW (300)
  HIGHEST GUST SPEED    31   HIGHEST GUST DIRECTION    NW (310)


SKY COVER
  AVERAGE SKY COVER 0.7


WEATHER CONDITIONS
 THE FOLLOWING WEATHER WAS RECORDED TODAY.
  NO SIGNIFICANT WEATHER WAS OBSERVED.


RELATIVE HUMIDITY (PERCENT)
 HIGHEST    85           500 AM
 LOWEST     57           400 PM
 AVERAGE    71

..........................................................


THE JOPLIN MO CLIMATE NORMALS FOR TOMORROW
                         NORMAL    RECORD    YEAR
 MAXIMUM TEMPERATURE (F)   45        77      1950
 MINIMUM TEMPERATURE (F)   25        -7      1963


SUNRISE AND SUNSET
JANUARY 23 2018.......SUNRISE   727 AM CST   SUNSET   533 PM CST
JANUARY 24 2018.......SUNRISE   726 AM CST   SUNSET   534 PM CST


-  INDICATES NEGATIVE NUMBERS.
R  INDICATES RECORD WAS SET OR TIED.
MM INDICATES DATA IS MISSING.
T  INDICATES TRACE AMOUNT.




$$
