000
CDUS43 KSGF 230634
CLIJLN


CLIMATE REPORT
NATIONAL WEATHER SERVICE SPRINGFIELD MO
1234 AM CST MON JAN 23 2017


...................................

...THE JOPLIN MO CLIMATE SUMMARY FOR JANUARY 22 2017...

CLIMATE NORMAL PERIOD 1981 TO 2010
CLIMATE RECORD PERIOD 1902 TO 2017


WEATHER ITEM   OBSERVED TIME   RECORD YEAR NORMAL DEPARTURE LAST
                VALUE   (LST)  VALUE       VALUE  FROM      YEAR
                                                  NORMAL
..................................................................
TEMPERATURE (F)
 YESTERDAY
  MAXIMUM         51    153 AM  73    1967  45      6       33
  MINIMUM         35    808 PM   3    1963  25     10       22
  AVERAGE         43                        35      8       28

PRECIPITATION (IN)
  YESTERDAY        0.87R         0.50 1982   0.06   0.81     0.00
  MONTH TO DATE    3.65                      1.45   2.20     0.30
  SINCE DEC 1      4.24                      4.27  -0.03    10.07
  SINCE JAN 1      3.65                      1.45   2.20     0.30

DEGREE DAYS
 HEATING
  YESTERDAY       22                        30     -8       37
  MONTH TO DATE  570                       660    -90      684
  SINCE DEC 1   1447                      1520    -73     1321
  SINCE JUL 1   1902                      2277   -375     1939

 COOLING
  YESTERDAY        0                         0      0        0
  MONTH TO DATE    0                         0      0        0
  SINCE DEC 1      0                         0      0        3
  SINCE JAN 1      0                         0      0        0
..................................................................


WIND (MPH)
  HIGHEST WIND SPEED    24   HIGHEST WIND DIRECTION     N (350)
  HIGHEST GUST SPEED    32   HIGHEST GUST DIRECTION     N (10)
  AVERAGE WIND SPEED    13.6


SKY COVER
  AVERAGE SKY COVER 0.7


WEATHER CONDITIONS
 THE FOLLOWING WEATHER WAS RECORDED YESTERDAY.
  THUNDERSTORM
  RAIN
  LIGHT RAIN
  FOG


RELATIVE HUMIDITY (PERCENT)
 HIGHEST   100           800 AM
 LOWEST     85           900 PM
 AVERAGE    93

..........................................................


THE JOPLIN MO CLIMATE NORMALS FOR TODAY
                         NORMAL    RECORD    YEAR
 MAXIMUM TEMPERATURE (F)   45        72      1967
 MINIMUM TEMPERATURE (F)   25        -7      1963


SUNRISE AND SUNSET
JANUARY 23 2017.......SUNRISE   727 AM CST   SUNSET   533 PM CST
JANUARY 24 2017.......SUNRISE   726 AM CST   SUNSET   534 PM CST


-  INDICATES NEGATIVE NUMBERS.
R  INDICATES RECORD WAS SET OR TIED.
MM INDICATES DATA IS MISSING.
T  INDICATES TRACE AMOUNT.




$$
