000
CDUS43 KBIS 280724
CLIJMS


CLIMATE REPORT
NATIONAL WEATHER SERVICE BISMARCK ND
223 AM CDT SAT MAR 28 2015


...................................

...THE JAMESTOWN ND CLIMATE SUMMARY FOR MARCH 27 2015...

CLIMATE NORMAL PERIOD 1981 TO 2010
CLIMATE RECORD PERIOD 1891 TO 2015


WEATHER ITEM   OBSERVED TIME   RECORD YEAR NORMAL DEPARTURE LAST
                VALUE   (LST)  VALUE       VALUE  FROM      YEAR
                                                  NORMAL
..................................................................
TEMPERATURE (F)
 YESTERDAY
  MAXIMUM         30   1101 PM  80    1946  43    -13       34
  MINIMUM         14   1238 AM -14    1899  23     -9       16
  AVERAGE         22                        33    -11       25

PRECIPITATION (IN)
  YESTERDAY        0.16          1.80 2004   0.03   0.13     0.00
  MONTH TO DATE    0.23                      0.71  -0.48     0.03
  SINCE MAR 1      0.23                      0.71  -0.48     0.03
  SINCE JAN 1      0.65                      1.56  -0.91     0.42

DEGREE DAYS
 HEATING
  YESTERDAY       43                        32     11       40
  MONTH TO DATE  917                      1038   -121     1130
  SINCE MAR 1    917                      1038   -121     1130
  SINCE JUL 1   7654                      7797   -143     8398

 COOLING
  YESTERDAY        0                         0      0        0
  MONTH TO DATE    0                         0      0        0
  SINCE MAR 1      0                         0      0        0
  SINCE JAN 1      0                         0      0        0
..................................................................


WIND (MPH)
  HIGHEST WIND SPEED    20   HIGHEST WIND DIRECTION     S (170)
  HIGHEST GUST SPEED    23   HIGHEST GUST DIRECTION     S (170)
  AVERAGE WIND SPEED    11.9


SKY COVER
  POSSIBLE SUNSHINE  MM
  AVERAGE SKY COVER 0.7


WEATHER CONDITIONS
 THE FOLLOWING WEATHER WAS RECORDED YESTERDAY.
  LT FREEZING RAIN
  SNOW
  LIGHT SNOW
  FOG


RELATIVE HUMIDITY (PERCENT)
 HIGHEST    92           100 PM
 LOWEST     63           900 AM
 AVERAGE    78

..........................................................


THE JAMESTOWN ND CLIMATE NORMALS FOR TODAY
                         NORMAL    RECORD    YEAR
 MAXIMUM TEMPERATURE (F)   44        76      1986
 MINIMUM TEMPERATURE (F)   23       -10      1969


SUNRISE AND SUNSET
MARCH 28 2015.........SUNRISE   722 AM CDT   SUNSET   758 PM CDT
MARCH 29 2015.........SUNRISE   720 AM CDT   SUNSET   800 PM CDT


-  INDICATES NEGATIVE NUMBERS.
R  INDICATES RECORD WAS SET OR TIED.
MM INDICATES DATA IS MISSING.
T  INDICATES TRACE AMOUNT.




$$
