000
CDUS43 KBIS 100753
CLIJMS


CLIMATE REPORT
NATIONAL WEATHER SERVICE BISMARCK ND
152 AM CST SUN DEC 10 2017


...................................

...THE JAMESTOWN ND CLIMATE SUMMARY FOR DECEMBER 9 2017...

CLIMATE NORMAL PERIOD 1981 TO 2010
CLIMATE RECORD PERIOD 1891 TO 2017


WEATHER ITEM   OBSERVED TIME   RECORD YEAR NORMAL DEPARTURE LAST
                VALUE   (LST)  VALUE       VALUE  FROM      YEAR
                                                  NORMAL
..................................................................
TEMPERATURE (F)
 YESTERDAY
  MAXIMUM         35   1042 PM  63    1939  25     10       -1
  MINIMUM         14    813 AM -30    1927   7      7      -14
  AVERAGE         25                        16      9       -7

PRECIPITATION (IN)
  YESTERDAY        0.00          0.50 1906   0.01  -0.01     0.00
  MONTH TO DATE    T                         0.12  -0.12     0.19
  SINCE DEC 1      T                         0.12  -0.12     0.19
  SINCE JAN 1     12.38                     18.49  -6.11    25.05

DEGREE DAYS
 HEATING
  YESTERDAY       40                        49     -9       72
  MONTH TO DATE  363                       428    -65      431
  SINCE DEC 1    363                       428    -65      431
  SINCE JUL 1   2333                      2512   -179     1992

 COOLING
  YESTERDAY        0                         0      0        0
  MONTH TO DATE    0                         0      0        0
  SINCE DEC 1      0                         0      0        0
  SINCE JAN 1    397                       446    -49      419
..................................................................


WIND (MPH)
  HIGHEST WIND SPEED    23   HIGHEST WIND DIRECTION    NW (310)
  HIGHEST GUST SPEED    30   HIGHEST GUST DIRECTION    NW (300)
  AVERAGE WIND SPEED    12.8


SKY COVER
  POSSIBLE SUNSHINE  MM
  AVERAGE SKY COVER 0.4


WEATHER CONDITIONS
 THE FOLLOWING WEATHER WAS RECORDED YESTERDAY.
  NO SIGNIFICANT WEATHER WAS OBSERVED.


RELATIVE HUMIDITY (PERCENT)
 HIGHEST    88           800 AM
 LOWEST     66           600 PM
 AVERAGE    77

..........................................................


THE JAMESTOWN ND CLIMATE NORMALS FOR TODAY
                         NORMAL    RECORD    YEAR
 MAXIMUM TEMPERATURE (F)   24        55      1939
 MINIMUM TEMPERATURE (F)    7       -26      1927
                                             1919


SUNRISE AND SUNSET
DECEMBER 10 2017......SUNRISE   809 AM CST   SUNSET   446 PM CST
DECEMBER 11 2017......SUNRISE   810 AM CST   SUNSET   446 PM CST


-  INDICATES NEGATIVE NUMBERS.
R  INDICATES RECORD WAS SET OR TIED.
MM INDICATES DATA IS MISSING.
T  INDICATES TRACE AMOUNT.




$$
