000
CDUS43 KBIS 310737
CLIJMS


CLIMATE REPORT
NATIONAL WEATHER SERVICE BISMARCK ND
137 AM CST SAT JAN 31 2015


...................................

...THE JAMESTOWN ND CLIMATE SUMMARY FOR JANUARY 30 2015...

CLIMATE NORMAL PERIOD 1981 TO 2010
CLIMATE RECORD PERIOD 1891 TO 2015


WEATHER ITEM   OBSERVED TIME   RECORD YEAR NORMAL DEPARTURE LAST
                VALUE   (LST)  VALUE       VALUE  FROM      YEAR
                                                  NORMAL
..................................................................
TEMPERATURE (F)
 YESTERDAY
  MAXIMUM         38    201 PM  47    1934  21     17       14
  MINIMUM         17    132 AM -40    1918   1     16       -7
  AVERAGE         28                        11     17        4

PRECIPITATION (IN)
  YESTERDAY        0.00          0.12 1988   0.01  -0.01      T
  MONTH TO DATE    0.27                      0.44  -0.17     0.29
  SINCE DEC 1      0.30                      0.84  -0.54     0.55
  SINCE JAN 1      0.27                      0.44  -0.17     0.29

DEGREE DAYS
 HEATING
  YESTERDAY       37                        54    -17       61
  MONTH TO DATE 1444                      1645   -201     1683
  SINCE DEC 1   2907                      3221   -314     3545
  SINCE JUL 1   5070                      5305   -235     5553

 COOLING
  YESTERDAY        0                         0      0        0
  MONTH TO DATE    0                         0      0        0
  SINCE DEC 1      0                         0      0        0
  SINCE JAN 1      0                         0      0        0
..................................................................


WIND (MPH)
  HIGHEST WIND SPEED    23   HIGHEST WIND DIRECTION     S (180)
  HIGHEST GUST SPEED    28   HIGHEST GUST DIRECTION     S (170)
  AVERAGE WIND SPEED    13.2


SKY COVER
  POSSIBLE SUNSHINE  MM
  AVERAGE SKY COVER 0.6


WEATHER CONDITIONS
 THE FOLLOWING WEATHER WAS RECORDED YESTERDAY.
  FOG


RELATIVE HUMIDITY (PERCENT)
 HIGHEST    92           400 AM
 LOWEST     59           100 PM
 AVERAGE    76

..........................................................


THE JAMESTOWN ND CLIMATE NORMALS FOR TODAY
                         NORMAL    RECORD    YEAR
 MAXIMUM TEMPERATURE (F)   21        53      1924
 MINIMUM TEMPERATURE (F)    1       -40      1918


SUNRISE AND SUNSET
JANUARY 31 2015.......SUNRISE   801 AM CST   SUNSET   536 PM CST
FEBRUARY  1 2015......SUNRISE   800 AM CST   SUNSET   537 PM CST


-  INDICATES NEGATIVE NUMBERS.
R  INDICATES RECORD WAS SET OR TIED.
MM INDICATES DATA IS MISSING.
T  INDICATES TRACE AMOUNT.




$$
