000
CDUS43 KBIS 070859
CLIJMS


CLIMATE REPORT
NATIONAL WEATHER SERVICE BISMARCK ND
259 AM CST WED DEC 7 2016


...................................

...THE JAMESTOWN ND CLIMATE SUMMARY FOR DECEMBER 6 2016...

CLIMATE NORMAL PERIOD 1981 TO 2010
CLIMATE RECORD PERIOD 1891 TO 2016


WEATHER ITEM   OBSERVED TIME   RECORD YEAR NORMAL DEPARTURE LAST
                VALUE   (LST)  VALUE       VALUE  FROM      YEAR
                                                  NORMAL
..................................................................
TEMPERATURE (F)
 YESTERDAY
  MAXIMUM         26    352 AM  67    1939  26      0       43
  MINIMUM          8   1106 PM -26    1972   8      0       17
  AVERAGE         17                        17      0       30

PRECIPITATION (IN)
  YESTERDAY        0.08          0.68 1951   0.02   0.06     0.00
  MONTH TO DATE    0.19                      0.09   0.10     0.01
  SINCE DEC 1      0.19                      0.09   0.10     0.01
  SINCE JAN 1     25.05                     18.46   6.59    22.25

DEGREE DAYS
 HEATING
  YESTERDAY       48                        48      0       35
  MONTH TO DATE  239                       282    -43      222
  SINCE DEC 1    239                       282    -43      222
  SINCE JUL 1   1800                      2366   -566     1870

 COOLING
  YESTERDAY        0                         0      0        0
  MONTH TO DATE    0                         0      0        0
  SINCE DEC 1      0                         0      0        0
  SINCE JAN 1    419                       446    -27      508
..................................................................


WIND (MPH)
  HIGHEST WIND SPEED    46   HIGHEST WIND DIRECTION    NW (300)
  HIGHEST GUST SPEED    57   HIGHEST GUST DIRECTION    NW (300)
  AVERAGE WIND SPEED    33.5


SKY COVER
  POSSIBLE SUNSHINE  MM
  AVERAGE SKY COVER 1.0


WEATHER CONDITIONS
 THE FOLLOWING WEATHER WAS RECORDED YESTERDAY.
  SNOW
  LIGHT SNOW
  FOG
  FOG W/VISIBILITY <= 1/4 MILE
  BLOWING SNOW


RELATIVE HUMIDITY (PERCENT)
 HIGHEST    92           300 AM
 LOWEST     80          1200 PM
 AVERAGE    86

..........................................................


THE JAMESTOWN ND CLIMATE NORMALS FOR TODAY
                         NORMAL    RECORD    YEAR
 MAXIMUM TEMPERATURE (F)   25        61      1939
 MINIMUM TEMPERATURE (F)    8       -24      1906


SUNRISE AND SUNSET
DECEMBER  7 2016......SUNRISE   807 AM CST   SUNSET   446 PM CST
DECEMBER  8 2016......SUNRISE   808 AM CST   SUNSET   446 PM CST


-  INDICATES NEGATIVE NUMBERS.
R  INDICATES RECORD WAS SET OR TIED.
MM INDICATES DATA IS MISSING.
T  INDICATES TRACE AMOUNT.




$$
