000
CDUS43 KBIS 280035
CLIJMS


CLIMATE REPORT
NATIONAL WEATHER SERVICE BISMARCK ND
734 PM CDT FRI MAY 27 2016


...................................

...THE JAMESTOWN ND CLIMATE SUMMARY FOR MAY 27 2016...
VALID TODAY AS OF 0700 PM LOCAL TIME.

CLIMATE NORMAL PERIOD 1981 TO 2010
CLIMATE RECORD PERIOD 1891 TO 2016


WEATHER ITEM   OBSERVED TIME   RECORD YEAR NORMAL DEPARTURE LAST
                VALUE   (LST)  VALUE       VALUE  FROM      YEAR
                                                  NORMAL
..................................................................
TEMPERATURE (F)
 TODAY
  MAXIMUM         73    351 PM 102    1934  71      2       81
  MINIMUM         50    323 AM  23    1907  47      3       55
  AVERAGE         62                        59      3       68

PRECIPITATION (IN)
  TODAY            0.00          2.25 1912   0.09  -0.09     0.16
  MONTH TO DATE    1.69                      2.27  -0.58     8.64
  SINCE MAR 1      4.62                      4.31   0.31     9.63
  SINCE JAN 1      4.73                      5.16  -0.43    10.05

DEGREE DAYS
 HEATING
  TODAY            3                         7     -4        0
  MONTH TO DATE  246                       297    -51      326
  SINCE MAR 1   1791                      2132   -341     1913
  SINCE JUL 1   7533                      8891  -1358     8650

 COOLING
  TODAY            0                         1     -1        3
  MONTH TO DATE   12                        16     -4        4
  SINCE MAR 1     12                        18     -6        4
  SINCE JAN 1     12                        18     -6        4
..................................................................


WIND (MPH)
  RESULTANT WIND SPEED   5   RESULTANT WIND DIRECTION   N (10)
  HIGHEST WIND SPEED    15   HIGHEST WIND DIRECTION    NE (30)
  HIGHEST GUST SPEED    18   HIGHEST GUST DIRECTION    NE (30)
  AVERAGE WIND SPEED     6.3


SKY COVER
  POSSIBLE SUNSHINE  MM
  AVERAGE SKY COVER 0.2


WEATHER CONDITIONS
 THE FOLLOWING WEATHER WAS RECORDED TODAY.
  FOG


RELATIVE HUMIDITY (PERCENT)
 HIGHEST   100          1200 AM
 LOWEST     44           300 PM
 AVERAGE    72

..........................................................


THE JAMESTOWN ND CLIMATE NORMALS FOR TOMORROW
                         NORMAL    RECORD    YEAR
 MAXIMUM TEMPERATURE (F)   71        96      1900
 MINIMUM TEMPERATURE (F)   47        23      1947


SUNRISE AND SUNSET
MAY 27 2016...........SUNRISE   547 AM CDT   SUNSET   917 PM CDT
MAY 28 2016...........SUNRISE   546 AM CDT   SUNSET   918 PM CDT


-  INDICATES NEGATIVE NUMBERS.
R  INDICATES RECORD WAS SET OR TIED.
MM INDICATES DATA IS MISSING.
T  INDICATES TRACE AMOUNT.




$$
