000
CDUS43 KBIS 300727
CLIJMS


CLIMATE REPORT
NATIONAL WEATHER SERVICE BISMARCK ND
227 AM CDT WED JUL 30 2014


...................................

...THE JAMESTOWN ND CLIMATE SUMMARY FOR JULY 29 2014...

CLIMATE NORMAL PERIOD 1981 TO 2010
CLIMATE RECORD PERIOD 1891 TO 2014


WEATHER ITEM   OBSERVED TIME   RECORD YEAR NORMAL DEPARTURE LAST
                VALUE   (LST)  VALUE       VALUE  FROM      YEAR
                                                  NORMAL
..................................................................
TEMPERATURE (F)
 YESTERDAY
  MAXIMUM         79    354 PM 103    1939  84     -5       75
  MINIMUM         50    552 AM  40    1899  58     -8       49
  AVERAGE         65                        71     -6       62

PRECIPITATION (IN)
  YESTERDAY        0.00          0.87 1979   0.09  -0.09     0.28
  MONTH TO DATE    0.82                      3.20  -2.38     0.67
  SINCE JUN 1      7.18                      6.39   0.79     2.40
  SINCE JAN 1     15.62                     11.94   3.68     7.99

DEGREE DAYS
 HEATING
  YESTERDAY        0                         0      0        3
  MONTH TO DATE   28                        19      9       23
  SINCE JUN 1     87                       116    -29      108
  SINCE JUL 1     28                        19      9       23

 COOLING
  YESTERDAY        0                         6     -6        0
  MONTH TO DATE  112                       163    -51      180
  SINCE JUN 1    168                       243    -75      280
  SINCE JAN 1    222                       263    -41      291
..................................................................


WIND (MPH)
  HIGHEST WIND SPEED    10   HIGHEST WIND DIRECTION    NE (30)
  HIGHEST GUST SPEED    17   HIGHEST GUST DIRECTION    NW (320)
  AVERAGE WIND SPEED     4.2


SKY COVER
  POSSIBLE SUNSHINE  MM
  AVERAGE SKY COVER 0.1


WEATHER CONDITIONS
 THE FOLLOWING WEATHER WAS RECORDED YESTERDAY.
  FOG


RELATIVE HUMIDITY (PERCENT)
 HIGHEST    96           500 AM
 LOWEST     42           400 PM
 AVERAGE    69

..........................................................


THE JAMESTOWN ND CLIMATE NORMALS FOR TODAY
                         NORMAL    RECORD    YEAR
 MAXIMUM TEMPERATURE (F)   84       106      2006
 MINIMUM TEMPERATURE (F)   58        38      1903


SUNRISE AND SUNSET
JULY 30 2014..........SUNRISE   612 AM CDT   SUNSET   910 PM CDT
JULY 31 2014..........SUNRISE   613 AM CDT   SUNSET   908 PM CDT


-  INDICATES NEGATIVE NUMBERS.
R  INDICATES RECORD WAS SET OR TIED.
MM INDICATES DATA IS MISSING.
T  INDICATES TRACE AMOUNT.




$$
