000
CDUS43 KBIS 040724
CLIJMS


CLIMATE REPORT
NATIONAL WEATHER SERVICE BISMARCK ND
223 AM CDT TUE AUG 4 2015


...................................

...THE JAMESTOWN ND CLIMATE SUMMARY FOR AUGUST 3 2015...

CLIMATE NORMAL PERIOD 1981 TO 2010
CLIMATE RECORD PERIOD 1891 TO 2015


WEATHER ITEM   OBSERVED TIME   RECORD YEAR NORMAL DEPARTURE LAST
                VALUE   (LST)  VALUE       VALUE  FROM      YEAR
                                                  NORMAL
..................................................................
TEMPERATURE (F)
 YESTERDAY
  MAXIMUM         78    445 PM 103    1989  84     -6       78
  MINIMUM         52    537 AM  35    1907  57     -5       59
  AVERAGE         65                        70     -5       69

PRECIPITATION (IN)
  YESTERDAY        0.00          1.07 1911   0.07  -0.07     0.00
  MONTH TO DATE    0.00                      0.20  -0.20      T
  SINCE JUN 1      8.62                      6.74   1.88     7.18
  SINCE JAN 1     18.78                     12.29   6.49    15.62

DEGREE DAYS
 HEATING
  YESTERDAY        0                         1     -1        0
  MONTH TO DATE    0                         2     -2        0
  SINCE JUN 1     51                       121    -70       87
  SINCE JUL 1      9                        24    -15       28

 COOLING
  YESTERDAY        0                         6     -6        4
  MONTH TO DATE    9                        18     -9       18
  SINCE JUN 1    305                       270     35      191
  SINCE JAN 1    313                       290     23      245
..................................................................


WIND (MPH)
  HIGHEST WIND SPEED    16   HIGHEST WIND DIRECTION    NW (330)
  HIGHEST GUST SPEED    24   HIGHEST GUST DIRECTION     N (340)
  AVERAGE WIND SPEED     5.7


SKY COVER
  POSSIBLE SUNSHINE  MM
  AVERAGE SKY COVER 0.0


WEATHER CONDITIONS
 THE FOLLOWING WEATHER WAS RECORDED YESTERDAY.
  NO SIGNIFICANT WEATHER WAS OBSERVED.


RELATIVE HUMIDITY (PERCENT)
 HIGHEST    89           300 AM
 LOWEST     31           400 PM
 AVERAGE    60

..........................................................


THE JAMESTOWN ND CLIMATE NORMALS FOR TODAY
                         NORMAL    RECORD    YEAR
 MAXIMUM TEMPERATURE (F)   84       107      1947
 MINIMUM TEMPERATURE (F)   57        39      1915


SUNRISE AND SUNSET
AUGUST  4 2015........SUNRISE   618 AM CDT   SUNSET   903 PM CDT
AUGUST  5 2015........SUNRISE   619 AM CDT   SUNSET   902 PM CDT


-  INDICATES NEGATIVE NUMBERS.
R  INDICATES RECORD WAS SET OR TIED.
MM INDICATES DATA IS MISSING.
T  INDICATES TRACE AMOUNT.




$$
