000
CDUS43 KBIS 070727
CLIJMS


CLIMATE REPORT
NATIONAL WEATHER SERVICE BISMARCK ND
227 AM CDT TUE JUL 7 2015


...................................

...THE JAMESTOWN ND CLIMATE SUMMARY FOR JULY 6 2015...

CLIMATE NORMAL PERIOD 1981 TO 2010
CLIMATE RECORD PERIOD 1891 TO 2015


WEATHER ITEM   OBSERVED TIME   RECORD YEAR NORMAL DEPARTURE LAST
                VALUE   (LST)  VALUE       VALUE  FROM      YEAR
                                                  NORMAL
..................................................................
TEMPERATURE (F)
 YESTERDAY
  MAXIMUM         68    356 PM 118    1936  81    -13       83
  MINIMUM         52   1159 PM  39    1908  57     -5       67
  AVERAGE         60                        69     -9       75

PRECIPITATION (IN)
  YESTERDAY        0.00          3.54 1978   0.12  -0.12     0.00
  MONTH TO DATE    0.98                      0.74   0.24     0.18
  SINCE JUN 1      6.64                      3.93   2.71     6.54
  SINCE JAN 1     16.80                      9.48   7.32    14.98

DEGREE DAYS
 HEATING
  YESTERDAY        5                         1      4        0
  MONTH TO DATE    5                         6     -1       16
  SINCE JUN 1     47                       103    -56       75
  SINCE JUL 1      5                         6     -1       16

 COOLING
  YESTERDAY        0                         5     -5       10
  MONTH TO DATE   34                        30      4       31
  SINCE JUN 1    136                       110     26       87
  SINCE JAN 1    144                       130     14      141
..................................................................


WIND (MPH)
  HIGHEST WIND SPEED    18   HIGHEST WIND DIRECTION     N (350)
  HIGHEST GUST SPEED    25   HIGHEST GUST DIRECTION     N (350)
  AVERAGE WIND SPEED    10.4


SKY COVER
  POSSIBLE SUNSHINE  MM
  AVERAGE SKY COVER 0.5


WEATHER CONDITIONS
 THE FOLLOWING WEATHER WAS RECORDED YESTERDAY.
  FOG
  HAZE


RELATIVE HUMIDITY (PERCENT)
 HIGHEST    90           400 AM
 LOWEST     52           500 PM
 AVERAGE    71

..........................................................


THE JAMESTOWN ND CLIMATE NORMALS FOR TODAY
                         NORMAL    RECORD    YEAR
 MAXIMUM TEMPERATURE (F)   81       108      1936
 MINIMUM TEMPERATURE (F)   57        38      1908


SUNRISE AND SUNSET
JULY  7 2015..........SUNRISE   548 AM CDT   SUNSET   931 PM CDT
JULY  8 2015..........SUNRISE   549 AM CDT   SUNSET   930 PM CDT


-  INDICATES NEGATIVE NUMBERS.
R  INDICATES RECORD WAS SET OR TIED.
MM INDICATES DATA IS MISSING.
T  INDICATES TRACE AMOUNT.




$$
