000
CDUS43 KBIS 200727
CLIJMS


CLIMATE REPORT
NATIONAL WEATHER SERVICE BISMARCK ND
226 AM CDT SUN AUG 20 2017


...................................

...THE JAMESTOWN ND CLIMATE SUMMARY FOR AUGUST 19 2017...

CLIMATE NORMAL PERIOD 1981 TO 2010
CLIMATE RECORD PERIOD 1891 TO 2017


WEATHER ITEM   OBSERVED TIME   RECORD YEAR NORMAL DEPARTURE LAST
                VALUE   (LST)  VALUE       VALUE  FROM      YEAR
                                                  NORMAL
..................................................................
TEMPERATURE (F)
 YESTERDAY
  MAXIMUM         81    310 PM 101    1959  81      0       70
  MINIMUM         55    159 AM  38    1956  55      0       52
                                      1901
  AVERAGE         68                        68      0       61

PRECIPITATION (IN)
  YESTERDAY        0.00          0.77 1998   0.07  -0.07     0.01
  MONTH TO DATE    3.80                      1.21   2.59     4.57
  SINCE JUN 1      6.47                      7.75  -1.28    12.90
  SINCE JAN 1      9.26                     13.30  -4.04    18.73

DEGREE DAYS
 HEATING
  YESTERDAY        0                         1     -1        4
  MONTH TO DATE   18                        18      0        4
  SINCE JUN 1     71                       137    -66       60
  SINCE JUL 1     21                        40    -19       11

 COOLING
  YESTERDAY        3                         4     -1        0
  MONTH TO DATE   28                       103    -75       85
  SINCE JUN 1    344                       355    -11      355
  SINCE JAN 1    344                       375    -31      369
..................................................................


WIND (MPH)
  HIGHEST WIND SPEED    23   HIGHEST WIND DIRECTION     S (180)
  HIGHEST GUST SPEED    30   HIGHEST GUST DIRECTION     S (170)
  AVERAGE WIND SPEED     9.7


SKY COVER
  POSSIBLE SUNSHINE  MM
  AVERAGE SKY COVER 0.0


WEATHER CONDITIONS
 THE FOLLOWING WEATHER WAS RECORDED YESTERDAY.
  NO SIGNIFICANT WEATHER WAS OBSERVED.


RELATIVE HUMIDITY (PERCENT)
 HIGHEST    93           400 AM
 LOWEST     51           100 PM
 AVERAGE    72

..........................................................


THE JAMESTOWN ND CLIMATE NORMALS FOR TODAY
                         NORMAL    RECORD    YEAR
 MAXIMUM TEMPERATURE (F)   81       102      1976
 MINIMUM TEMPERATURE (F)   55        29      1907


SUNRISE AND SUNSET
AUGUST 20 2017........SUNRISE   639 AM CDT   SUNSET   836 PM CDT
AUGUST 21 2017........SUNRISE   640 AM CDT   SUNSET   834 PM CDT


-  INDICATES NEGATIVE NUMBERS.
R  INDICATES RECORD WAS SET OR TIED.
MM INDICATES DATA IS MISSING.
T  INDICATES TRACE AMOUNT.




$$
