000
CDUS43 KBIS 230723
CLIJMS


CLIMATE REPORT
NATIONAL WEATHER SERVICE BISMARCK ND
222 AM CDT TUE MAY 23 2017


...................................

...THE JAMESTOWN ND CLIMATE SUMMARY FOR MAY 22 2017...

CLIMATE NORMAL PERIOD 1981 TO 2010
CLIMATE RECORD PERIOD 1891 TO 2017


WEATHER ITEM   OBSERVED TIME   RECORD YEAR NORMAL DEPARTURE LAST
                VALUE   (LST)  VALUE       VALUE  FROM      YEAR
                                                  NORMAL
..................................................................
TEMPERATURE (F)
 YESTERDAY
  MAXIMUM         60   1136 AM  91    1980  70    -10       80
                                      1966
  MINIMUM         38    100 AM  21    1963  45     -7       57
  AVERAGE         49                        57     -8       69

PRECIPITATION (IN)
  YESTERDAY        0.02          1.58 1903   0.09  -0.07     0.60
  MONTH TO DATE    0.68                      1.83  -1.15     0.94
  SINCE MAR 1      2.16                      3.87  -1.71     3.87
  SINCE JAN 1      2.58                      4.72  -2.14     3.98

DEGREE DAYS
 HEATING
  YESTERDAY       16                         8      8        0
  MONTH TO DATE  224                       260    -36      239
  SINCE MAR 1   2029                      2095    -66     1784
  SINCE JUL 1   8038                      8854   -816     7526

 COOLING
  YESTERDAY        0                         1     -1        4
  MONTH TO DATE    0                        11    -11        8
  SINCE MAR 1      0                        13    -13        8
  SINCE JAN 1      0                        13    -13        8
..................................................................


WIND (MPH)
  HIGHEST WIND SPEED    25   HIGHEST WIND DIRECTION     N (340)
  HIGHEST GUST SPEED    34   HIGHEST GUST DIRECTION    NW (330)
  AVERAGE WIND SPEED    12.9


SKY COVER
  POSSIBLE SUNSHINE  MM
  AVERAGE SKY COVER 0.8


WEATHER CONDITIONS
 THE FOLLOWING WEATHER WAS RECORDED YESTERDAY.
  LIGHT RAIN


RELATIVE HUMIDITY (PERCENT)
 HIGHEST   100           100 AM
 LOWEST     51          1200 PM
 AVERAGE    76

..........................................................


THE JAMESTOWN ND CLIMATE NORMALS FOR TODAY
                         NORMAL    RECORD    YEAR
 MAXIMUM TEMPERATURE (F)   70        93      1928
 MINIMUM TEMPERATURE (F)   45        25      1924


SUNRISE AND SUNSET
MAY 23 2017...........SUNRISE   551 AM CDT   SUNSET   913 PM CDT
MAY 24 2017...........SUNRISE   550 AM CDT   SUNSET   914 PM CDT


-  INDICATES NEGATIVE NUMBERS.
R  INDICATES RECORD WAS SET OR TIED.
MM INDICATES DATA IS MISSING.
T  INDICATES TRACE AMOUNT.




$$
