000
CDUS43 KBIS 250045
CLIJMS


CLIMATE REPORT
NATIONAL WEATHER SERVICE BISMARCK ND
744 PM CDT FRI MAR 24 2017


...................................

...THE JAMESTOWN ND CLIMATE SUMMARY FOR MARCH 24 2017...
VALID TODAY AS OF 0700 PM LOCAL TIME.

CLIMATE NORMAL PERIOD 1981 TO 2010
CLIMATE RECORD PERIOD 1891 TO 2017


WEATHER ITEM   OBSERVED TIME   RECORD YEAR NORMAL DEPARTURE LAST
                VALUE   (LST)  VALUE       VALUE  FROM      YEAR
                                                  NORMAL
..................................................................
TEMPERATURE (F)
 TODAY
  MAXIMUM         39    157 PM  79    1939  41     -2       54
  MINIMUM         29    633 AM -11    1974  21      8       15
  AVERAGE         34                        31      3       35

PRECIPITATION (IN)
  TODAY            0.00          1.49 1975   0.03  -0.03      T
  MONTH TO DATE    0.08                      0.62  -0.54     0.32
  SINCE MAR 1      0.08                      0.62  -0.54     0.32
  SINCE JAN 1      0.50                      1.47  -0.97     0.43

DEGREE DAYS
 HEATING
  TODAY           31                        34     -3       30
  MONTH TO DATE  997                       940     57      680
  SINCE MAR 1    997                       940     57      680
  SINCE JUL 1   7006                      7699   -693     6422

 COOLING
  TODAY            0                         0      0        0
  MONTH TO DATE    0                         0      0        0
  SINCE MAR 1      0                         0      0        0
  SINCE JAN 1      0                         0      0        0
..................................................................


WIND (MPH)
  RESULTANT WIND SPEED   9   RESULTANT WIND DIRECTION   N (10)
  HIGHEST WIND SPEED    15   HIGHEST WIND DIRECTION    NE (30)
  HIGHEST GUST SPEED    19   HIGHEST GUST DIRECTION     N (340)
  AVERAGE WIND SPEED     9.9


SKY COVER
  POSSIBLE SUNSHINE  MM
  AVERAGE SKY COVER 0.4


WEATHER CONDITIONS
 THE FOLLOWING WEATHER WAS RECORDED TODAY.
  NO SIGNIFICANT WEATHER WAS OBSERVED.


RELATIVE HUMIDITY (PERCENT)
 HIGHEST    96          1200 AM
 LOWEST     70           200 PM
 AVERAGE    83

..........................................................


THE JAMESTOWN ND CLIMATE NORMALS FOR TOMORROW
                         NORMAL    RECORD    YEAR
 MAXIMUM TEMPERATURE (F)   42        76      1907
 MINIMUM TEMPERATURE (F)   22       -13      1964


SUNRISE AND SUNSET
MARCH 24 2017.........SUNRISE   729 AM CDT   SUNSET   753 PM CDT
MARCH 25 2017.........SUNRISE   727 AM CDT   SUNSET   755 PM CDT


-  INDICATES NEGATIVE NUMBERS.
R  INDICATES RECORD WAS SET OR TIED.
MM INDICATES DATA IS MISSING.
T  INDICATES TRACE AMOUNT.




$$
