000
CDUS43 KBIS 230726
CLIJMS


CLIMATE REPORT
NATIONAL WEATHER SERVICE BISMARCK ND
226 AM CDT WED APR 23 2014


...................................

...THE JAMESTOWN ND CLIMATE SUMMARY FOR APRIL 22 2014...

CLIMATE NORMAL PERIOD 1981 TO 2010
CLIMATE RECORD PERIOD 1891 TO 2014


WEATHER ITEM   OBSERVED TIME   RECORD YEAR NORMAL DEPARTURE LAST
                VALUE   (LST)  VALUE       VALUE  FROM      YEAR
                                                  NORMAL
..................................................................
TEMPERATURE (F)
 YESTERDAY
  MAXIMUM         66    407 PM  91    1990  59      7       32
  MINIMUM         27    327 AM  12    1909  33     -6       19
  AVERAGE         47                        46      1       26

PRECIPITATION (IN)
  YESTERDAY        0.00          0.46 1968   0.05  -0.05     0.00
  MONTH TO DATE    0.11                      0.76  -0.65     0.22
  SINCE MAR 1      0.27                      1.60  -1.33     0.50
  SINCE JAN 1      0.66                      2.45  -1.79     0.99

DEGREE DAYS
 HEATING
  YESTERDAY       18                        19     -1       39
  MONTH TO DATE  607                       539     68      830
  SINCE MAR 1   1878                      1700    178     2389
  SINCE JUL 1   9146                      8459    687     9136

 COOLING
  YESTERDAY        0                         0      0        0
  MONTH TO DATE    0                         0      0        0
  SINCE MAR 1      0                         0      0        0
  SINCE JAN 1      0                         0      0        0
..................................................................


WIND (MPH)
  HIGHEST WIND SPEED    22   HIGHEST WIND DIRECTION    SE (140)
  HIGHEST GUST SPEED    29   HIGHEST GUST DIRECTION    SE (150)
  AVERAGE WIND SPEED    10.8


SKY COVER
  POSSIBLE SUNSHINE  MM
  AVERAGE SKY COVER 0.0


WEATHER CONDITIONS
 THE FOLLOWING WEATHER WAS RECORDED YESTERDAY.
  HAZE


RELATIVE HUMIDITY (PERCENT)
 HIGHEST    92           400 AM
 LOWEST     30          1200 PM
 AVERAGE    61

..........................................................


THE JAMESTOWN ND CLIMATE NORMALS FOR TODAY
                         NORMAL    RECORD    YEAR
 MAXIMUM TEMPERATURE (F)   59        89      1990
 MINIMUM TEMPERATURE (F)   33        13      1902


SUNRISE AND SUNSET
APRIL 23 2014.........SUNRISE   633 AM CDT   SUNSET   834 PM CDT
APRIL 24 2014.........SUNRISE   631 AM CDT   SUNSET   836 PM CDT


-  INDICATES NEGATIVE NUMBERS.
R  INDICATES RECORD WAS SET OR TIED.
MM INDICATES DATA IS MISSING.
T  INDICATES TRACE AMOUNT.




$$
