000
CDUS43 KBIS 191227
CLIJMS


CLIMATE REPORT
NATIONAL WEATHER SERVICE BISMARCK ND
627 AM CST SUN FEB 19 2017


...................................

...THE JAMESTOWN ND CLIMATE SUMMARY FOR FEBRUARY 18 2017...

CLIMATE NORMAL PERIOD 1981 TO 2010
CLIMATE RECORD PERIOD 1891 TO 2017


WEATHER ITEM   OBSERVED TIME   RECORD YEAR NORMAL DEPARTURE LAST
                VALUE   (LST)  VALUE       VALUE  FROM      YEAR
                                                  NORMAL
..................................................................
TEMPERATURE (F)
 YESTERDAY
  MAXIMUM         43    210 PM  54    1954  26     17       34
  MINIMUM         33    907 PM -31    1910   7     26       29
  AVERAGE         38                        16     22       32

PRECIPITATION (IN)
  YESTERDAY        0.00          0.31 1998   0.01  -0.01     0.00
  MONTH TO DATE    T                         0.21  -0.21     0.05
  SINCE DEC 1      1.51                      1.06   0.45     0.19
  SINCE JAN 1      0.22                      0.66  -0.44     0.05

DEGREE DAYS
 HEATING
  YESTERDAY       27                        49    -22       33
  MONTH TO DATE  824                       929   -105      808
  SINCE DEC 1   4075                      4207   -132     3726
  SINCE JUL 1   5636                      6291   -655     5374

 COOLING
  YESTERDAY        0                         0      0        0
  MONTH TO DATE    0                         0      0        0
  SINCE DEC 1      0                         0      0        0
  SINCE JAN 1      0                         0      0        0
..................................................................


WIND (MPH)
  HIGHEST WIND SPEED    17   HIGHEST WIND DIRECTION     W (280)
  HIGHEST GUST SPEED    21   HIGHEST GUST DIRECTION     W (270)
  AVERAGE WIND SPEED     6.3


SKY COVER
  POSSIBLE SUNSHINE  MM
  AVERAGE SKY COVER 0.1


WEATHER CONDITIONS
 THE FOLLOWING WEATHER WAS RECORDED YESTERDAY.
  NO SIGNIFICANT WEATHER WAS OBSERVED.


RELATIVE HUMIDITY (PERCENT)
 HIGHEST   100           800 PM
 LOWEST     70          1200 PM
 AVERAGE    85

..........................................................


THE JAMESTOWN ND CLIMATE NORMALS FOR TODAY
                         NORMAL    RECORD    YEAR
 MAXIMUM TEMPERATURE (F)   26        52      1981
 MINIMUM TEMPERATURE (F)    7       -36      1929


SUNRISE AND SUNSET
FEBRUARY 19 2017......SUNRISE   732 AM CST   SUNSET   606 PM CST
FEBRUARY 20 2017......SUNRISE   730 AM CST   SUNSET   607 PM CST


-  INDICATES NEGATIVE NUMBERS.
R  INDICATES RECORD WAS SET OR TIED.
MM INDICATES DATA IS MISSING.
T  INDICATES TRACE AMOUNT.




$$
