000
CDAK47 PAJK 301128
CLIJNU
AKZ025-302300-
CLIMATE REPORT
NATIONAL WEATHER SERVICE JUNEAU, AK
326 AM AKDT SAT AUG 30 2014


...................................

...THE JUNEAU CLIMATE SUMMARY FOR AUGUST 29 2014...

CLIMATE NORMAL PERIOD 1981 TO 2010
CLIMATE RECORD PERIOD 1943 TO 2014


WEATHER ITEM   OBSERVED TIME   RECORD YEAR NORMAL DEPARTURE LAST
                VALUE   (LST)  VALUE       VALUE  FROM      YEAR
                                                  NORMAL
..................................................................
TEMPERATURE (F)
 YESTERDAY
  MAXIMUM         55    359 PM  74    1951  60     -5       68
  MINIMUM         50    608 AM  33    1948  47      3       43
  AVERAGE         53                        54     -1       56

PRECIPITATION (IN)
  YESTERDAY        0.18          1.26 2009   0.22  -0.04     0.00
  MONTH TO DATE    7.91                      5.26   2.65     3.75
  SINCE JUN 1     23.56                     13.10  10.46    11.39
  SINCE JAN 1     43.48                     32.70  10.78    39.76

DEGREE DAYS
 HEATING
  YESTERDAY       12                        11      1        9
  MONTH TO DATE  221                       261    -40      191
  SINCE JUN 1    801                       827    -26      627
  SINCE JUL 1    451                       512    -61      413

 COOLING
  YESTERDAY        0                         0      0        0
  MONTH TO DATE    0                         0      0        0
  SINCE JUN 1      0                         2     -2        9
  SINCE JAN 1      0                         2     -2        9
..................................................................


WIND (MPH)
  HIGHEST WIND SPEED    15   HIGHEST WIND DIRECTION     E (100)
  HIGHEST GUST SPEED    18   HIGHEST GUST DIRECTION     E (100)
  AVERAGE WIND SPEED     6.0


SKY COVER
  POSSIBLE SUNSHINE  MM
  AVERAGE SKY COVER 1.0


WEATHER CONDITIONS
 THE FOLLOWING WEATHER WAS RECORDED YESTERDAY.
  LIGHT RAIN
  FOG


RELATIVE HUMIDITY (PERCENT)
 HIGHEST   100          1000 PM
 LOWEST     86           400 PM
 AVERAGE    93

..........................................................


THE JUNEAU CLIMATE NORMALS FOR TODAY
                         NORMAL    RECORD    YEAR
 MAXIMUM TEMPERATURE (F)   60        75      1949
 MINIMUM TEMPERATURE (F)   47        35      1960


SUNRISE AND SUNSET
AUGUST 30 2014........SUNRISE   553 AM AKDT  SUNSET   803 PM AKDT
AUGUST 31 2014........SUNRISE   555 AM AKDT  SUNSET   800 PM AKDT


-  INDICATES NEGATIVE NUMBERS.
R  INDICATES RECORD WAS SET OR TIED.
MM INDICATES DATA IS MISSING.
T  INDICATES TRACE AMOUNT.




$$


&&
----------------------------
AMOUNT OF DAYLIGHT TODAY  (HOUR:MIN)........14:09
GAIN/LOSS SINCE YESTERDAY (HOUR:MIN:SEC)....-0:04:59
