000
CDAK47 PAJK 050033
CLIJNU
AKZ025-051200-
NATIONAL WEATHER SERVICE JUNEAU, AK
430 PM AKDT FRI SEP 4 2015


...................................

...THE JUNEAU CLIMATE SUMMARY FOR SEPTEMBER 4 2015...
VALID TODAY AS OF 0400 PM LOCAL TIME.

CLIMATE NORMAL PERIOD 1981 TO 2010
CLIMATE RECORD PERIOD 1936 TO 2015


WEATHER ITEM   OBSERVED TIME   RECORD YEAR NORMAL DEPARTURE LAST
                VALUE   (LST)  VALUE       VALUE  FROM      YEAR
                                                  NORMAL
..................................................................
TEMPERATURE (F)
 TODAY
  MAXIMUM         61    241 PM  72    1942  59      2       58
  MINIMUM         42    209 AM  34    1941  46     -4       52
  AVERAGE         52                        52      0       55

PRECIPITATION (IN)
  TODAY            0.00          1.53 2000   0.26  -0.26     0.61
  MONTH TO DATE    0.00                      1.00  -1.00     1.66
  SINCE SEP 1      0.00                      1.00  -1.00     1.66
  SINCE JAN 1     51.80                     34.17  17.63    45.85

DEGREE DAYS
 HEATING
  TODAY           13                        13      0       10
  MONTH TO DATE   56                        49      7       50
  SINCE SEP 1     56                        49      7       50
  SINCE JUL 1    535                       584    -49      526

 COOLING
  TODAY            0                         0      0        0
  MONTH TO DATE    0                         0      0        0
  SINCE SEP 1      0                         0      0        0
  SINCE JAN 1      8                         2      6        0
..................................................................


WIND (MPH)
  HIGHEST WIND SPEED    18   HIGHEST WIND DIRECTION     E (90)
  HIGHEST GUST SPEED    22   HIGHEST GUST DIRECTION     E (100)
  AVERAGE WIND SPEED     9.4


SKY COVER
  AVERAGE SKY COVER 0.8


WEATHER CONDITIONS
 THE FOLLOWING WEATHER WAS RECORDED TODAY.
  NO SIGNIFICANT WEATHER WAS OBSERVED.


RELATIVE HUMIDITY (PERCENT)
 HIGHEST    96           200 AM
 LOWEST     46           100 PM
 AVERAGE    71

..........................................................


THE JUNEAU CLIMATE NORMALS FOR TOMORROW
                         NORMAL    RECORD    YEAR
 MAXIMUM TEMPERATURE (F)   58        72      2009
                                             1949
 MINIMUM TEMPERATURE (F)   46        35      1979


SUNRISE AND SUNSET
SEPTEMBER  4 2015.....SUNRISE   604 AM AKDT  SUNSET   750 PM AKDT
SEPTEMBER  5 2015.....SUNRISE   606 AM AKDT  SUNSET   747 PM AKDT


-  INDICATES NEGATIVE NUMBERS.
R  INDICATES RECORD WAS SET OR TIED.
MM INDICATES DATA IS MISSING.
T  INDICATES TRACE AMOUNT.




$$

&&
----------------------------
AMOUNT OF DAYLIGHT TODAY  (HOUR:MIN)........13:46
GAIN/LOSS SINCE YESTERDAY (HOUR:MIN:SEC)....-0:05:00
