830
CDAK47 PAJK 221134
CLIJNU
AKZ025-222300-
CLIMATE REPORT
NATIONAL WEATHER SERVICE JUNEAU, AK
330 AM AKDT FRI MAY 22 2015


...................................

...THE JUNEAU CLIMATE SUMMARY FOR MAY 21 2015...

CLIMATE NORMAL PERIOD 1981 TO 2010
CLIMATE RECORD PERIOD 1943 TO 2015


WEATHER ITEM   OBSERVED TIME   RECORD YEAR NORMAL DEPARTURE LAST
                VALUE   (LST)  VALUE       VALUE  FROM      YEAR
                                                  NORMAL
..................................................................
TEMPERATURE (F)
 YESTERDAY
  MAXIMUM         73    411 PM  77    1963  58     15       58
  MINIMUM         50    257 AM  30    1974  42      8       43
  AVERAGE         62                        50     12       51

PRECIPITATION (IN)
  YESTERDAY        0.00          0.39 1968   0.12  -0.12      T
  MONTH TO DATE    0.47                      2.28  -1.81     1.12
  SINCE MAR 1     12.17                      9.00   3.17     7.24
  SINCE JAN 1     27.77                     18.48   9.29    19.37

DEGREE DAYS
 HEATING
  YESTERDAY        3                        15    -12       14
  MONTH TO DATE  261                       371   -110      249
  SINCE MAR 1   1805                      2062   -257     1992
  SINCE JUL 1   7026                      7899   -873     7633

 COOLING
  YESTERDAY        0                         0      0        0
  MONTH TO DATE    0                         0      0        0
  SINCE MAR 1      0                         0      0        0
  SINCE JAN 1      0                         0      0        0
..................................................................


WIND (MPH)
  HIGHEST WIND SPEED    21   HIGHEST WIND DIRECTION    SE (130)
  HIGHEST GUST SPEED    24   HIGHEST GUST DIRECTION    SE (130)
  AVERAGE WIND SPEED     6.4


SKY COVER
  POSSIBLE SUNSHINE  MM
  AVERAGE SKY COVER 0.6


WEATHER CONDITIONS
 THE FOLLOWING WEATHER WAS RECORDED YESTERDAY.
  NO SIGNIFICANT WEATHER WAS OBSERVED.


RELATIVE HUMIDITY (PERCENT)
 HIGHEST    86           300 AM
 LOWEST     34           400 PM
 AVERAGE    60

..........................................................


THE JUNEAU CLIMATE NORMALS FOR TODAY
                         NORMAL    RECORD    YEAR
 MAXIMUM TEMPERATURE (F)   58        75      1974
 MINIMUM TEMPERATURE (F)   42        30      1955


SUNRISE AND SUNSET
MAY 22 2015...........SUNRISE   418 AM AKDT  SUNSET   933 PM AKDT
MAY 23 2015...........SUNRISE   416 AM AKDT  SUNSET   935 PM AKDT


-  INDICATES NEGATIVE NUMBERS.
R  INDICATES RECORD WAS SET OR TIED.
MM INDICATES DATA IS MISSING.
T  INDICATES TRACE AMOUNT.




$$


&&
----------------------------
AMOUNT OF DAYLIGHT TODAY  (HOUR:MIN)........17:15
GAIN/LOSS SINCE YESTERDAY (HOUR:MIN:SEC)....+0:03:48
