000
CDAK47 PAJK 301152
CLIJNU
AKZ025-302300-
CLIMATE REPORT
NATIONAL WEATHER SERVICE JUNEAU, AK
349 AM AKDT TUE JUN 30 2015


...................................

...THE JUNEAU CLIMATE SUMMARY FOR JUNE 29 2015...

CLIMATE NORMAL PERIOD 1981 TO 2010
CLIMATE RECORD PERIOD 1943 TO 2015


WEATHER ITEM   OBSERVED TIME   RECORD YEAR NORMAL DEPARTURE LAST
                VALUE   (LST)  VALUE       VALUE  FROM      YEAR
                                                  NORMAL
..................................................................
TEMPERATURE (F)
 YESTERDAY
  MAXIMUM         64    352 AM  83    1985  63      1       66
  MINIMUM         53   1142 PM  36    1965  48      5       54
  AVERAGE         59                        56      3       60

PRECIPITATION (IN)
  YESTERDAY        0.83          1.91 1953   0.12   0.71      T
  MONTH TO DATE    4.66                      3.12   1.54     7.48
  SINCE JUN 1      4.66                      3.12   1.54     7.48
  SINCE JAN 1     32.48                     22.72   9.76    27.40

DEGREE DAYS
 HEATING
  YESTERDAY        6                         9     -3        5
  MONTH TO DATE  228                       305    -77      345
  SINCE JUN 1    228                       305    -77      345
  SINCE JUL 1   7325                      8341  -1016     8117

 COOLING
  YESTERDAY        0                         0      0        0
  MONTH TO DATE    2                         0      2        0
  SINCE JUN 1      2                         0      2        0
  SINCE JAN 1      2                         0      2        0
..................................................................


WIND (MPH)
  HIGHEST WIND SPEED    12   HIGHEST WIND DIRECTION    NW (310)
  HIGHEST GUST SPEED    14   HIGHEST GUST DIRECTION    NW (320)
  AVERAGE WIND SPEED     2.3


SKY COVER
  AVERAGE SKY COVER 1.0


WEATHER CONDITIONS
 THE FOLLOWING WEATHER WAS RECORDED YESTERDAY.
  RAIN
  LIGHT RAIN
  FOG


RELATIVE HUMIDITY (PERCENT)
 HIGHEST   100           100 AM
 LOWEST     72           400 PM
 AVERAGE    86

..........................................................


THE JUNEAU CLIMATE NORMALS FOR TODAY
                         NORMAL    RECORD    YEAR
 MAXIMUM TEMPERATURE (F)   63        82      1992
 MINIMUM TEMPERATURE (F)   49        39      2000


SUNRISE AND SUNSET
JUNE 30 2015..........SUNRISE   356 AM AKDT  SUNSET  1007 PM AKDT
JULY  1 2015..........SUNRISE   357 AM AKDT  SUNSET  1007 PM AKDT


-  INDICATES NEGATIVE NUMBERS.
R  INDICATES RECORD WAS SET OR TIED.
MM INDICATES DATA IS MISSING.
T  INDICATES TRACE AMOUNT.




$$


&&
----------------------------
AMOUNT OF DAYLIGHT TODAY  (HOUR:MIN)........18:11
GAIN/LOSS SINCE YESTERDAY (HOUR:MIN:SEC)....-0:01:20
