000
CDAK47 PAJK 121136
CLIJNU
AKZ025-122300-
CLIMATE REPORT
NATIONAL WEATHER SERVICE JUNEAU, AK
331 AM AKDT SAT JUL 12 2014


...................................

...THE JUNEAU CLIMATE SUMMARY FOR JULY 11 2014...

CLIMATE NORMAL PERIOD 1981 TO 2010
CLIMATE RECORD PERIOD 1943 TO 2014


WEATHER ITEM   OBSERVED TIME   RECORD YEAR NORMAL DEPARTURE LAST
                VALUE   (LST)  VALUE       VALUE  FROM      YEAR
                                                  NORMAL
..................................................................
TEMPERATURE (F)
 YESTERDAY
  MAXIMUM         59   1257 PM  84    1989  64     -5       60
  MINIMUM         47    339 AM  39    1954  50     -3       47
  AVERAGE         53                        57     -4       54

PRECIPITATION (IN)
  YESTERDAY        1.25          1.47 1962   0.14   1.11     0.05
  MONTH TO DATE    3.91                      1.45   2.46     3.03
  SINCE JUN 1     11.30                      4.69   6.61     6.22
  SINCE JAN 1     31.22                     24.29   6.93    34.59

DEGREE DAYS
 HEATING
  YESTERDAY       12                         8      4       11
  MONTH TO DATE   87                        97    -10      108
  SINCE JUN 1    437                       412     25      322
  SINCE JUL 1     87                        97    -10      108

 COOLING
  YESTERDAY        0                         0      0        0
  MONTH TO DATE    0                         0      0        0
  SINCE JUN 1      0                         1     -1        7
  SINCE JAN 1      0                         1     -1        7
..................................................................


WIND (MPH)
  HIGHEST WIND SPEED    18   HIGHEST WIND DIRECTION    SE (120)
  HIGHEST GUST SPEED    22   HIGHEST GUST DIRECTION    SE (120)
  AVERAGE WIND SPEED     7.6


SKY COVER
  POSSIBLE SUNSHINE  MM
  AVERAGE SKY COVER 0.9


WEATHER CONDITIONS
 THE FOLLOWING WEATHER WAS RECORDED YESTERDAY.
  RAIN
  LIGHT RAIN
  FOG


RELATIVE HUMIDITY (PERCENT)
 HIGHEST   100           600 PM
 LOWEST     75           900 AM
 AVERAGE    88

..........................................................


THE JUNEAU CLIMATE NORMALS FOR TODAY
                         NORMAL    RECORD    YEAR
 MAXIMUM TEMPERATURE (F)   64        83      1989
 MINIMUM TEMPERATURE (F)   50        38      2012


SUNRISE AND SUNSET
JULY 12 2014..........SUNRISE   411 AM AKDT  SUNSET   955 PM AKDT
JULY 13 2014..........SUNRISE   413 AM AKDT  SUNSET   954 PM AKDT


-  INDICATES NEGATIVE NUMBERS.
R  INDICATES RECORD WAS SET OR TIED.
MM INDICATES DATA IS MISSING.
T  INDICATES TRACE AMOUNT.




$$


&&
----------------------------
AMOUNT OF DAYLIGHT TODAY  (HOUR:MIN)........17:44
GAIN/LOSS SINCE YESTERDAY (HOUR:MIN:SEC)....-0:02:54
