000
CDUS41 KCTP 230634
CLIJST


CLIMATE REPORT
NATIONAL WEATHER SERVICE STATE COLLEGE PA
233 AM EDT WED AUG 23 2017


...................................

...THE JOHNSTOWN CLIMATE SUMMARY FOR AUGUST 22 2017...

CLIMATE NORMAL PERIOD 1981 TO 2010
CLIMATE RECORD PERIOD 1892 TO 2017


WEATHER ITEM   OBSERVED TIME   RECORD YEAR NORMAL DEPARTURE LAST
                VALUE   (LST)  VALUE       VALUE  FROM      YEAR
                                                  NORMAL
..................................................................
TEMPERATURE (F)
 YESTERDAY
  MAXIMUM         83    240 PM  97    1916  76      7       72
  MINIMUM         68   1159 PM  43    1956  59      9       57
  AVERAGE         76                        67      9       65

PRECIPITATION (IN)
  YESTERDAY        0.31          1.83 1987   0.12   0.19     0.00
  MONTH TO DATE    2.21                      2.80  -0.59     3.26
  SINCE JUN 1     14.31                      6.65   7.66    12.46
  SINCE JAN 1     34.20                     23.29  10.91    23.26

DEGREE DAYS
 HEATING
  YESTERDAY        0                         1     -1        0
  MONTH TO DATE   10                        18     -8        0
  SINCE JUN 1     73                       105    -32       54
  SINCE JUL 1     14                        31    -17       11

 COOLING
  YESTERDAY       11                         3      8        0
  MONTH TO DATE   95                        93      2      177
  SINCE JUN 1    372                       318     54      503
  SINCE JAN 1    401                       336     65      541
..................................................................


WIND (MPH)
  HIGHEST WIND SPEED    28   HIGHEST WIND DIRECTION     W (280)
  HIGHEST GUST SPEED    37   HIGHEST GUST DIRECTION     W (280)
  AVERAGE WIND SPEED    10.4


SKY COVER
  POSSIBLE SUNSHINE  MM
  AVERAGE SKY COVER 0.4


WEATHER CONDITIONS
 THE FOLLOWING WEATHER WAS RECORDED YESTERDAY.
  THUNDERSTORM
  HEAVY RAIN
  RAIN
  LIGHT RAIN
  FOG


RELATIVE HUMIDITY (PERCENT)
 HIGHEST    93           800 PM
 LOWEST     54           300 PM
 AVERAGE    74

..........................................................


THE JOHNSTOWN CLIMATE NORMALS FOR TODAY
                         NORMAL    RECORD    YEAR
 MAXIMUM TEMPERATURE (F)   75        96      1918
 MINIMUM TEMPERATURE (F)   59        41      1952


SUNRISE AND SUNSET
AUGUST 23 2017........SUNRISE   634 AM EDT   SUNSET   801 PM EDT
AUGUST 24 2017........SUNRISE   635 AM EDT   SUNSET   759 PM EDT


-  INDICATES NEGATIVE NUMBERS.
R  INDICATES RECORD WAS SET OR TIED.
MM INDICATES DATA IS MISSING.
T  INDICATES TRACE AMOUNT.




$$
