000
CDUS41 KCTP 260620
CLIJST


CLIMATE REPORT
NATIONAL WEATHER SERVICE STATE COLLEGE PA
120 AM EST WED NOV 26 2014


...................................

...THE JOHNSTOWN CLIMATE SUMMARY FOR NOVEMBER 25 2014...

CLIMATE NORMAL PERIOD 1981 TO 2010
CLIMATE RECORD PERIOD 2000 TO 2014


WEATHER ITEM   OBSERVED TIME   RECORD YEAR NORMAL DEPARTURE LAST
                VALUE   (LST)  VALUE       VALUE  FROM      YEAR
                                                  NORMAL
..................................................................
TEMPERATURE (F)
 YESTERDAY
  MAXIMUM         45    251 PM  67    1896  41      4       33
  MINIMUM         29   1038 PM   6    2005  30     -1        7
  AVERAGE         37                        36      1       20

PRECIPITATION (IN)
  YESTERDAY        0.00          1.24 2010   0.14  -0.14     0.00
  MONTH TO DATE    1.28                      3.04  -1.76     1.25
  SINCE SEP 1      5.39                      6.10  -0.71     7.95
  SINCE JAN 1     31.29                     30.39   0.90    32.90

DEGREE DAYS
 HEATING
  YESTERDAY       28                        30     -2       45
  MONTH TO DATE  703                       610     93      715
  SINCE SEP 1   1258                      1265     -7     1353
  SINCE JUL 1   1341                      1303     38     1424

 COOLING
  YESTERDAY        0                         0      0        0
  MONTH TO DATE    0                         0      0        0
  SINCE SEP 1     46                        22     24       47
  SINCE JAN 1    341                       382    -41      393
..................................................................


WIND (MPH)
  HIGHEST WIND SPEED    23   HIGHEST WIND DIRECTION     W (260)
  HIGHEST GUST SPEED    34   HIGHEST GUST DIRECTION     W (280)
  AVERAGE WIND SPEED    12.6


SKY COVER
  POSSIBLE SUNSHINE  MM
  AVERAGE SKY COVER 0.4


WEATHER CONDITIONS
 THE FOLLOWING WEATHER WAS RECORDED YESTERDAY.
  NO SIGNIFICANT WEATHER WAS OBSERVED.


RELATIVE HUMIDITY (PERCENT)
 HIGHEST    78          1000 PM
 LOWEST     49           200 PM
 AVERAGE    64

..........................................................


THE JOHNSTOWN CLIMATE NORMALS FOR TODAY
                         NORMAL    RECORD    YEAR
 MAXIMUM TEMPERATURE (F)   41        71      1908
 MINIMUM TEMPERATURE (F)   29         8      1950


SUNRISE AND SUNSET
NOVEMBER 26 2014......SUNRISE   714 AM EST   SUNSET   451 PM EST
NOVEMBER 27 2014......SUNRISE   715 AM EST   SUNSET   451 PM EST


-  INDICATES NEGATIVE NUMBERS.
R  INDICATES RECORD WAS SET OR TIED.
MM INDICATES DATA IS MISSING.
T  INDICATES TRACE AMOUNT.




$$
