000
CDUS41 KCTP 190629
CLIJST


CLIMATE REPORT
NATIONAL WEATHER SERVICE STATE COLLEGE PA
129 AM EST THU JAN 19 2017


...................................

...THE JOHNSTOWN CLIMATE SUMMARY FOR JANUARY 18 2017...

CLIMATE NORMAL PERIOD 1981 TO 2010
CLIMATE RECORD PERIOD 1892 TO 2017


WEATHER ITEM   OBSERVED TIME   RECORD YEAR NORMAL DEPARTURE LAST
                VALUE   (LST)  VALUE       VALUE  FROM      YEAR
                                                  NORMAL
..................................................................
TEMPERATURE (F)
 YESTERDAY
  MAXIMUM         50   1215 AM  62    1952  32     18       11
  MINIMUM         34   1116 PM -12    1977  18     16        1
  AVERAGE         42                        25     17        6

PRECIPITATION (IN)
  YESTERDAY        0.14          1.13 1952   0.09   0.05      T
  MONTH TO DATE    2.11                      1.89   0.22     0.72
  SINCE DEC 1      6.29                      4.46   1.83     4.45
  SINCE JAN 1      2.11                      1.89   0.22     0.72

DEGREE DAYS
 HEATING
  YESTERDAY       23                        40    -17       59
  MONTH TO DATE  630                       713    -83      720
  SINCE DEC 1   1703                      1840   -137     1394
  SINCE JUL 1   2772                      3297   -525     2512

 COOLING
  YESTERDAY        0                         0      0        0
  MONTH TO DATE    0                         0      0        0
  SINCE DEC 1      0                         0      0        0
  SINCE JAN 1      0                         0      0        0
..................................................................


WIND (MPH)
  HIGHEST WIND SPEED    26   HIGHEST WIND DIRECTION     W (270)
  HIGHEST GUST SPEED    35   HIGHEST GUST DIRECTION     W (270)
  AVERAGE WIND SPEED    13.9


SKY COVER
  POSSIBLE SUNSHINE  MM
  AVERAGE SKY COVER 1.0


WEATHER CONDITIONS
 THE FOLLOWING WEATHER WAS RECORDED YESTERDAY.
  RAIN
  LIGHT RAIN
  FOG


RELATIVE HUMIDITY (PERCENT)
 HIGHEST   100           300 AM
 LOWEST     80          1200 AM
 AVERAGE    90

..........................................................


THE JOHNSTOWN CLIMATE NORMALS FOR TODAY
                         NORMAL    RECORD    YEAR
 MAXIMUM TEMPERATURE (F)   32        66      1973
 MINIMUM TEMPERATURE (F)   18       -12      1904


SUNRISE AND SUNSET
JANUARY 19 2017.......SUNRISE   734 AM EST   SUNSET   519 PM EST
JANUARY 20 2017.......SUNRISE   733 AM EST   SUNSET   520 PM EST


-  INDICATES NEGATIVE NUMBERS.
R  INDICATES RECORD WAS SET OR TIED.
MM INDICATES DATA IS MISSING.
T  INDICATES TRACE AMOUNT.




$$
