000
CDUS41 KCTP 032117
CLIJST


CLIMATE REPORT
NATIONAL WEATHER SERVICE STATE COLLEGE PA
517 PM EDT TUE MAY 3 2016


...................................

...THE JOHNSTOWN CLIMATE SUMMARY FOR MAY 3 2016...
VALID TODAY AS OF 0500 PM LOCAL TIME.

CLIMATE NORMAL PERIOD 1981 TO 2010
CLIMATE RECORD PERIOD 1892 TO 2016


WEATHER ITEM   OBSERVED TIME   RECORD YEAR NORMAL DEPARTURE LAST
                VALUE   (LST)  VALUE       VALUE  FROM      YEAR
                                                  NORMAL
..................................................................
TEMPERATURE (F)
 TODAY
  MAXIMUM         62    237 PM  93    1954  63     -1       71
  MINIMUM         49    655 AM  29    1941  44      5       49
  AVERAGE         56                        53      3       60

PRECIPITATION (IN)
  TODAY            0.01          1.80 1956   0.12  -0.11     0.00
  MONTH TO DATE    0.50                      0.34   0.16     0.06
  SINCE MAR 1      4.30                      7.22  -2.92     8.52
  SINCE JAN 1      7.15                     12.45  -5.30    11.92

DEGREE DAYS
 HEATING
  TODAY            9                        12     -3        5
  MONTH TO DATE   20                        37    -17       23
  SINCE MAR 1   1166                      1488   -322     1479
  SINCE JUL 1   5229                      6368  -1139     6668

 COOLING
  TODAY            0                         0      0        0
  MONTH TO DATE    0                         0      0        0
  SINCE MAR 1      0                         5     -5        0
  SINCE JAN 1      0                         5     -5        0
..................................................................


WIND (MPH)
  HIGHEST WIND SPEED    15   HIGHEST WIND DIRECTION     W (280)
  HIGHEST GUST SPEED    20   HIGHEST GUST DIRECTION    NW (310)
  AVERAGE WIND SPEED     6.8


SKY COVER
  POSSIBLE SUNSHINE  MM
  AVERAGE SKY COVER 1.0


WEATHER CONDITIONS
 THE FOLLOWING WEATHER WAS RECORDED TODAY.
  LIGHT RAIN
  FOG
  FOG W/VISIBILITY <= 1/4 MILE


RELATIVE HUMIDITY (PERCENT)
 HIGHEST    89           300 AM
 LOWEST     47           400 PM
 AVERAGE    68

..........................................................


THE JOHNSTOWN CLIMATE NORMALS FOR TOMORROW
                         NORMAL    RECORD    YEAR
 MAXIMUM TEMPERATURE (F)   63        91      1895
 MINIMUM TEMPERATURE (F)   44        27      1957


SUNRISE AND SUNSET
MAY  3 2016...........SUNRISE   612 AM EDT   SUNSET   813 PM EDT
MAY  4 2016...........SUNRISE   610 AM EDT   SUNSET   814 PM EDT


-  INDICATES NEGATIVE NUMBERS.
R  INDICATES RECORD WAS SET OR TIED.
MM INDICATES DATA IS MISSING.
T  INDICATES TRACE AMOUNT.




$$
