000
CDUS41 KCTP 230607
CLIJST


CLIMATE REPORT
NATIONAL WEATHER SERVICE STATE COLLEGE PA
207 AM EDT MON OCT 23 2017


...................................

...THE JOHNSTOWN CLIMATE SUMMARY FOR OCTOBER 22 2017...

CLIMATE NORMAL PERIOD 1981 TO 2010
CLIMATE RECORD PERIOD 1892 TO 2017


WEATHER ITEM   OBSERVED TIME   RECORD YEAR NORMAL DEPARTURE LAST
                VALUE   (LST)  VALUE       VALUE  FROM      YEAR
                                                  NORMAL
..................................................................
TEMPERATURE (F)
 YESTERDAY
  MAXIMUM         71    230 PM  89    1979  56     15       42
  MINIMUM         53    659 AM  21    1940  40     13       37
  AVERAGE         62                        48     14       40

PRECIPITATION (IN)
  YESTERDAY        0.00          2.32 1898   0.10  -0.10     0.06
  MONTH TO DATE    1.87                      2.23  -0.36     3.25
  SINCE SEP 1      4.04                      2.23   1.81     6.17
  SINCE JAN 1     38.29                     26.52  11.77    30.82

DEGREE DAYS
 HEATING
  YESTERDAY        3                        17    -14       25
  MONTH TO DATE  116                       312   -196      200
  SINCE SEP 1    243                       492   -249      266
  SINCE JUL 1    284                       530   -246      277

 COOLING
  YESTERDAY        0                         0      0        0
  MONTH TO DATE   22                         0     22       16
  SINCE SEP 1     95                        22     73      102
  SINCE JAN 1    497                       382    115      705
..................................................................


WIND (MPH)
  HIGHEST WIND SPEED    17   HIGHEST WIND DIRECTION    SE (150)
  HIGHEST GUST SPEED    23   HIGHEST GUST DIRECTION    SE (150)
  AVERAGE WIND SPEED     8.9


SKY COVER
  POSSIBLE SUNSHINE  MM
  AVERAGE SKY COVER 0.0


WEATHER CONDITIONS
 THE FOLLOWING WEATHER WAS RECORDED YESTERDAY.
  NO SIGNIFICANT WEATHER WAS OBSERVED.


RELATIVE HUMIDITY (PERCENT)
 HIGHEST    86          1100 PM
 LOWEST     51           200 PM
 AVERAGE    69

..........................................................


THE JOHNSTOWN CLIMATE NORMALS FOR TODAY
                         NORMAL    RECORD    YEAR
 MAXIMUM TEMPERATURE (F)   56        86      1947
 MINIMUM TEMPERATURE (F)   40        23      1944


SUNRISE AND SUNSET
OCTOBER 23 2017.......SUNRISE   735 AM EDT   SUNSET   624 PM EDT
OCTOBER 24 2017.......SUNRISE   736 AM EDT   SUNSET   622 PM EDT


-  INDICATES NEGATIVE NUMBERS.
R  INDICATES RECORD WAS SET OR TIED.
MM INDICATES DATA IS MISSING.
T  INDICATES TRACE AMOUNT.




$$
