000
CDUS41 KCTP 190640
CLIJST


CLIMATE REPORT
NATIONAL WEATHER SERVICE STATE COLLEGE PA
240 AM EDT FRI SEP 19 2014


...................................

...THE JOHNSTOWN CLIMATE SUMMARY FOR SEPTEMBER 18 2014...

CLIMATE NORMAL PERIOD 1981 TO 2010
CLIMATE RECORD PERIOD 2000 TO 2014


WEATHER ITEM   OBSERVED TIME   RECORD YEAR NORMAL DEPARTURE LAST
                VALUE   (LST)  VALUE       VALUE  FROM      YEAR
                                                  NORMAL
..................................................................
TEMPERATURE (F)
 YESTERDAY
  MAXIMUM         64    418 PM  92    1955  68     -4       66
  MINIMUM         47    556 AM  33    1943  50     -3       44
  AVERAGE         56                        59     -3       55

PRECIPITATION (IN)
  YESTERDAY        0.00          2.37 1927   0.12  -0.12     0.00
  MONTH TO DATE    0.83                      2.05  -1.22     3.05
  SINCE SEP 1      0.83                      2.05  -1.22     3.05
  SINCE JAN 1     26.73                     26.34   0.39    28.00

DEGREE DAYS
 HEATING
  YESTERDAY        9                         7      2       10
  MONTH TO DATE   86                        73     13      108
  SINCE SEP 1     86                        73     13      108
  SINCE JUL 1    169                       115     54      179

 COOLING
  YESTERDAY        0                         0      0        0
  MONTH TO DATE   45                        22     23       31
  SINCE SEP 1     45                        22     23       31
  SINCE JAN 1    340                       382    -42      377
..................................................................


WIND (MPH)
  HIGHEST WIND SPEED    15   HIGHEST WIND DIRECTION    NW (310)
  HIGHEST GUST SPEED    19   HIGHEST GUST DIRECTION    NW (310)
  AVERAGE WIND SPEED     4.1


SKY COVER
  POSSIBLE SUNSHINE  MM
  AVERAGE SKY COVER 0.4


WEATHER CONDITIONS
 THE FOLLOWING WEATHER WAS RECORDED YESTERDAY.
  FOG


RELATIVE HUMIDITY (PERCENT)
 HIGHEST    93           600 AM
 LOWEST     46           400 PM
 AVERAGE    70

..........................................................


THE JOHNSTOWN CLIMATE NORMALS FOR TODAY
                         NORMAL    RECORD    YEAR
 MAXIMUM TEMPERATURE (F)   67        93      1906
 MINIMUM TEMPERATURE (F)   50        32      1943


SUNRISE AND SUNSET
SEPTEMBER 19 2014.....SUNRISE   700 AM EDT   SUNSET   717 PM EDT
SEPTEMBER 20 2014.....SUNRISE   701 AM EDT   SUNSET   716 PM EDT


-  INDICATES NEGATIVE NUMBERS.
R  INDICATES RECORD WAS SET OR TIED.
MM INDICATES DATA IS MISSING.
T  INDICATES TRACE AMOUNT.




$$
