022
CDUS41 KCTP 260622
CLIJST


CLIMATE REPORT
NATIONAL WEATHER SERVICE STATE COLLEGE PA
222 AM EDT SUN MAR 26 2017


...................................

...THE JOHNSTOWN CLIMATE SUMMARY FOR MARCH 25 2017...

CLIMATE NORMAL PERIOD 1981 TO 2010
CLIMATE RECORD PERIOD 1892 TO 2017


WEATHER ITEM   OBSERVED TIME   RECORD YEAR NORMAL DEPARTURE LAST
                VALUE   (LST)  VALUE       VALUE  FROM      YEAR
                                                  NORMAL
..................................................................
TEMPERATURE (F)
 YESTERDAY
  MAXIMUM         68    312 PM  80    1904  47     21       61
  MINIMUM         51   1159 PM  12    1940  31     20       30
  AVERAGE         60                        39     21       46

PRECIPITATION (IN)
  YESTERDAY        0.00          0.72 1965   0.13  -0.13     0.10
  MONTH TO DATE    2.50                      2.48   0.02     1.30
  SINCE MAR 1      2.50                      2.48   0.02     1.30
  SINCE JAN 1      8.16                      7.71   0.45     4.15

DEGREE DAYS
 HEATING
  YESTERDAY        5                        26    -21       19
  MONTH TO DATE  826                       764     62      513
  SINCE MAR 1    826                       764     62      513
  SINCE JUL 1   4746                      5643   -897     4576

 COOLING
  YESTERDAY        0                         0      0        0
  MONTH TO DATE    0                         0      0        0
  SINCE MAR 1      0                         0      0        0
  SINCE JAN 1      0                         0      0        0
..................................................................


WIND (MPH)
  HIGHEST WIND SPEED    18   HIGHEST WIND DIRECTION     W (260)
  HIGHEST GUST SPEED    24   HIGHEST GUST DIRECTION     W (270)
  AVERAGE WIND SPEED     9.2


SKY COVER
  POSSIBLE SUNSHINE  MM
  AVERAGE SKY COVER 0.4


WEATHER CONDITIONS
 THE FOLLOWING WEATHER WAS RECORDED YESTERDAY.
  NO SIGNIFICANT WEATHER WAS OBSERVED.


RELATIVE HUMIDITY (PERCENT)
 HIGHEST    83          1100 PM
 LOWEST     52           600 PM
 AVERAGE    68

..........................................................


THE JOHNSTOWN CLIMATE NORMALS FOR TODAY
                         NORMAL    RECORD    YEAR
 MAXIMUM TEMPERATURE (F)   48        80      1908
 MINIMUM TEMPERATURE (F)   31        10      2001


SUNRISE AND SUNSET
MARCH 26 2017.........SUNRISE   708 AM EDT   SUNSET   734 PM EDT
MARCH 27 2017.........SUNRISE   707 AM EDT   SUNSET   735 PM EDT


-  INDICATES NEGATIVE NUMBERS.
R  INDICATES RECORD WAS SET OR TIED.
MM INDICATES DATA IS MISSING.
T  INDICATES TRACE AMOUNT.




$$
