000
CDUS41 KCTP 290626
CLIJST


CLIMATE REPORT
NATIONAL WEATHER SERVICE STATE COLLEGE PA
226 AM EDT SUN MAR 29 2015


...................................

...THE JOHNSTOWN CLIMATE SUMMARY FOR MARCH 28 2015...

CLIMATE NORMAL PERIOD 1981 TO 2010
CLIMATE RECORD PERIOD 2000 TO 2015


WEATHER ITEM   OBSERVED TIME   RECORD YEAR NORMAL DEPARTURE LAST
                VALUE   (LST)  VALUE       VALUE  FROM      YEAR
                                                  NORMAL
..................................................................
TEMPERATURE (F)
 YESTERDAY
  MAXIMUM         21    549 PM  84    1989  49    -28       59
  MINIMUM         11R   738 AM  13    2011  32    -21       37
  AVERAGE         16                        40    -24       48

PRECIPITATION (IN)
  YESTERDAY        T             1.06 1977   0.13  -0.13     0.02
  MONTH TO DATE    4.05                      2.88   1.17     1.12
  SINCE MAR 1      4.05                      2.88   1.17     1.12
  SINCE JAN 1      7.45                      8.11  -0.66     5.16

DEGREE DAYS
 HEATING
  YESTERDAY       49                        25     24       17
  MONTH TO DATE  895                       840     55     1014
  SINCE MAR 1    895                       840     55     1014
  SINCE JUL 1   6084                      5719    365     6342

 COOLING
  YESTERDAY        0                         0      0        0
  MONTH TO DATE    0                         0      0        0
  SINCE MAR 1      0                         0      0        0
  SINCE JAN 1      0                         0      0        0
..................................................................


WIND (MPH)
  HIGHEST WIND SPEED    24   HIGHEST WIND DIRECTION    NW (300)
  HIGHEST GUST SPEED    31   HIGHEST GUST DIRECTION    NW (300)
  AVERAGE WIND SPEED    15.6


SKY COVER
  POSSIBLE SUNSHINE  MM
  AVERAGE SKY COVER 0.7


WEATHER CONDITIONS
 THE FOLLOWING WEATHER WAS RECORDED YESTERDAY.
  LIGHT SNOW
  FOG
  HAZE


RELATIVE HUMIDITY (PERCENT)
 HIGHEST    84          1200 AM
 LOWEST     45           800 PM
 AVERAGE    65

..........................................................


THE JOHNSTOWN CLIMATE NORMALS FOR TODAY
                         NORMAL    RECORD    YEAR
 MAXIMUM TEMPERATURE (F)   49        85      1907
 MINIMUM TEMPERATURE (F)   32        12      1923


SUNRISE AND SUNSET
MARCH 29 2015.........SUNRISE   704 AM EDT   SUNSET   736 PM EDT
MARCH 30 2015.........SUNRISE   703 AM EDT   SUNSET   738 PM EDT


-  INDICATES NEGATIVE NUMBERS.
R  INDICATES RECORD WAS SET OR TIED.
MM INDICATES DATA IS MISSING.
T  INDICATES TRACE AMOUNT.




$$
