771
CDUS41 KCTP 242141
CLIJST


CLIMATE REPORT
NATIONAL WEATHER SERVICE STATE COLLEGE PA
541 PM EDT SAT JUN 24 2017


...................................

...THE JOHNSTOWN CLIMATE SUMMARY FOR JUNE 24 2017...
VALID TODAY AS OF 0500 PM LOCAL TIME.

CLIMATE NORMAL PERIOD 1981 TO 2010
CLIMATE RECORD PERIOD 1892 TO 2017


WEATHER ITEM   OBSERVED TIME   RECORD YEAR NORMAL DEPARTURE LAST
                VALUE   (LST)  VALUE       VALUE  FROM      YEAR
                                                  NORMAL
..................................................................
TEMPERATURE (F)
 TODAY
  MAXIMUM         75    350 PM  97    1894  76     -1       76
  MINIMUM         63    646 AM  38    1902  58      5       62
  AVERAGE         69                        67      2       69

PRECIPITATION (IN)
  TODAY            0.20          1.50 1896   0.12   0.08     0.00
  MONTH TO DATE    7.73                      3.34   4.39     4.68
  SINCE JUN 1      7.73                      3.34   4.39     4.68
  SINCE JAN 1     27.62                     19.98   7.64    15.48

DEGREE DAYS
 HEATING
  TODAY            0                         1     -1        0
  MONTH TO DATE   44                        73    -29       38
  SINCE JUN 1     44                        73    -29       38
  SINCE JUL 1   5507                      6682  -1175     5525

 COOLING
  TODAY            4                         3      1        4
  MONTH TO DATE   95                        52     43       70
  SINCE JUN 1     95                        52     43       70
  SINCE JAN 1    124                        76     48      108
..................................................................


WIND (MPH)
  HIGHEST WIND SPEED    23   HIGHEST WIND DIRECTION    NW (310)
  HIGHEST GUST SPEED    31   HIGHEST GUST DIRECTION    NW (310)
  AVERAGE WIND SPEED    12.7


SKY COVER
  POSSIBLE SUNSHINE  MM
  AVERAGE SKY COVER 0.8


WEATHER CONDITIONS
 THE FOLLOWING WEATHER WAS RECORDED TODAY.
  RAIN
  LIGHT RAIN
  FOG


RELATIVE HUMIDITY (PERCENT)
 HIGHEST   100          1200 AM
 LOWEST     53           100 PM
 AVERAGE    77

..........................................................


THE JOHNSTOWN CLIMATE NORMALS FOR TOMORROW
                         NORMAL    RECORD    YEAR
 MAXIMUM TEMPERATURE (F)   76        95      1949
 MINIMUM TEMPERATURE (F)   58        44      1902


SUNRISE AND SUNSET
JUNE 24 2017..........SUNRISE   546 AM EDT   SUNSET   849 PM EDT
JUNE 25 2017..........SUNRISE   547 AM EDT   SUNSET   849 PM EDT


-  INDICATES NEGATIVE NUMBERS.
R  INDICATES RECORD WAS SET OR TIED.
MM INDICATES DATA IS MISSING.
T  INDICATES TRACE AMOUNT.




$$
