000
CDUS43 KGRR 202129
CLIJXN


CLIMATE REPORT
NATIONAL WEATHER SERVICE GRAND RAPIDS, MI
528 PM EDT SAT SEP 20 2014


...................................

...THE JACKSON MI CLIMATE SUMMARY FOR SEPTEMBER 20 2014...
VALID TODAY AS OF 0500 PM LOCAL TIME.

CLIMATE NORMAL PERIOD 1981 TO 2010
CLIMATE RECORD PERIOD 1944 TO 9999


WEATHER ITEM   OBSERVED TIME   RECORD YEAR NORMAL DEPARTURE LAST
                VALUE   (LST)  VALUE       VALUE  FROM      YEAR
                                                  NORMAL
..................................................................
TEMPERATURE (F)
 TODAY
  MAXIMUM         78    205 PM  MM      MM  71      7       77
  MINIMUM         53    154 AM  MM      MM  49      4       65
  AVERAGE         66                        60      6       71

PRECIPITATION (IN)
  TODAY            0.01         MM      MM   0.13  -0.12     0.20
  MONTH TO DATE    1.42                      2.31  -0.89     2.46
  SINCE SEP 1      1.42                      2.31  -0.89     2.46
  SINCE JAN 1     24.43                     23.23   1.20    27.01

DEGREE DAYS
 HEATING
  TODAY            0                         6     -6        0
  MONTH TO DATE  108                        72     36       73
  SINCE SEP 1    108                        72     36       73
  SINCE JUL 1    150                       107     43      121

 COOLING
  TODAY            1                         1      0        6
  MONTH TO DATE   50                        49      1       64
  SINCE SEP 1     50                        49      1       64
  SINCE JAN 1    496                       578    -82      604
..................................................................


WIND (MPH)
  RESULTANT WIND SPEED  11   RESULTANT WIND DIRECTION  SW (210)
  HIGHEST WIND SPEED    22   HIGHEST WIND DIRECTION    SW (220)
  HIGHEST GUST SPEED    31   HIGHEST GUST DIRECTION    SW (220)
  AVERAGE WIND SPEED    11.3



WEATHER CONDITIONS
 THE FOLLOWING WEATHER WAS RECORDED TODAY.
  NO SIGNIFICANT WEATHER WAS OBSERVED.


RELATIVE HUMIDITY (PERCENT)
 HIGHEST    89          1200 AM
 LOWEST     60          1200 PM
 AVERAGE    75

..........................................................




SUNRISE AND SUNSET
SEPTEMBER 20 2014.....SUNRISE   723 AM EDT   SUNSET   739 PM EDT
SEPTEMBER 21 2014.....SUNRISE   724 AM EDT   SUNSET   737 PM EDT


-  INDICATES NEGATIVE NUMBERS.
R  INDICATES RECORD WAS SET OR TIED.
MM INDICATES DATA IS MISSING.
T  INDICATES TRACE AMOUNT.




$$

JAM
