000
CDUS43 KGRR 301334
CLIJXN


CLIMATE REPORT
NATIONAL WEATHER SERVICE GRAND RAPIDS, MI
933 AM EDT TUE AUG 30 2016


...................................

...THE JACKSON MI CLIMATE SUMMARY FOR AUGUST 30 2016...
VALID AS OF 0900 AM LOCAL TIME.

CLIMATE NORMAL PERIOD 1981 TO 2010
CLIMATE RECORD PERIOD 1944 TO 9999


WEATHER ITEM   OBSERVED TIME   NORMAL DEPARTURE LAST
                VALUE   (LST)  VALUE  FROM      YEAR
                                      NORMAL
......................................................
TEMPERATURE (F)
 TODAY
  MAXIMUM         70    759 AM  78     -8       79
  MINIMUM         67    616 AM  57     10       64
  AVERAGE         69            68      1       72

PRECIPITATION (IN)
  TODAY            0.00          0.11  -0.11     0.00
  MONTH TO DATE    9.51          3.35   6.16     3.23
  SINCE JUN 1     16.81         10.20   6.61    13.06
  SINCE JAN 1     26.31         20.80   5.51    23.69

DEGREE DAYS
 HEATING
  TODAY            0             1     -1        0
  MONTH TO DATE    0            26    -26       25
  SINCE JUN 1     34            92    -58       70
  SINCE JUL 1      4            37    -33       38

 COOLING
  TODAY            4             4      0        7
  MONTH TO DATE  258           160     98      126
  SINCE JUN 1    667           488    179      365
  SINCE JAN 1    720           525    195      420
......................................................


WIND (MPH)
  RESULTANT WIND SPEED   1   RESULTANT WIND DIRECTION   S (190)
  HIGHEST WIND SPEED     7   HIGHEST WIND DIRECTION     S (180)
  HIGHEST GUST SPEED     9   HIGHEST GUST DIRECTION     S (170)
  AVERAGE WIND SPEED     1.2


SKY COVER
  AVERAGE SKY COVER 0.0


WEATHER CONDITIONS
 THE FOLLOWING WEATHER WAS RECORDED TODAY.
  NO SIGNIFICANT WEATHER WAS OBSERVED.


RELATIVE HUMIDITY (PERCENT)
 HIGHEST    93           300 AM
 LOWEST     81           500 AM
 AVERAGE    87

..........................................................


THE JACKSON MI CLIMATE NORMALS FOR TOMORROW
                         NORMAL
 MAXIMUM TEMPERATURE (F)   78
 MINIMUM TEMPERATURE (F)   57


SUNRISE AND SUNSET
AUGUST 30 2016........SUNRISE   702 AM EDT   SUNSET   814 PM EDT
AUGUST 31 2016........SUNRISE   703 AM EDT   SUNSET   813 PM EDT


-  INDICATES NEGATIVE NUMBERS.
R  INDICATES RECORD WAS SET OR TIED.
MM INDICATES DATA IS MISSING.
T  INDICATES TRACE AMOUNT.




$$
