817
CDUS43 KGRR 161438
CLIJXN


CLIMATE REPORT
NATIONAL WEATHER SERVICE GRAND RAPIDS, MI
938 AM EST MON JAN 16 2017


...................................

...THE JACKSON MI CLIMATE SUMMARY FOR JANUARY 16 2017...
VALID AS OF 0900 AM LOCAL TIME.

CLIMATE NORMAL PERIOD 1981 TO 2010
CLIMATE RECORD PERIOD 1944 TO 9999


WEATHER ITEM   OBSERVED TIME   NORMAL DEPARTURE LAST
                VALUE   (LST)  VALUE  FROM      YEAR
                                      NORMAL
......................................................
TEMPERATURE (F)
 TODAY
  MAXIMUM         28    859 AM  31     -3       33
  MINIMUM         19    327 AM  16      3       26
  AVERAGE         24            23      1       30

PRECIPITATION (IN)
  TODAY            T             0.05  -0.05     0.00
  MONTH TO DATE    1.68          0.87   0.81     0.65
  SINCE DEC 1      2.56          2.74  -0.18     2.96
  SINCE JAN 1      1.68          0.87   0.81     0.65

DEGREE DAYS
 HEATING
  TODAY           41            42     -1       35
  MONTH TO DATE  641           661    -20      602
  SINCE DEC 1   1806          1805      1     1374
  SINCE JUL 1   2776          3209   -433     2495

 COOLING
  TODAY            0             0      0        0
  MONTH TO DATE    0             0      0        0
  SINCE DEC 1      0             0      0        0
  SINCE JAN 1      0             0      0        0
......................................................


WIND (MPH)
  RESULTANT WIND SPEED   1   RESULTANT WIND DIRECTION  SE (140)
  HIGHEST WIND SPEED     6   HIGHEST WIND DIRECTION     E (70)
  HIGHEST GUST SPEED     6   HIGHEST GUST DIRECTION     S (160)
  AVERAGE WIND SPEED     1.5


SKY COVER
  AVERAGE SKY COVER 0.4


WEATHER CONDITIONS
 THE FOLLOWING WEATHER WAS RECORDED TODAY.
  FOG


RELATIVE HUMIDITY (PERCENT)
 HIGHEST    91           200 AM
 LOWEST     81           700 AM
 AVERAGE    86

..........................................................


THE JACKSON MI CLIMATE NORMALS FOR TOMORROW
                         NORMAL
 MAXIMUM TEMPERATURE (F)   31
 MINIMUM TEMPERATURE (F)   16


SUNRISE AND SUNSET
JANUARY 16 2017.......SUNRISE   804 AM EST   SUNSET   532 PM EST
JANUARY 17 2017.......SUNRISE   803 AM EST   SUNSET   534 PM EST


-  INDICATES NEGATIVE NUMBERS.
R  INDICATES RECORD WAS SET OR TIED.
MM INDICATES DATA IS MISSING.
T  INDICATES TRACE AMOUNT.




$$
