000
CDUS43 KGRR 192126
CLIJXN


CLIMATE REPORT
NATIONAL WEATHER SERVICE GRAND RAPIDS, MI
526 PM EDT TUE SEP 19 2017


...................................

...THE JACKSON MI CLIMATE SUMMARY FOR SEPTEMBER 19 2017...
VALID TODAY AS OF 0500 PM LOCAL TIME.

CLIMATE NORMAL PERIOD 1981 TO 2010
CLIMATE RECORD PERIOD 1944 TO 9999


WEATHER ITEM   OBSERVED TIME   NORMAL DEPARTURE LAST
                VALUE   (LST)  VALUE  FROM      YEAR
                                      NORMAL
......................................................
TEMPERATURE (F)
 TODAY
  MAXIMUM         71    359 PM  72     -1       82
  MINIMUM         62    943 AM  50     12       52
  AVERAGE         67            60      7       67

PRECIPITATION (IN)
  TODAY           MM             0.12  MM        0.00
  MONTH TO DATE    0.56          2.18  -1.62     1.72
  SINCE SEP 1      0.56          2.18  -1.62     1.72
  SINCE JAN 1     23.62         23.10   0.52    28.03

DEGREE DAYS
 HEATING
  TODAY            0             6     -6        0
  MONTH TO DATE   82            66     16       11
  SINCE SEP 1     82            66     16       11
  SINCE JUL 1    109           101      8       15

 COOLING
  TODAY            2             1      1        2
  MONTH TO DATE   28            48    -20       70
  SINCE SEP 1     28            48    -20       70
  SINCE JAN 1    555           577    -22      798
......................................................


WIND (MPH)
  RESULTANT WIND SPEED   6   RESULTANT WIND DIRECTION  NE (60)
  HIGHEST WIND SPEED    14   HIGHEST WIND DIRECTION    NE (30)
  HIGHEST GUST SPEED    16   HIGHEST GUST DIRECTION    NE (30)
  AVERAGE WIND SPEED     6.4


SKY COVER
  AVERAGE SKY COVER 1.0


WEATHER CONDITIONS
 THE FOLLOWING WEATHER WAS RECORDED TODAY.
  LIGHT RAIN
  FOG
  HAZE


RELATIVE HUMIDITY (PERCENT)
 HIGHEST    93           900 AM
 LOWEST     79           400 PM
 AVERAGE    86

..........................................................


THE JACKSON MI CLIMATE NORMALS FOR TOMORROW
                         NORMAL
 MAXIMUM TEMPERATURE (F)   71
 MINIMUM TEMPERATURE (F)   49


SUNRISE AND SUNSET
SEPTEMBER 19 2017.....SUNRISE   722 AM EDT   SUNSET   740 PM EDT
SEPTEMBER 20 2017.....SUNRISE   723 AM EDT   SUNSET   738 PM EDT


-  INDICATES NEGATIVE NUMBERS.
R  INDICATES RECORD WAS SET OR TIED.
MM INDICATES DATA IS MISSING.
T  INDICATES TRACE AMOUNT.




$$
