000
CDUS43 KIND 030544
CLILAF


CLIMATE REPORT
NATIONAL WEATHER SERVICE INDIANAPOLIS IN
143 AM EDT WED SEP 3 2014


...................................

...THE LAFAYETTE IN CLIMATE SUMMARY FOR SEPTEMBER 2 2014...

CLIMATE NORMAL PERIOD 1981 TO 2010
CLIMATE RECORD PERIOD 9999 TO 9999


WEATHER ITEM   OBSERVED TIME   NORMAL DEPARTURE LAST
                VALUE   (LST)  VALUE  FROM      YEAR
                                      NORMAL
......................................................
TEMPERATURE (F)
 YESTERDAY
  MAXIMUM         78    232 PM  82     -4       83
  MINIMUM         65   1159 PM  60      5       62
  AVERAGE         72            71      1       73

PRECIPITATION (IN)
  YESTERDAY        0.23          0.09   0.14     0.00
  MONTH TO DATE    0.23          0.18   0.05     0.00
  SINCE SEP 1      0.23          0.18   0.05     0.00
  SINCE JAN 1     25.55         25.73  -0.18    27.63

DEGREE DAYS
 HEATING
  YESTERDAY        0             1     -1        0
  MONTH TO DATE    0             1     -1        0
  SINCE SEP 1      0             1     -1        0
  SINCE JUL 1     24             7     17       20

 COOLING
  YESTERDAY        7             7      0        8
  MONTH TO DATE   18            14      4       15
  SINCE SEP 1     18            14      4       15
  SINCE JAN 1    694           866   -172      741
......................................................


WIND (MPH)
  HIGHEST WIND SPEED    13   HIGHEST WIND DIRECTION    SW (210)
  HIGHEST GUST SPEED    19   HIGHEST GUST DIRECTION    SW (210)
  AVERAGE WIND SPEED     4.2


SKY COVER
  AVERAGE SKY COVER 0.6


WEATHER CONDITIONS
 THE FOLLOWING WEATHER WAS RECORDED YESTERDAY.
  THUNDERSTORM
  RAIN
  LIGHT RAIN
  FOG


RELATIVE HUMIDITY (PERCENT)
 HIGHEST   100           300 AM
 LOWEST     74           200 PM
 AVERAGE    87

..........................................................


THE LAFAYETTE IN CLIMATE NORMALS FOR TODAY
                         NORMAL
 MAXIMUM TEMPERATURE (F)   82
 MINIMUM TEMPERATURE (F)   59


SUNRISE AND SUNSET
SEPTEMBER  3 2014.....SUNRISE   717 AM EDT   SUNSET   816 PM EDT
SEPTEMBER  4 2014.....SUNRISE   718 AM EDT   SUNSET   815 PM EDT


-  INDICATES NEGATIVE NUMBERS.
R  INDICATES RECORD WAS SET OR TIED.
MM INDICATES DATA IS MISSING.
T  INDICATES TRACE AMOUNT.




$$
