000
CDUS43 KIND 210534
CLILAF


CLIMATE REPORT
NATIONAL WEATHER SERVICE INDIANAPOLIS IN
1234 AM EST SUN DEC 21 2014


...................................

...THE LAFAYETTE IN CLIMATE SUMMARY FOR DECEMBER 20 2014...

CLIMATE NORMAL PERIOD 1981 TO 2010
CLIMATE RECORD PERIOD 9999 TO 9999


WEATHER ITEM   OBSERVED TIME   NORMAL DEPARTURE LAST
                VALUE   (LST)  VALUE  FROM      YEAR
                                      NORMAL
......................................................
TEMPERATURE (F)
 YESTERDAY
  MAXIMUM         33    405 PM  36     -3       56
  MINIMUM         27    451 AM  22      5       38
  AVERAGE         30            29      1       47

PRECIPITATION (IN)
  YESTERDAY        0.00          0.07  -0.07     0.14
  MONTH TO DATE    0.93          1.70  -0.77     0.84
  SINCE DEC 1      0.93          1.70  -0.77     0.84
  SINCE JAN 1     38.92         35.77   3.15    38.32

DEGREE DAYS
 HEATING
  YESTERDAY       35            36     -1       18
  MONTH TO DATE  654           663     -9      740
  SINCE DEC 1    654           663     -9      740
  SINCE JUL 1   2106          1764    342     1916

 COOLING
  YESTERDAY        0             0      0        0
  MONTH TO DATE    0             0      0        0
  SINCE DEC 1      0             0      0        0
  SINCE JAN 1    743           983   -240      884
......................................................


WIND (MPH)
  HIGHEST WIND SPEED     6   HIGHEST WIND DIRECTION     W (250)
  HIGHEST GUST SPEED     6   HIGHEST GUST DIRECTION    SE (140)
  AVERAGE WIND SPEED     1.2


SKY COVER
  AVERAGE SKY COVER 1.0


WEATHER CONDITIONS
 THE FOLLOWING WEATHER WAS RECORDED YESTERDAY.
  FOG


RELATIVE HUMIDITY (PERCENT)
 HIGHEST   100           900 AM
 LOWEST     72           300 PM
 AVERAGE    86

..........................................................


THE LAFAYETTE IN CLIMATE NORMALS FOR TODAY
                         NORMAL
 MAXIMUM TEMPERATURE (F)   36
 MINIMUM TEMPERATURE (F)   21


SUNRISE AND SUNSET
DECEMBER 21 2014......SUNRISE   807 AM EST   SUNSET   524 PM EST
DECEMBER 22 2014......SUNRISE   808 AM EST   SUNSET   525 PM EST


-  INDICATES NEGATIVE NUMBERS.
R  INDICATES RECORD WAS SET OR TIED.
MM INDICATES DATA IS MISSING.
T  INDICATES TRACE AMOUNT.




$$
