633
CDUS43 KIND 030601
CLILAF


CLIMATE REPORT
NATIONAL WEATHER SERVICE INDIANAPOLIS IN
101 AM EST SAT DEC 3 2016


...................................

...THE LAFAYETTE IN CLIMATE SUMMARY FOR DECEMBER 2 2016...

CLIMATE NORMAL PERIOD 1981 TO 2010
CLIMATE RECORD PERIOD 9999 TO 9999


WEATHER ITEM   OBSERVED TIME   NORMAL DEPARTURE LAST
                VALUE   (LST)  VALUE  FROM      YEAR
                                      NORMAL
......................................................
TEMPERATURE (F)
 YESTERDAY
  MAXIMUM         40    232 PM  43     -3       37
  MINIMUM         35    653 AM  28      7       29
  AVERAGE         38            35      3       33

PRECIPITATION (IN)
  YESTERDAY        T             0.10  -0.10     0.01
  MONTH TO DATE    T             0.20  -0.20     0.08
  SINCE DEC 1      T             0.20  -0.20     0.08
  SINCE JAN 1     34.31         34.27   0.04    31.49

DEGREE DAYS
 HEATING
  YESTERDAY       27            30     -3       32
  MONTH TO DATE   54            59     -5       57
  SINCE DEC 1     54            59     -5       57
  SINCE JUL 1    900          1160   -260     1006

 COOLING
  YESTERDAY        0             0      0        0
  MONTH TO DATE    0             0      0        0
  SINCE DEC 1      0             0      0        0
  SINCE JAN 1   1102           983    119      816
......................................................


WIND (MPH)
  HIGHEST WIND SPEED    15   HIGHEST WIND DIRECTION     W (280)
  HIGHEST GUST SPEED    20   HIGHEST GUST DIRECTION     W (290)
  AVERAGE WIND SPEED     8.1


SKY COVER
  AVERAGE SKY COVER 1.0


WEATHER CONDITIONS
 THE FOLLOWING WEATHER WAS RECORDED YESTERDAY.
  LIGHT RAIN
  FOG


RELATIVE HUMIDITY (PERCENT)
 HIGHEST    92          1000 PM
 LOWEST     79           100 PM
 AVERAGE    86

..........................................................


THE LAFAYETTE IN CLIMATE NORMALS FOR TODAY
                         NORMAL
 MAXIMUM TEMPERATURE (F)   42
 MINIMUM TEMPERATURE (F)   27


SUNRISE AND SUNSET
DECEMBER  3 2016......SUNRISE   754 AM EST   SUNSET   521 PM EST
DECEMBER  4 2016......SUNRISE   755 AM EST   SUNSET   521 PM EST


-  INDICATES NEGATIVE NUMBERS.
R  INDICATES RECORD WAS SET OR TIED.
MM INDICATES DATA IS MISSING.
T  INDICATES TRACE AMOUNT.




$$
