000
CDUS43 KIND 060532
CLILAF


CLIMATE REPORT
NATIONAL WEATHER SERVICE INDIANAPOLIS IN
131 AM EDT FRI MAY 6 2016


...................................

...THE LAFAYETTE IN CLIMATE SUMMARY FOR MAY 5 2016...

CLIMATE NORMAL PERIOD 1981 TO 2010
CLIMATE RECORD PERIOD 9999 TO 9999


WEATHER ITEM   OBSERVED TIME   NORMAL DEPARTURE LAST
                VALUE   (LST)  VALUE  FROM      YEAR
                                      NORMAL
......................................................
TEMPERATURE (F)
 YESTERDAY
  MAXIMUM         64        MM  70     -6       83
  MINIMUM         41        MM  47     -6       59
  AVERAGE         53            58     -5       71

PRECIPITATION (IN)
  YESTERDAY        T             0.13  -0.13     0.00
  MONTH TO DATE    0.21          0.64  -0.43     0.36
  SINCE MAR 1      7.64          6.85   0.79     3.44
  SINCE JAN 1     10.37         10.47  -0.10     5.17

DEGREE DAYS
 HEATING
  YESTERDAY       12             7      5        0
  MONTH TO DATE   57            40     17       22
  SINCE MAR 1   1060          1196   -136     1309
  SINCE JUL 1   4868          5530   -662     6387

 COOLING
  YESTERDAY        0             1     -1        6
  MONTH TO DATE    0             5     -5        6
  SINCE MAR 1      2            18    -16        8
  SINCE JAN 1      2            18    -16        8
......................................................


WIND (MPH)
  HIGHEST WIND SPEED    21   HIGHEST WIND DIRECTION    NW (330)
  HIGHEST GUST SPEED    29   HIGHEST GUST DIRECTION     N (350)
  AVERAGE WIND SPEED    11.7


SKY COVER
  AVERAGE SKY COVER 0.6


WEATHER CONDITIONS
 THE FOLLOWING WEATHER WAS RECORDED YESTERDAY.
  LIGHT RAIN


RELATIVE HUMIDITY (PERCENT)
 HIGHEST    89           500 AM
 LOWEST     48           500 PM
 AVERAGE    69

..........................................................


THE LAFAYETTE IN CLIMATE NORMALS FOR TODAY
                         NORMAL
 MAXIMUM TEMPERATURE (F)   70
 MINIMUM TEMPERATURE (F)   47


SUNRISE AND SUNSET
MAY  6 2016...........SUNRISE   640 AM EDT   SUNSET   849 PM EDT
MAY  7 2016...........SUNRISE   639 AM EDT   SUNSET   850 PM EDT


-  INDICATES NEGATIVE NUMBERS.
R  INDICATES RECORD WAS SET OR TIED.
MM INDICATES DATA IS MISSING.
T  INDICATES TRACE AMOUNT.




$$
