095
CDUS43 KIND 180532
CLILAF


CLIMATE REPORT
NATIONAL WEATHER SERVICE INDIANAPOLIS IN
1231 AM EST WED JAN 18 2017


...................................

...THE LAFAYETTE IN CLIMATE SUMMARY FOR JANUARY 17 2017...

CLIMATE NORMAL PERIOD 1981 TO 2010
CLIMATE RECORD PERIOD 9999 TO 9999


WEATHER ITEM   OBSERVED TIME   NORMAL DEPARTURE LAST
                VALUE   (LST)  VALUE  FROM      YEAR
                                      NORMAL
......................................................
TEMPERATURE (F)
 YESTERDAY
  MAXIMUM         56    505 AM  34     22       23
  MINIMUM         35   1159 PM  19     16        2
  AVERAGE         46            26     20       13

PRECIPITATION (IN)
  YESTERDAY        0.18          0.06   0.12      T
  MONTH TO DATE    2.44          1.07   1.37     0.96
  SINCE DEC 1      4.00          3.58   0.42     7.72
  SINCE JAN 1      2.44          1.07   1.37     0.96

DEGREE DAYS
 HEATING
  YESTERDAY       19            39    -20       52
  MONTH TO DATE  621           659    -38      634
  SINCE DEC 1   1759          1733     26     1366
  SINCE JUL 1   2605          2834   -229     2315

 COOLING
  YESTERDAY        0             0      0        0
  MONTH TO DATE    0             0      0        0
  SINCE DEC 1      0             0      0        0
  SINCE JAN 1      0             0      0        0
......................................................


WIND (MPH)
  HIGHEST WIND SPEED    21   HIGHEST WIND DIRECTION     W (270)
  HIGHEST GUST SPEED    30   HIGHEST GUST DIRECTION     W (270)
  AVERAGE WIND SPEED    12.6


SKY COVER
  AVERAGE SKY COVER 1.0


WEATHER CONDITIONS
 THE FOLLOWING WEATHER WAS RECORDED YESTERDAY.
  LIGHT RAIN
  FOG


RELATIVE HUMIDITY (PERCENT)
 HIGHEST   100          1200 AM
 LOWEST     86           900 AM
 AVERAGE    93

..........................................................


THE LAFAYETTE IN CLIMATE NORMALS FOR TODAY
                         NORMAL
 MAXIMUM TEMPERATURE (F)   34
 MINIMUM TEMPERATURE (F)   19


SUNRISE AND SUNSET
JANUARY 18 2017.......SUNRISE   807 AM EST   SUNSET   550 PM EST
JANUARY 19 2017.......SUNRISE   807 AM EST   SUNSET   551 PM EST


-  INDICATES NEGATIVE NUMBERS.
R  INDICATES RECORD WAS SET OR TIED.
MM INDICATES DATA IS MISSING.
T  INDICATES TRACE AMOUNT.




$$
