000
CDUS43 KGRR 030542
CLILAN


CLIMATE REPORT
NATIONAL WEATHER SERVICE GRAND RAPIDS, MI
141 AM EDT WED JUN 3 2015


...................................

...THE LANSING MI CLIMATE SUMMARY FOR JUNE 2 2015...

CLIMATE NORMAL PERIOD 1981 TO 2010
CLIMATE RECORD PERIOD 1864 TO 2015


WEATHER ITEM   OBSERVED TIME   RECORD YEAR NORMAL DEPARTURE LAST
                VALUE   (LST)  VALUE       VALUE  FROM      YEAR
                                                  NORMAL
..................................................................
TEMPERATURE (F)
 YESTERDAY
  MAXIMUM         72        MM  93    1919  74     -2       82
                                      1895
  MINIMUM         39        MM  36    1966  53    -14       69
                                      1964
                                      1901
  AVERAGE         56                        63     -7       76

PRECIPITATION (IN)
  YESTERDAY        0.00          2.30 1950   0.12  -0.12     0.65
  MONTH TO DATE    0.00                      0.24  -0.24     0.65
  SINCE JUN 1      0.00                      0.24  -0.24     0.65
  SINCE JAN 1      8.05                     11.81  -3.76    11.86

SNOWFALL (IN)
  YESTERDAY        0.0           0.0    MM   0.0    0.0      0.0
  MONTH TO DATE    0.0                       0.0    0.0      0.0
  SINCE JUN 1      0.0                       0.0    0.0      0.0
  SINCE JUL 1     35.6                      51.1  -15.5     69.1
  SNOW DEPTH       0

DEGREE DAYS
 HEATING
  YESTERDAY        9                         4      5        0
  MONTH TO DATE   21                         8     13        0
  SINCE JUN 1     21                         8     13        0
  SINCE JUL 1   7196                      6665    531     7519

 COOLING
  YESTERDAY        0                         2     -2       11
  MONTH TO DATE    0                         4     -4       18
  SINCE JUN 1      0                         4     -4       18
  SINCE JAN 1     59                        45     14       57
..................................................................


WIND (MPH)
  RESULTANT WIND SPEED   3   RESULTANT WIND DIRECTION   E (110)
  HIGHEST WIND SPEED    13   HIGHEST WIND DIRECTION    SE (120)
  HIGHEST GUST SPEED    19   HIGHEST GUST DIRECTION     E (100)
  AVERAGE WIND SPEED     5.2


SKY COVER
  AVERAGE SKY COVER 0.0


WEATHER CONDITIONS
 THE FOLLOWING WEATHER WAS RECORDED YESTERDAY.
  NO SIGNIFICANT WEATHER WAS OBSERVED.


RELATIVE HUMIDITY (PERCENT)
 HIGHEST    MM
 LOWEST     MM
 AVERAGE    MM

..........................................................


THE LANSING MI CLIMATE NORMALS FOR TODAY
                         NORMAL    RECORD    YEAR
 MAXIMUM TEMPERATURE (F)   75        97      1895
 MINIMUM TEMPERATURE (F)   53        34      1986


SUNRISE AND SUNSET
JUNE  3 2015..........SUNRISE   602 AM EDT   SUNSET   911 PM EDT
JUNE  4 2015..........SUNRISE   602 AM EDT   SUNSET   912 PM EDT


-  INDICATES NEGATIVE NUMBERS.
R  INDICATES RECORD WAS SET OR TIED.
MM INDICATES DATA IS MISSING.
T  INDICATES TRACE AMOUNT.




$$

63
