000
CDUS43 KGRR 202231
CLILAN


CLIMATE REPORT
NATIONAL WEATHER SERVICE GRAND RAPIDS, MI
529 PM EST SAT JAN 20 2018


...................................

...THE LANSING MI CLIMATE SUMMARY FOR JANUARY 20 2018...
VALID TODAY AS OF 0500 PM LOCAL TIME.

CLIMATE NORMAL PERIOD 1981 TO 2010
CLIMATE RECORD PERIOD 1864 TO 2018


WEATHER ITEM   OBSERVED TIME   RECORD YEAR NORMAL DEPARTURE LAST
                VALUE   (LST)  VALUE       VALUE  FROM      YEAR
                                                  NORMAL
..................................................................
TEMPERATURE (F)
 TODAY
  MAXIMUM         44    420 PM  62    1906  30     14       39
  MINIMUM         33    834 AM -16    1888  16     17       34
  AVERAGE         39                        23     16       37

PRECIPITATION (IN)
  TODAY            0.00          1.23 1974   0.05  -0.05     0.14
  MONTH TO DATE    0.97                      1.14  -0.17     2.78
  SINCE DEC 1      2.29                      3.01  -0.72     4.54
  SINCE JAN 1      0.97                      1.14  -0.17     2.78

SNOWFALL (IN)
  TODAY            0.0           7.8  1959   0.4   -0.4      0.0
  MONTH TO DATE    7.2                       9.0   -1.8      3.7
  SINCE DEC 1     24.6                      22.0    2.6     19.8
  SINCE JUL 1     25.0                      25.8   -0.8     19.8
  SNOW DEPTH       2

DEGREE DAYS
 HEATING
  TODAY           26                        42    -16       28
  MONTH TO DATE  904                       831     73      759
  SINCE DEC 1   2167                      1969    198     1901
  SINCE JUL 1   3423                      3383     40     2876

 COOLING
  TODAY            0                         0      0        0
  MONTH TO DATE    0                         0      0        0
  SINCE DEC 1      0                         0      0        0
  SINCE JAN 1      0                         0      0        0
..................................................................


WIND (MPH)
  RESULTANT WIND SPEED  13   RESULTANT WIND DIRECTION  SW (240)
  HIGHEST WIND SPEED    22   HIGHEST WIND DIRECTION    SW (230)
  HIGHEST GUST SPEED    29   HIGHEST GUST DIRECTION    SW (220)
  AVERAGE WIND SPEED    13.0


SKY COVER
  AVERAGE SKY COVER 0.0


WEATHER CONDITIONS
 THE FOLLOWING WEATHER WAS RECORDED TODAY.
  NO SIGNIFICANT WEATHER WAS OBSERVED.


RELATIVE HUMIDITY (PERCENT)
 HIGHEST    75           800 AM
 LOWEST     62           200 PM
 AVERAGE    69

..........................................................


THE LANSING MI CLIMATE NORMALS FOR TOMORROW
                         NORMAL    RECORD    YEAR
 MAXIMUM TEMPERATURE (F)   30        60      1906
 MINIMUM TEMPERATURE (F)   16       -19      1883


SUNRISE AND SUNSET
JANUARY 20 2018.......SUNRISE   803 AM EST   SUNSET   536 PM EST
JANUARY 21 2018.......SUNRISE   803 AM EST   SUNSET   537 PM EST


-  INDICATES NEGATIVE NUMBERS.
R  INDICATES RECORD WAS SET OR TIED.
MM INDICATES DATA IS MISSING.
T  INDICATES TRACE AMOUNT.




$$

63
