000
CDUS45 KCYS 180324
CLILAR


CLIMATE REPORT
NATIONAL WEATHER SERVICE CHEYENNE WY
924 PM MDT WED SEP 17 2014


...................................

...THE LARAMIE WY AIRPORT CLIMATE SUMMARY FOR SEPTEMBER 17 2014...
VALID TODAY AS OF 0900 PM LOCAL TIME.

CLIMATE NORMAL PERIOD 1981 TO 2010
CLIMATE RECORD PERIOD 1948 TO 2014


WEATHER ITEM   OBSERVED TIME   RECORD YEAR NORMAL DEPARTURE LAST
                VALUE   (LST)  VALUE       VALUE  FROM      YEAR
                                                  NORMAL
..................................................................
TEMPERATURE (F)
 TODAY
  MAXIMUM         79   1201 PM  85    2000  68     11       75
  MINIMUM         43    554 AM   7    1965  37      6       44
  AVERAGE         61                        53      8       60

PRECIPITATION (IN)
  TODAY            0.03          0.75 1959   0.04  -0.01     0.01
  MONTH TO DATE    0.64                      0.64   0.00     2.74
  SINCE JAN 1     11.43                      8.79   2.64     9.07

DEGREE DAYS
 HEATING
  TODAY            4                        12     -8        5
  MONTH TO DATE  172                       155     17       72
  SINCE SEP 1    172                       155     17       72
  SINCE JUL 1    351                       327     24      143

 COOLING
  TODAY            0                         0      0        0
  MONTH TO DATE    0                         0      0       24
  SINCE SEP 1      0                         0      0       24
  SINCE JAN 1     67                        66      1      162
..................................................................


WIND (MPH)
  HIGHEST WIND SPEED    33   HIGHEST WIND DIRECTION     W (290)
  HIGHEST GUST SPEED    40   HIGHEST GUST DIRECTION     W (280)
  AVERAGE WIND SPEED     7.2


SKY COVER
  AVERAGE SKY COVER 0.2


WEATHER CONDITIONS
 THE FOLLOWING WEATHER WAS RECORDED TODAY.
  THUNDERSTORM
  RAIN


RELATIVE HUMIDITY (PERCENT)
 HIGHEST    70           600 AM
 LOWEST     19          1200 PM
 AVERAGE    45

..........................................................


THE LARAMIE WY AIRPORT CLIMATE NORMALS FOR TOMORROW
                         NORMAL    RECORD    YEAR
 MAXIMUM TEMPERATURE (F)   68        81      2010
 MINIMUM TEMPERATURE (F)   37        13      1971


SUNRISE AND SUNSET
SEPTEMBER 17 2014.....SUNRISE   645 AM MDT   SUNSET   708 PM MDT
SEPTEMBER 18 2014.....SUNRISE   646 AM MDT   SUNSET   707 PM MDT


-  INDICATES NEGATIVE NUMBERS.
R  INDICATES RECORD WAS SET OR TIED.
MM INDICATES DATA IS MISSING.
T  INDICATES TRACE AMOUNT.




$$
