000
CDUS45 KCYS 310326
CLILAR


CLIMATE REPORT
NATIONAL WEATHER SERVICE CHEYENNE WY
926 PM MDT SAT AUG 30 2014


...................................

...THE LARAMIE WY AIRPORT CLIMATE SUMMARY FOR AUGUST 30 2014...
VALID TODAY AS OF 0900 PM LOCAL TIME.

CLIMATE NORMAL PERIOD 1981 TO 2010
CLIMATE RECORD PERIOD 1948 TO 2014


WEATHER ITEM   OBSERVED TIME   RECORD YEAR NORMAL DEPARTURE LAST
                VALUE   (LST)  VALUE       VALUE  FROM      YEAR
                                                  NORMAL
..................................................................
TEMPERATURE (F)
 TODAY
  MAXIMUM         78    144 PM  89    1985  75      3       86
                                      1948
  MINIMUM         44    448 AM  32    1968  44      0       50
                                      1964
  AVERAGE         61                        59      2       68

PRECIPITATION (IN)
  TODAY            0.09          0.39 2003   0.03   0.06     0.11
  MONTH TO DATE    1.52                      1.19   0.33     1.04
  SINCE JAN 1     10.68                      8.11   2.57     6.33

DEGREE DAYS
 HEATING
  TODAY            4                         6     -2        0
  MONTH TO DATE  114                        96     18       49
  SINCE JUN 1    411                       406      5      174
  SINCE JUL 1    169                       165      4       71

 COOLING
  TODAY            0                         0      0        3
  MONTH TO DATE    2                        17    -15       42
  SINCE JUN 1     67                        64      3      136
  SINCE JAN 1     67                        64      3      136
..................................................................


WIND (MPH)
  HIGHEST WIND SPEED    39   HIGHEST WIND DIRECTION    SW (230)
  HIGHEST GUST SPEED    52   HIGHEST GUST DIRECTION    SW (230)
  AVERAGE WIND SPEED    11.8


SKY COVER
  AVERAGE SKY COVER 0.2


WEATHER CONDITIONS
 THE FOLLOWING WEATHER WAS RECORDED TODAY.
  THUNDERSTORM
  HEAVY RAIN
  LIGHT RAIN


RELATIVE HUMIDITY (PERCENT)
 HIGHEST    89           400 AM
 LOWEST     27          1200 PM
 AVERAGE    58

..........................................................


THE LARAMIE WY AIRPORT CLIMATE NORMALS FOR TOMORROW
                         NORMAL    RECORD    YEAR
 MAXIMUM TEMPERATURE (F)   75        90      1960
 MINIMUM TEMPERATURE (F)   43        29      1956


SUNRISE AND SUNSET
AUGUST 30 2014........SUNRISE   627 AM MDT   SUNSET   739 PM MDT
AUGUST 31 2014........SUNRISE   628 AM MDT   SUNSET   737 PM MDT


-  INDICATES NEGATIVE NUMBERS.
R  INDICATES RECORD WAS SET OR TIED.
MM INDICATES DATA IS MISSING.
T  INDICATES TRACE AMOUNT.




$$
