000
CDUS45 KVEF 300830
CLILAS


CLIMATE REPORT
NATIONAL WEATHER SERVICE LAS VEGAS, NV
129 AM PDT THU JUL 30 2015


...................................

...THE LAS VEGAS NV CLIMATE SUMMARY FOR JULY 29 2015...

CLIMATE NORMAL PERIOD 1981 TO 2010
CLIMATE RECORD PERIOD 1937 TO 2015


WEATHER ITEM   OBSERVED TIME   RECORD YEAR NORMAL DEPARTURE LAST
                VALUE   (LST)  VALUE       VALUE  FROM      YEAR
                                                  NORMAL
..................................................................
TEMPERATURE (F)
 YESTERDAY
  MAXIMUM        104    125 PM 115    1995 104      0      101
  MINIMUM         80    453 AM  64    1984  81     -1       79
                                      1944
                                      1938
  AVERAGE         92                        93     -1       90

PRECIPITATION (IN)
  YESTERDAY        0.00          0.35 1976   0.02  -0.02     0.00
  MONTH TO DATE    0.19                      0.37  -0.18     0.22
  SINCE OCT 1      2.68                      3.58  -0.90     1.94
  SINCE JAN 1      2.38                      2.45  -0.07     0.52

SNOWFALL (IN)
  YESTERDAY        0.0           0.0    MM   0.0    0.0      0.0
  MONTH TO DATE    0.0                       0.0    0.0      0.0
  SINCE JUN 1      0.0                       0.0    0.0      0.0
  SINCE JUL 1      0.0                       0.0    0.0      0.0
  SNOW DEPTH       0

DEGREE DAYS
 HEATING
  YESTERDAY        0                         0      0        0
  MONTH TO DATE    0                         0      0        0
  SINCE JUN 1      0                         1     -1        0
  SINCE JUL 1      0                         0      0        0

 COOLING
  YESTERDAY       27                        28     -1       25
  MONTH TO DATE  738                       799    -61      837
  SINCE JUN 1   1552                      1449    103     1578
  SINCE JAN 1   2155                      1999    156     2236
..................................................................


WIND (MPH)
  RESULTANT WIND SPEED   3   RESULTANT WIND DIRECTION   S (170)
  HIGHEST WIND SPEED    16   HIGHEST WIND DIRECTION    SW (220)
  HIGHEST GUST SPEED    22   HIGHEST GUST DIRECTION     S (190)
  AVERAGE WIND SPEED     7.8


SKY COVER
  POSSIBLE SUNSHINE  MM
  AVERAGE SKY COVER 0.5


WEATHER CONDITIONS
 THE FOLLOWING WEATHER WAS RECORDED YESTERDAY.
  NO SIGNIFICANT WEATHER WAS OBSERVED.


RELATIVE HUMIDITY (PERCENT)
 HIGHEST    27           800 PM
 LOWEST      8          1100 AM
 AVERAGE    18

..........................................................


THE LAS VEGAS NV CLIMATE NORMALS FOR TODAY
                         NORMAL    RECORD    YEAR
 MAXIMUM TEMPERATURE (F)  104       114      1978
                                             1977
 MINIMUM TEMPERATURE (F)   81        64      1941


SUNRISE AND SUNSET
JULY 30 2015..........SUNRISE   546 AM PDT   SUNSET   748 PM PDT
JULY 31 2015..........SUNRISE   547 AM PDT   SUNSET   747 PM PDT


-  INDICATES NEGATIVE NUMBERS.
R  INDICATES RECORD WAS SET OR TIED.
MM INDICATES DATA IS MISSING.
T  INDICATES TRACE AMOUNT.




$$
