000
CDUS45 KVEF 160826
CLILAS


CLIMATE REPORT
NATIONAL WEATHER SERVICE LAS VEGAS, NV
126 AM PDT WED AUG 16 2017


...................................

...THE LAS VEGAS NV CLIMATE SUMMARY FOR AUGUST 15 2017...

CLIMATE NORMAL PERIOD 1981 TO 2010
CLIMATE RECORD PERIOD 1937 TO 2017


WEATHER ITEM   OBSERVED TIME   RECORD YEAR NORMAL DEPARTURE LAST
                VALUE   (LST)  VALUE       VALUE  FROM      YEAR
                                                  NORMAL
..................................................................
TEMPERATURE (F)
 YESTERDAY
  MAXIMUM         97    420 PM 111    2002 102     -5      108
                                      1994
                                      1939
  MINIMUM         79    616 AM  60    1938  80     -1       86
  AVERAGE         88                        91     -3       97

PRECIPITATION (IN)
  YESTERDAY        0.00          0.14 1958   0.01  -0.01     0.00
  MONTH TO DATE    0.23                      0.17   0.06     0.05
  SINCE OCT 1      2.97                      3.78  -0.81     5.00
  SINCE JAN 1      1.91                      2.65  -0.74     3.59

SNOWFALL (IN)
  YESTERDAY        0.0           0.0    MM   0.0    0.0      0.0
  MONTH TO DATE    0.0                       0.0    0.0      0.0
  SINCE JUN 1      0.0                       0.0    0.0      0.0
  SINCE JUL 1      0.0                       0.0    0.0      0.0
  SNOW DEPTH       0

DEGREE DAYS
 HEATING
  YESTERDAY        0                         0      0        0
  MONTH TO DATE    0                         0      0        0
  SINCE JUN 1      0                         1     -1        0
  SINCE JUL 1      0                         0      0        0

 COOLING
  YESTERDAY       23                        26     -3       32
  MONTH TO DATE  414                       401     13      416
  SINCE JUN 1   2187                      1905    282     2207
  SINCE JAN 1   2864                      2455    409     2743
..................................................................


WIND (MPH)
  RESULTANT WIND SPEED   5   RESULTANT WIND DIRECTION   S (160)
  HIGHEST WIND SPEED    21   HIGHEST WIND DIRECTION     S (190)
  HIGHEST GUST SPEED    28   HIGHEST GUST DIRECTION    SW (210)
  AVERAGE WIND SPEED     8.3


SKY COVER
  POSSIBLE SUNSHINE  MM
  AVERAGE SKY COVER 0.4


WEATHER CONDITIONS
 THE FOLLOWING WEATHER WAS RECORDED YESTERDAY.
  NO SIGNIFICANT WEATHER WAS OBSERVED.


RELATIVE HUMIDITY (PERCENT)
 HIGHEST    30           400 AM
 LOWEST     11           600 PM
 AVERAGE    21

..........................................................


THE LAS VEGAS NV CLIMATE NORMALS FOR TODAY
                         NORMAL    RECORD    YEAR
 MAXIMUM TEMPERATURE (F)  102       113      1939
 MINIMUM TEMPERATURE (F)   80        58      1938


SUNRISE AND SUNSET
AUGUST 16 2017........SUNRISE   600 AM PDT   SUNSET   729 PM PDT
AUGUST 17 2017........SUNRISE   601 AM PDT   SUNSET   728 PM PDT


-  INDICATES NEGATIVE NUMBERS.
R  INDICATES RECORD WAS SET OR TIED.
MM INDICATES DATA IS MISSING.
T  INDICATES TRACE AMOUNT.




$$
