000
CDUS45 KVEF 300828
CLILAS


CLIMATE REPORT
NATIONAL WEATHER SERVICE LAS VEGAS, NV
127 AM PDT SUN APR 30 2017


...................................

...THE LAS VEGAS NV CLIMATE SUMMARY FOR APRIL 29 2017...

CLIMATE NORMAL PERIOD 1981 TO 2010
CLIMATE RECORD PERIOD 1937 TO 2017


WEATHER ITEM   OBSERVED TIME   RECORD YEAR NORMAL DEPARTURE LAST
                VALUE   (LST)  VALUE       VALUE  FROM      YEAR
                                                  NORMAL
..................................................................
TEMPERATURE (F)
 YESTERDAY
  MAXIMUM         79    327 PM  99    2013  83     -4       77
  MINIMUM         57    542 AM  35    1970  61     -4       53
  AVERAGE         68                        72     -4       65

PRECIPITATION (IN)
  YESTERDAY        0.00          0.21 1999   0.01  -0.01     0.00
  MONTH TO DATE    0.04                      0.15  -0.11     1.33
  SINCE OCT 1      2.57                      3.02  -0.45     3.29
  SINCE JAN 1      1.51                      1.89  -0.38     1.88

SNOWFALL (IN)
  YESTERDAY        0.0           0.0    MM   0.0    0.0      0.0
  MONTH TO DATE    0.0                       0.0    0.0      0.0
  SINCE MAR 1      0.0                       0.0    0.0      0.0
  SINCE JUL 1      0.0                       0.3   -0.3       T
  SNOW DEPTH       0

DEGREE DAYS
 HEATING
  YESTERDAY        0                         1     -1        0
  MONTH TO DATE    9                        63    -54       29
  SINCE MAR 1     91                       252   -161      107
  SINCE JUL 1   1463                      1943   -480     1686

 COOLING
  YESTERDAY        3                         7     -4        0
  MONTH TO DATE  161                       121     40      142
  SINCE MAR 1    269                       151    118      197
  SINCE JAN 1    272                       152    120      206
..................................................................


WIND (MPH)
  RESULTANT WIND SPEED  10   RESULTANT WIND DIRECTION   N (350)
  HIGHEST WIND SPEED    23   HIGHEST WIND DIRECTION    NW (330)
  HIGHEST GUST SPEED    30   HIGHEST GUST DIRECTION     N (350)
  AVERAGE WIND SPEED    11.3


SKY COVER
  POSSIBLE SUNSHINE  MM
  AVERAGE SKY COVER 0.1


WEATHER CONDITIONS
 THE FOLLOWING WEATHER WAS RECORDED YESTERDAY.
  NO SIGNIFICANT WEATHER WAS OBSERVED.


RELATIVE HUMIDITY (PERCENT)
 HIGHEST    21           100 AM
 LOWEST      6           300 PM
 AVERAGE    14

..........................................................


THE LAS VEGAS NV CLIMATE NORMALS FOR TODAY
                         NORMAL    RECORD    YEAR
 MAXIMUM TEMPERATURE (F)   83        99      1981
                                             1943
 MINIMUM TEMPERATURE (F)   61        38      1967
                                             1942


SUNRISE AND SUNSET
APRIL 30 2017.........SUNRISE   549 AM PDT   SUNSET   727 PM PDT
MAY  1 2017...........SUNRISE   548 AM PDT   SUNSET   728 PM PDT


-  INDICATES NEGATIVE NUMBERS.
R  INDICATES RECORD WAS SET OR TIED.
MM INDICATES DATA IS MISSING.
T  INDICATES TRACE AMOUNT.




$$
