000
CDUS45 KVEF 260027
CLILAS


CLIMATE REPORT
NATIONAL WEATHER SERVICE LAS VEGAS, NV
527 PM PDT MON MAY 25 2015


...................................

...THE LAS VEGAS NV CLIMATE SUMMARY FOR MAY 25 2015...
VALID TODAY AS OF 0500 PM LOCAL TIME.

CLIMATE NORMAL PERIOD 1981 TO 2010
CLIMATE RECORD PERIOD 1937 TO 2015


WEATHER ITEM   OBSERVED TIME   RECORD YEAR NORMAL DEPARTURE LAST
                VALUE   (LST)  VALUE       VALUE  FROM      YEAR
                                                  NORMAL
..................................................................
TEMPERATURE (F)
 TODAY
  MAXIMUM         86    359 PM 105    2001  92     -6       96
                                      1951
  MINIMUM         62    520 AM  47    1977  68     -6       70
                                      1965
  AVERAGE         74                        80     -6       83

PRECIPITATION (IN)
  TODAY            0.00          T    2000   0.01  -0.01     0.00
                                      1996
                                      1995
  MONTH TO DATE    0.24                      0.10   0.14      T
  SINCE OCT 1      2.49                      3.12  -0.63     1.72
  SINCE JAN 1      2.19                      1.99   0.20     0.30

SNOWFALL (IN)
  TODAY            0.0           0.0    MM   0.0    0.0      0.0
  MONTH TO DATE    0.0                       0.0    0.0      0.0
  SINCE MAR 1      0.0                       0.0    0.0      0.0
  SINCE JUL 1      T                         0.3   -0.3      0.0
  SNOW DEPTH       0

DEGREE DAYS
 HEATING
  TODAY            0                         0      0        0
  MONTH TO DATE   12                         4      8        1
  SINCE MAR 1    114                       256   -142      126
  SINCE JUL 1   1221                      1947   -726     1512

 COOLING
  TODAY            9                        15     -6       18
  MONTH TO DATE  184                       292   -108      283
  SINCE MAR 1    469                       451     18      507
  SINCE JAN 1    479                       452     27      510
..................................................................


WIND (MPH)
  RESULTANT WIND SPEED   3   RESULTANT WIND DIRECTION   S (160)
  HIGHEST WIND SPEED    13   HIGHEST WIND DIRECTION    SE (120)
  HIGHEST GUST SPEED    15   HIGHEST GUST DIRECTION     E (90)
  AVERAGE WIND SPEED     4.7


SKY COVER
  POSSIBLE SUNSHINE  MM
  AVERAGE SKY COVER 0.4


WEATHER CONDITIONS
 THE FOLLOWING WEATHER WAS RECORDED TODAY.
  NO SIGNIFICANT WEATHER WAS OBSERVED.


RELATIVE HUMIDITY (PERCENT)
 HIGHEST    78           400 AM
 LOWEST     25           300 PM
 AVERAGE    52

..........................................................


THE LAS VEGAS NV CLIMATE NORMALS FOR TOMORROW
                         NORMAL    RECORD    YEAR
 MAXIMUM TEMPERATURE (F)   92       109      1951
 MINIMUM TEMPERATURE (F)   69        50      1980


SUNRISE AND SUNSET
MAY 25 2015...........SUNRISE   528 AM PDT   SUNSET   747 PM PDT
MAY 26 2015...........SUNRISE   528 AM PDT   SUNSET   748 PM PDT


-  INDICATES NEGATIVE NUMBERS.
R  INDICATES RECORD WAS SET OR TIED.
MM INDICATES DATA IS MISSING.
T  INDICATES TRACE AMOUNT.




$$
