000
CDUS45 KVEF 150029
CLILAS


CLIMATE REPORT
NATIONAL WEATHER SERVICE LAS VEGAS, NV
529 PM PDT SUN SEP 14 2014


...................................

...THE LAS VEGAS NV CLIMATE SUMMARY FOR SEPTEMBER 14 2014...
VALID TODAY AS OF 0500 PM LOCAL TIME.

CLIMATE NORMAL PERIOD 1981 TO 2010
CLIMATE RECORD PERIOD 1937 TO 2014


WEATHER ITEM   OBSERVED TIME   RECORD YEAR NORMAL DEPARTURE LAST
                VALUE   (LST)  VALUE       VALUE  FROM      YEAR
                                                  NORMAL
..................................................................
TEMPERATURE (F)
 TODAY
  MAXIMUM        102    331 PM 107    1945  95      7       92
  MINIMUM         75    538 AM  50    1941  72      3       74
  AVERAGE         89                        83      6       83

PRECIPITATION (IN)
  TODAY            0.00          0.25 2011   0.01  -0.01      T
  MONTH TO DATE    0.29                      0.14   0.15     0.35
  SINCE OCT 1      2.58                      4.08  -1.50     2.97
  SINCE JAN 1      1.16                      2.95  -1.79     1.54

SNOWFALL (IN)
  TODAY            0.0           0.0    MM   0.0    0.0      0.0
  MONTH TO DATE    0.0                       0.0    0.0      0.0
  SINCE SEP 1      0.0                       0.0    0.0      0.0
  SINCE JUL 1      0.0                       0.0    0.0      0.0
  SNOW DEPTH       0

DEGREE DAYS
 HEATING
  TODAY            0                         0      0        0
  MONTH TO DATE    0                         0      0        0
  SINCE SEP 1      0                         0      0        0
  SINCE JUL 1      0                         0      0        0

 COOLING
  TODAY           24                        18      6       18
  MONTH TO DATE  322                       290     32      270
  SINCE SEP 1    322                       290     32      270
  SINCE JAN 1   3347                      3139    208     3442
..................................................................


WIND (MPH)
  RESULTANT WIND SPEED   4   RESULTANT WIND DIRECTION   S (180)
  HIGHEST WIND SPEED    12   HIGHEST WIND DIRECTION     E (110)
  HIGHEST GUST SPEED    18   HIGHEST GUST DIRECTION    SE (130)
  AVERAGE WIND SPEED     6.4


SKY COVER
  POSSIBLE SUNSHINE  MM
  AVERAGE SKY COVER 0.1


WEATHER CONDITIONS
 THE FOLLOWING WEATHER WAS RECORDED TODAY.
  NO SIGNIFICANT WEATHER WAS OBSERVED.


RELATIVE HUMIDITY (PERCENT)
 HIGHEST    31           600 AM
 LOWEST     12           100 PM
 AVERAGE    22

..........................................................


THE LAS VEGAS NV CLIMATE NORMALS FOR TOMORROW
                         NORMAL    RECORD    YEAR
 MAXIMUM TEMPERATURE (F)   95       107      2000
                                             1945
 MINIMUM TEMPERATURE (F)   72        49      1941


SUNRISE AND SUNSET
SEPTEMBER 14 2014.....SUNRISE   622 AM PDT   SUNSET   649 PM PDT
SEPTEMBER 15 2014.....SUNRISE   623 AM PDT   SUNSET   648 PM PDT


-  INDICATES NEGATIVE NUMBERS.
R  INDICATES RECORD WAS SET OR TIED.
MM INDICATES DATA IS MISSING.
T  INDICATES TRACE AMOUNT.




$$
