000
CDUS46 KLOX 030111
CLILAX


CLIMATE REPORT
NATIONAL WEATHER SERVICE LOS ANGELES/OXNARD CA
511 PM PST MON MAR 2 2015


...................................

...THE LOS ANGELES AIRPORT CLIMATE SUMMARY FOR MARCH 2 2015...
VALID TODAY AS OF 0500 PM LOCAL TIME.

CLIMATE NORMAL PERIOD 1981 TO 2010
CLIMATE RECORD PERIOD 1944 TO 2015


WEATHER ITEM   OBSERVED TIME   RECORD YEAR NORMAL DEPARTURE LAST
                VALUE   (LST)  VALUE       VALUE  FROM      YEAR
                                                  NORMAL
..................................................................
TEMPERATURE (F)
 TODAY
  MAXIMUM         60    121 PM  82    2013  64     -4       63
  MINIMUM         47    635 AM  38    1953  51     -4       54
  AVERAGE         54                        58     -4       59

PRECIPITATION (IN)
  TODAY            0.01          1.46 1980   0.09  -0.08      T
  MONTH TO DATE    0.26                      0.18   0.08     0.35
  SINCE OCT 1      6.48                      9.86  -3.38     4.15
  SINCE JAN 1      1.78                      6.14  -4.36     3.14

SNOWFALL (IN)
  TODAY           MM
  MONTH TO DATE    0.0
  SINCE MAR 1      0.0
  SINCE JUL 1      0.0

DEGREE DAYS
 HEATING
  TODAY           11                         8      3        6
  MONTH TO DATE   19                        16      3       12
  SINCE MAR 1     19                        16      3       12
  SINCE JUL 1    552                       945   -393      567

 COOLING
  TODAY            0                         0      0        0
  MONTH TO DATE    0                         0      0        0
  SINCE MAR 1      0                         0      0        0
  SINCE JAN 1     27                         9     18       16
..................................................................


WIND (MPH)
  HIGHEST WIND SPEED    14   HIGHEST WIND DIRECTION    SW (240)
  HIGHEST GUST SPEED    17   HIGHEST GUST DIRECTION    SW (240)
  AVERAGE WIND SPEED     5.5


SKY COVER
  POSSIBLE SUNSHINE  MM
  AVERAGE SKY COVER 0.7


WEATHER CONDITIONS
 THE FOLLOWING WEATHER WAS RECORDED TODAY.
  HEAVY RAIN
  LIGHT RAIN


RELATIVE HUMIDITY (PERCENT)
 HIGHEST    93           400 AM
 LOWEST     51           100 PM
 AVERAGE    72

..........................................................


THE LOS ANGELES AIRPORT CLIMATE NORMALS FOR TOMORROW
                         NORMAL    RECORD    YEAR
 MAXIMUM TEMPERATURE (F)   64        78      1972
 MINIMUM TEMPERATURE (F)   51        41      1953


SUNRISE AND SUNSET
MARCH  2 2015.........SUNRISE   621 AM PST   SUNSET   551 PM PST
MARCH  3 2015.........SUNRISE   620 AM PST   SUNSET   552 PM PST


-  INDICATES NEGATIVE NUMBERS.
R  INDICATES RECORD WAS SET OR TIED.
MM INDICATES DATA IS MISSING.
T  INDICATES TRACE AMOUNT.




$$
