000
CDUS46 KLOX 270113
CLILAX


CLIMATE REPORT
NATIONAL WEATHER SERVICE LOS ANGELES/OXNARD CA
612 PM PDT SUN MAR 26 2017


...................................

...THE LOS ANGELES AIRPORT CLIMATE SUMMARY FOR MARCH 26 2017...
VALID TODAY AS OF 0600 PM LOCAL TIME.

CLIMATE NORMAL PERIOD 1981 TO 2010
CLIMATE RECORD PERIOD 1944 TO 2017


WEATHER ITEM   OBSERVED TIME   RECORD YEAR NORMAL DEPARTURE LAST
                VALUE   (LST)  VALUE       VALUE  FROM      YEAR
                                                  NORMAL
..................................................................
TEMPERATURE (F)
 TODAY
  MAXIMUM         67    116 PM  95    1988  65      2       70
  MINIMUM         54    554 AM  42    1977  52      2       56
                                      1948
  AVERAGE         61                        58      3       63

PRECIPITATION (IN)
  TODAY            0.00          0.70 1991   0.04  -0.04     0.00
  MONTH TO DATE    0.08                      1.65  -1.57     1.40
  SINCE OCT 1     15.81                     11.33   4.48     6.31
  SINCE JAN 1     11.56                      7.61   3.95     5.07

SNOWFALL (IN)
  TODAY            0.0
  MONTH TO DATE    0.0
  SINCE MAR 1      0.0
  SINCE JUL 1      0.0

DEGREE DAYS
 HEATING
  TODAY            4                         7     -3        2
  MONTH TO DATE  102                       185    -83      101
  SINCE MAR 1    102                       185    -83      101
  SINCE JUL 1    875                      1114   -239      797

 COOLING
  TODAY            0                         0      0        0
  MONTH TO DATE    2                         0      2        1
  SINCE MAR 1      2                         0      2        1
  SINCE JAN 1      2                         9     -7       58
..................................................................


WIND (MPH)
  HIGHEST WIND SPEED    18   HIGHEST WIND DIRECTION     W (260)
  HIGHEST GUST SPEED    28   HIGHEST GUST DIRECTION     W (290)
  AVERAGE WIND SPEED     7.3


SKY COVER
  POSSIBLE SUNSHINE  MM
  AVERAGE SKY COVER 0.5


WEATHER CONDITIONS
 THE FOLLOWING WEATHER WAS RECORDED TODAY.
  HAZE


RELATIVE HUMIDITY (PERCENT)
 HIGHEST    93           100 AM
 LOWEST     67          1000 AM
 AVERAGE    80

..........................................................


THE LOS ANGELES AIRPORT CLIMATE NORMALS FOR TOMORROW
                         NORMAL    RECORD    YEAR
 MAXIMUM TEMPERATURE (F)   65        87      1952
 MINIMUM TEMPERATURE (F)   52        40      1945


SUNRISE AND SUNSET
MARCH 26 2017.........SUNRISE   649 AM PDT   SUNSET   710 PM PDT
MARCH 27 2017.........SUNRISE   647 AM PDT   SUNSET   711 PM PDT


-  INDICATES NEGATIVE NUMBERS.
R  INDICATES RECORD WAS SET OR TIED.
MM INDICATES DATA IS MISSING.
T  INDICATES TRACE AMOUNT.




$$
