000
CDUS46 KLOX 140922
CLILAX


CLIMATE REPORT
NATIONAL WEATHER SERVICE LOS ANGELES/OXNARD CA
122 AM PST THU DEC 14 2017


...................................

...THE LOS ANGELES INTL AIRPORT CA CLIMATE SUMMARY FOR DECEMBER 13 2017...

CLIMATE NORMAL PERIOD 1981 TO 2010
CLIMATE RECORD PERIOD 1944 TO 2017


WEATHER ITEM   OBSERVED TIME   RECORD YEAR NORMAL DEPARTURE LAST
                VALUE   (LST)  VALUE       VALUE  FROM      YEAR
                                                  NORMAL
..................................................................
TEMPERATURE (F)
 YESTERDAY
  MAXIMUM         80   1135 AM  83    1952  65     15       65
  MINIMUM         51    310 AM  39    1949  49      2       56
                                      1945
  AVERAGE         66                        56     10       61

PRECIPITATION (IN)
  YESTERDAY        0.00          0.82 1995   0.06  -0.06     0.00
  MONTH TO DATE    0.00                      0.71  -0.71     0.05
  SINCE OCT 1      0.10                      2.38  -2.28     1.52
  SINCE JAN 1     12.25                     11.48   0.77     7.54

SNOWFALL (IN)
  YESTERDAY        0.0
  MONTH TO DATE    0.0
  SINCE DEC 1      0.0
  SINCE JUL 1      0.0

DEGREE DAYS
 HEATING
  YESTERDAY        0                         9     -9        4
  MONTH TO DATE   21                       102    -81       79
  SINCE DEC 1     21                       102    -81       79
  SINCE JUL 1     52                       284   -232      158

 COOLING
  YESTERDAY        1                         0      1        0
  MONTH TO DATE   16                         0     16        0
  SINCE DEC 1     16                         0     16        0
  SINCE JAN 1   1043                       550    493      962
..................................................................


WIND (MPH)
  HIGHEST WIND SPEED    14   HIGHEST WIND DIRECTION     W (270)
  HIGHEST GUST SPEED    16   HIGHEST GUST DIRECTION     W (280)
  AVERAGE WIND SPEED     3.9


SKY COVER
  POSSIBLE SUNSHINE  MM
  AVERAGE SKY COVER 0.2


WEATHER CONDITIONS
 THE FOLLOWING WEATHER WAS RECORDED YESTERDAY.
  HAZE


RELATIVE HUMIDITY (PERCENT)
 HIGHEST    57          1000 PM
 LOWEST      7          1100 AM
 AVERAGE    32

..........................................................


THE LOS ANGELES INTL AIRPORT CA CLIMATE NORMALS FOR TODAY
                         NORMAL    RECORD    YEAR
 MAXIMUM TEMPERATURE (F)   64        86      1953
 MINIMUM TEMPERATURE (F)   49        38      1967


SUNRISE AND SUNSET
DECEMBER 14 2017......SUNRISE   651 AM PST   SUNSET   446 PM PST
DECEMBER 15 2017......SUNRISE   652 AM PST   SUNSET   446 PM PST


-  INDICATES NEGATIVE NUMBERS.
R  INDICATES RECORD WAS SET OR TIED.
MM INDICATES DATA IS MISSING.
T  INDICATES TRACE AMOUNT.




$$
