000
CDUS46 KLOX 200150
CLILAX


CLIMATE REPORT
NATIONAL WEATHER SERVICE LOS ANGELES/OXNARD CA
550 PM PST SUN FEB 19 2017


...................................

...THE LOS ANGELES AIRPORT CLIMATE SUMMARY FOR FEBRUARY 19 2017...
VALID TODAY AS OF 0500 PM LOCAL TIME.

CLIMATE NORMAL PERIOD 1981 TO 2010
CLIMATE RECORD PERIOD 1944 TO 2017


WEATHER ITEM   OBSERVED TIME   RECORD YEAR NORMAL DEPARTURE LAST
                VALUE   (LST)  VALUE       VALUE  FROM      YEAR
                                                  NORMAL
..................................................................
TEMPERATURE (F)
 TODAY
  MAXIMUM         59    223 PM  87    1995  64     -5       64
  MINIMUM         50    326 AM  38    1955  50      0       51
  AVERAGE         55                        57     -2       58

PRECIPITATION (IN)
  TODAY            0.01          3.49 1958   0.13  -0.12     0.00
  MONTH TO DATE    3.87                      2.21   1.66     0.73
  SINCE OCT 1     15.56                      8.64   6.92     4.91
  SINCE JAN 1     11.31                      4.92   6.39     3.67

SNOWFALL (IN)
  TODAY            0.0
  MONTH TO DATE    0.0
  SINCE DEC 1      0.0
  SINCE JUL 1      0.0

DEGREE DAYS
 HEATING
  TODAY           10                         8      2        7
  MONTH TO DATE  120                       152    -32       76
  SINCE DEC 1    603                       674    -71      555
  SINCE JUL 1    682                       856   -174      666

 COOLING
  TODAY            0                         0      0        0
  MONTH TO DATE    0                         0      0       45
  SINCE DEC 1      2                         5     -3       51
  SINCE JAN 1      0                         4     -4       45
..................................................................


WIND (MPH)
  HIGHEST WIND SPEED    12   HIGHEST WIND DIRECTION     W (270)
  HIGHEST GUST SPEED    20   HIGHEST GUST DIRECTION     W (290)
  AVERAGE WIND SPEED     5.7


SKY COVER
  POSSIBLE SUNSHINE  MM
  AVERAGE SKY COVER 0.7


WEATHER CONDITIONS
 THE FOLLOWING WEATHER WAS RECORDED TODAY.
  LIGHT RAIN
  FOG


RELATIVE HUMIDITY (PERCENT)
 HIGHEST   100           200 AM
 LOWEST     77          1200 PM
 AVERAGE    89

..........................................................


THE LOS ANGELES AIRPORT CLIMATE NORMALS FOR TOMORROW
                         NORMAL    RECORD    YEAR
 MAXIMUM TEMPERATURE (F)   64        90      1995
 MINIMUM TEMPERATURE (F)   50        38      1945


SUNRISE AND SUNSET
FEBRUARY 19 2017......SUNRISE   634 AM PST   SUNSET   542 PM PST
FEBRUARY 20 2017......SUNRISE   632 AM PST   SUNSET   543 PM PST


-  INDICATES NEGATIVE NUMBERS.
R  INDICATES RECORD WAS SET OR TIED.
MM INDICATES DATA IS MISSING.
T  INDICATES TRACE AMOUNT.




$$
