000
CDUS46 KLOX 280316
CLILAX


CLIMATE REPORT
NATIONAL WEATHER SERVICE LOS ANGELES/OXNARD CA
816 PM PDT MON JUL 27 2015


...................................

...THE LOS ANGELES AIRPORT CLIMATE SUMMARY FOR JULY 27 2015...
VALID TODAY AS OF 0800 PM LOCAL TIME.

CLIMATE NORMAL PERIOD 1981 TO 2010
CLIMATE RECORD PERIOD 1944 TO 2015


WEATHER ITEM   OBSERVED TIME   RECORD YEAR NORMAL DEPARTURE LAST
                VALUE   (LST)  VALUE       VALUE  FROM      YEAR
                                                  NORMAL
..................................................................
TEMPERATURE (F)
 TODAY
  MAXIMUM         76   1215 PM  88    1967  74      2       76
                                      1947
  MINIMUM         68    556 AM  57    1965  64      4       66
  AVERAGE         72                        69      3       71

PRECIPITATION (IN)
  TODAY            0.00          0.14 2014   0.00   0.00     0.14
  MONTH TO DATE    0.35                      0.03   0.32     0.14
  SINCE OCT 1      7.61                     12.56  -4.95     4.56
  SINCE JAN 1      2.91                      8.84  -5.93     3.55

SNOWFALL (IN)
  TODAY            0.0
  MONTH TO DATE    0.0
  SINCE JUN 1      0.0
  SINCE JUL 1      0.0

DEGREE DAYS
 HEATING
  TODAY            0                         0      0        0
  MONTH TO DATE    0                         0      0        0
  SINCE JUN 1     11                        25    -14        1
  SINCE JUL 1      0                         0      0        0

 COOLING
  TODAY            7                         4      3        6
  MONTH TO DATE  145                       100     45      186
  SINCE JUN 1    202                       142     60      273
  SINCE JAN 1    315                       182    133      484
..................................................................


WIND (MPH)
  HIGHEST WIND SPEED    16   HIGHEST WIND DIRECTION     W (270)
  HIGHEST GUST SPEED    21   HIGHEST GUST DIRECTION     W (250)
  AVERAGE WIND SPEED     7.0


SKY COVER
  POSSIBLE SUNSHINE  MM
  AVERAGE SKY COVER 0.5


WEATHER CONDITIONS
 THE FOLLOWING WEATHER WAS RECORDED TODAY.
  NO SIGNIFICANT WEATHER WAS OBSERVED.


RELATIVE HUMIDITY (PERCENT)
 HIGHEST    81          1200 AM
 LOWEST     60          1000 AM
 AVERAGE    71

..........................................................


THE LOS ANGELES AIRPORT CLIMATE NORMALS FOR TOMORROW
                         NORMAL    RECORD    YEAR
 MAXIMUM TEMPERATURE (F)   74        85      1947
 MINIMUM TEMPERATURE (F)   64        58      1965


SUNRISE AND SUNSET
JULY 27 2015..........SUNRISE   602 AM PDT   SUNSET   758 PM PDT
JULY 28 2015..........SUNRISE   602 AM PDT   SUNSET   758 PM PDT


-  INDICATES NEGATIVE NUMBERS.
R  INDICATES RECORD WAS SET OR TIED.
MM INDICATES DATA IS MISSING.
T  INDICATES TRACE AMOUNT.




$$
