650
CDUS46 KLOX 210902
CLILAX


CLIMATE REPORT
NATIONAL WEATHER SERVICE LOS ANGELES/OXNARD CA
201 AM PDT MON AUG 21 2017


...................................

...THE LOS ANGELES INTL AIRPORT CA CLIMATE SUMMARY FOR AUGUST 20 2017...

CLIMATE NORMAL PERIOD 1981 TO 2010
CLIMATE RECORD PERIOD 1944 TO 2017


WEATHER ITEM   OBSERVED TIME   RECORD YEAR NORMAL DEPARTURE LAST
                VALUE   (LST)  VALUE       VALUE  FROM      YEAR
                                                  NORMAL
..................................................................
TEMPERATURE (F)
 YESTERDAY
  MAXIMUM         76    103 PM  86    1994  75      1       72
  MINIMUM         66   1218 AM  55    1947  64      2       63
  AVERAGE         71                        70      1       68

PRECIPITATION (IN)
  YESTERDAY        0.00          T    2002   0.00   0.00     0.00
                                      1976
                                      1973
  MONTH TO DATE    T                         0.03  -0.03     0.00
  SINCE OCT 1     16.32                     12.59   3.73     7.25
  SINCE JAN 1     12.07                      8.87   3.20     6.01

SNOWFALL (IN)
  YESTERDAY        0.0
  MONTH TO DATE    0.0
  SINCE JUN 1      0.0
  SINCE JUL 1      0.0

DEGREE DAYS
 HEATING
  YESTERDAY        0                         0      0        0
  MONTH TO DATE    0                         0      0        0
  SINCE JUN 1      4                        27    -23       16
  SINCE JUL 1      0                         2     -2        0

 COOLING
  YESTERDAY        6                         5      1        3
  MONTH TO DATE  142                        94     48      123
  SINCE JUN 1    423                       255    168      429
  SINCE JAN 1    481                       295    186      522
..................................................................


WIND (MPH)
  HIGHEST WIND SPEED    17   HIGHEST WIND DIRECTION     W (250)
  HIGHEST GUST SPEED    24   HIGHEST GUST DIRECTION     W (260)
  AVERAGE WIND SPEED     8.5


SKY COVER
  POSSIBLE SUNSHINE  MM
  AVERAGE SKY COVER 0.7


WEATHER CONDITIONS
 THE FOLLOWING WEATHER WAS RECORDED YESTERDAY.
  NO SIGNIFICANT WEATHER WAS OBSERVED.


RELATIVE HUMIDITY (PERCENT)
 HIGHEST    87           100 AM
 LOWEST     60           100 PM
 AVERAGE    74

..........................................................


THE LOS ANGELES INTL AIRPORT CA CLIMATE NORMALS FOR TODAY
                         NORMAL    RECORD    YEAR
 MAXIMUM TEMPERATURE (F)   75        87      1972
 MINIMUM TEMPERATURE (F)   64        58      1947


SUNRISE AND SUNSET
AUGUST 21 2017........SUNRISE   620 AM PDT   SUNSET   733 PM PDT
AUGUST 22 2017........SUNRISE   621 AM PDT   SUNSET   732 PM PDT


-  INDICATES NEGATIVE NUMBERS.
R  INDICATES RECORD WAS SET OR TIED.
MM INDICATES DATA IS MISSING.
T  INDICATES TRACE AMOUNT.




$$
