000
CDUS46 KLOX 180122
CLILAX


CLIMATE REPORT
NATIONAL WEATHER SERVICE LOS ANGELES/OXNARD CA
622 PM PDT TUE OCT 17 2017


...................................

...THE LOS ANGELES AIRPORT CLIMATE SUMMARY FOR OCTOBER 17 2017...
VALID TODAY AS OF 0600 PM LOCAL TIME.

CLIMATE NORMAL PERIOD 1981 TO 2010
CLIMATE RECORD PERIOD 1944 TO 2017


WEATHER ITEM   OBSERVED TIME   RECORD YEAR NORMAL DEPARTURE LAST
                VALUE   (LST)  VALUE       VALUE  FROM      YEAR
                                                  NORMAL
..................................................................
TEMPERATURE (F)
 TODAY
  MAXIMUM         89   1108 AM 100    1958  73     16       69
  MINIMUM         66    307 AM  48    1971  59      7       61
                                      1946
  AVERAGE         78                        66     12       65

PRECIPITATION (IN)
  TODAY            0.00          0.49 2004   0.02  -0.02     0.26
  MONTH TO DATE    0.00                      0.24  -0.24     0.26
  SINCE OCT 1      0.00                      0.24  -0.24     0.26
  SINCE JAN 1     12.15                      9.34   2.81     6.28

SNOWFALL (IN)
  TODAY            0.0
  MONTH TO DATE    0.0
  SINCE SEP 1      0.0
  SINCE JUL 1      0.0

DEGREE DAYS
 HEATING
  TODAY            0                         1     -1        0
  MONTH TO DATE    0                        14    -14        1
  SINCE SEP 1      1                        19    -18        1
  SINCE JUL 1      1                        23    -22        1

 COOLING
  TODAY           13                         2     11        0
  MONTH TO DATE   98                        41     57       48
  SINCE SEP 1    302                       163    139      238
  SINCE JAN 1    867                       509    358      820
..................................................................


WIND (MPH)
  HIGHEST WIND SPEED    18   HIGHEST WIND DIRECTION     W (250)
  HIGHEST GUST SPEED    22   HIGHEST GUST DIRECTION     W (260)
  AVERAGE WIND SPEED     5.9


SKY COVER
  POSSIBLE SUNSHINE  MM
  AVERAGE SKY COVER 0.4


WEATHER CONDITIONS
 THE FOLLOWING WEATHER WAS RECORDED TODAY.
  HAZE


RELATIVE HUMIDITY (PERCENT)
 HIGHEST    58          1200 PM
 LOWEST     19          1000 AM
 AVERAGE    39

..........................................................


THE LOS ANGELES AIRPORT CLIMATE NORMALS FOR TOMORROW
                         NORMAL    RECORD    YEAR
 MAXIMUM TEMPERATURE (F)   72        89      1967
 MINIMUM TEMPERATURE (F)   59        49      1946


SUNRISE AND SUNSET
OCTOBER 17 2017.......SUNRISE   700 AM PDT   SUNSET   617 PM PDT
OCTOBER 18 2017.......SUNRISE   701 AM PDT   SUNSET   616 PM PDT


-  INDICATES NEGATIVE NUMBERS.
R  INDICATES RECORD WAS SET OR TIED.
MM INDICATES DATA IS MISSING.
T  INDICATES TRACE AMOUNT.




$$
