000
CDUS46 KLOX 300115
CLILAX


CLIMATE REPORT
NATIONAL WEATHER SERVICE LOS ANGELES/OXNARD CA
615 PM PDT FRI AUG 29 2014


...................................

...THE LOS ANGELES AIRPORT CLIMATE SUMMARY FOR AUGUST 29 2014...
VALID TODAY AS OF 0600 PM LOCAL TIME.

CLIMATE NORMAL PERIOD 1981 TO 2010
CLIMATE RECORD PERIOD 1944 TO 2014


WEATHER ITEM   OBSERVED TIME   RECORD YEAR NORMAL DEPARTURE LAST
                VALUE   (LST)  VALUE       VALUE  FROM      YEAR
                                                  NORMAL
..................................................................
TEMPERATURE (F)
 TODAY
  MAXIMUM         78   1229 PM  90    1996  75      3       83
  MINIMUM         67    549 AM  55    1947  64      3       66
  AVERAGE         73                        70      3       75

PRECIPITATION (IN)
  TODAY            0.00          0.03 2000   0.00   0.00     0.00
  MONTH TO DATE    0.03                      0.05  -0.02      T
  SINCE JUL 1      0.17                      0.08   0.09     0.03
  SINCE JAN 1      3.58                      8.89  -5.31     2.64

SNOWFALL (IN)
  TODAY            0.0
  MONTH TO DATE    0.0
  SINCE JUN 1      0.0
  SINCE JUL 1      0.0

DEGREE DAYS
 HEATING
  TODAY            0                         0      0        0
  MONTH TO DATE    0                         0      0        1
  SINCE JUN 1      1                        27    -26        1
  SINCE JUL 1      0                         2     -2        1

 COOLING
  TODAY            8                         5      3       10
  MONTH TO DATE  184                       139     45       93
  SINCE JUN 1    491                       300    191      319
  SINCE JAN 1    702                       340    362      400
..................................................................


WIND (MPH)
  HIGHEST WIND SPEED    16   HIGHEST WIND DIRECTION     W (260)
  HIGHEST GUST SPEED    21   HIGHEST GUST DIRECTION     W (250)
  AVERAGE WIND SPEED     6.6


SKY COVER
  POSSIBLE SUNSHINE  MM
  AVERAGE SKY COVER 0.3


WEATHER CONDITIONS
 THE FOLLOWING WEATHER WAS RECORDED TODAY.
  FOG


RELATIVE HUMIDITY (PERCENT)
 HIGHEST    87           100 AM
 LOWEST     60          1100 AM
 AVERAGE    74

..........................................................


THE LOS ANGELES AIRPORT CLIMATE NORMALS FOR TOMORROW
                         NORMAL    RECORD    YEAR
 MAXIMUM TEMPERATURE (F)   75        97      1996
 MINIMUM TEMPERATURE (F)   64        56      1947


SUNRISE AND SUNSET
AUGUST 29 2014........SUNRISE   625 AM PDT   SUNSET   723 PM PDT
AUGUST 30 2014........SUNRISE   626 AM PDT   SUNSET   722 PM PDT


-  INDICATES NEGATIVE NUMBERS.
R  INDICATES RECORD WAS SET OR TIED.
MM INDICATES DATA IS MISSING.
T  INDICATES TRACE AMOUNT.




$$
