000
CDUS46 KLOX 300857
CLILAX


CLIMATE REPORT
NATIONAL WEATHER SERVICE LOS ANGELES/OXNARD CA
157 AM PDT SAT MAY 30 2015


...................................

...THE LOS ANGELES INTL AIRPORT CA CLIMATE SUMMARY FOR MAY 29 2015...

CLIMATE NORMAL PERIOD 1981 TO 2010
CLIMATE RECORD PERIOD 1944 TO 2015


WEATHER ITEM   OBSERVED TIME   RECORD YEAR NORMAL DEPARTURE LAST
                VALUE   (LST)  VALUE       VALUE  FROM      YEAR
                                                  NORMAL
..................................................................
TEMPERATURE (F)
 YESTERDAY
  MAXIMUM         69   1006 AM  85    1997  69      0       74
  MINIMUM         56   1159 PM  50    1953  59     -3       64
                                      1945
  AVERAGE         63                        64     -1       69

PRECIPITATION (IN)
  YESTERDAY        0.00          0.01 1971   0.00   0.00     0.00
                                      1954
  MONTH TO DATE    0.43                      0.21   0.22     0.00
  SINCE OCT 1      7.25                     12.44  -5.19     4.42
  SINCE JAN 1      2.55                      8.72  -6.17     3.41

SNOWFALL (IN)
  YESTERDAY        0.0
  MONTH TO DATE    0.0
  SINCE MAR 1      0.0
  SINCE JUL 1      0.0

DEGREE DAYS
 HEATING
  YESTERDAY        2                         2      0        0
  MONTH TO DATE  108                        82     26       20
  SINCE MAR 1    275                       461   -186      203
  SINCE JUL 1    808                      1390   -582      758

 COOLING
  YESTERDAY        0                         1     -1        4
  MONTH TO DATE    0                         5     -5      142
  SINCE MAR 1     86                        22     64      189
  SINCE JAN 1    113                        31     82      205
..................................................................


WIND (MPH)
  HIGHEST WIND SPEED    16   HIGHEST WIND DIRECTION     W (270)
  HIGHEST GUST SPEED    21   HIGHEST GUST DIRECTION     W (280)
  AVERAGE WIND SPEED     7.0


SKY COVER
  POSSIBLE SUNSHINE  MM
  AVERAGE SKY COVER 0.8


WEATHER CONDITIONS
 THE FOLLOWING WEATHER WAS RECORDED YESTERDAY.
  FOG
  FOG W/VISIBILITY <= 1/4 MILE
  HAZE


RELATIVE HUMIDITY (PERCENT)
 HIGHEST   100           900 PM
 LOWEST     73          1000 AM
 AVERAGE    87

..........................................................


THE LOS ANGELES INTL AIRPORT CA CLIMATE NORMALS FOR TODAY
                         NORMAL    RECORD    YEAR
 MAXIMUM TEMPERATURE (F)   69        84      1972
 MINIMUM TEMPERATURE (F)   59        51      1953
                                             1948


SUNRISE AND SUNSET
MAY 30 2015...........SUNRISE   544 AM PDT   SUNSET   758 PM PDT
MAY 31 2015...........SUNRISE   544 AM PDT   SUNSET   759 PM PDT


-  INDICATES NEGATIVE NUMBERS.
R  INDICATES RECORD WAS SET OR TIED.
MM INDICATES DATA IS MISSING.
T  INDICATES TRACE AMOUNT.




$$
