000
CDUS46 KLOX 250939
CLILAX


CLIMATE REPORT
NATIONAL WEATHER SERVICE LOS ANGELES/OXNARD CA
239 AM PDT MON JUL 25 2016


...................................

...THE LOS ANGELES INTL AIRPORT CA CLIMATE SUMMARY FOR JULY 24 2016...

CLIMATE NORMAL PERIOD 1981 TO 2010
CLIMATE RECORD PERIOD 1944 TO 2016


WEATHER ITEM   OBSERVED TIME   RECORD YEAR NORMAL DEPARTURE LAST
                VALUE   (LST)  VALUE       VALUE  FROM      YEAR
                                                  NORMAL
..................................................................
TEMPERATURE (F)
 YESTERDAY
  MAXIMUM         86   1136 AM  87    2006  74     12       77
  MINIMUM         67    450 AM  57    1947  64      3       67
  AVERAGE         77                        69      8       72

PRECIPITATION (IN)
  YESTERDAY        0.00          0.01 1954   0.00   0.00     0.00
  MONTH TO DATE    0.00                      0.02  -0.02     0.35
  SINCE OCT 1      7.25                     12.55  -5.30     7.61
  SINCE JAN 1      6.01                      8.83  -2.82     2.91

SNOWFALL (IN)
  YESTERDAY        0.0
  MONTH TO DATE    0.0
  SINCE JUN 1      0.0
  SINCE JUL 1      0.0

DEGREE DAYS
 HEATING
  YESTERDAY        0                         0      0        0
  MONTH TO DATE    0                         0      0        0
  SINCE JUN 1     16                        25     -9       11
  SINCE JUL 1      0                         0      0        0

 COOLING
  YESTERDAY       12                         4      8        7
  MONTH TO DATE  148                        88     60      122
  SINCE JUN 1    241                       130    111      179
  SINCE JAN 1    334                       170    164      292
..................................................................


WIND (MPH)
  HIGHEST WIND SPEED    14   HIGHEST WIND DIRECTION     W (280)
  HIGHEST GUST SPEED    17   HIGHEST GUST DIRECTION     W (270)
  AVERAGE WIND SPEED     7.2


SKY COVER
  POSSIBLE SUNSHINE  MM
  AVERAGE SKY COVER 0.3


WEATHER CONDITIONS
 THE FOLLOWING WEATHER WAS RECORDED YESTERDAY.
  FOG
  HAZE


RELATIVE HUMIDITY (PERCENT)
 HIGHEST    87           500 AM
 LOWEST     55          1100 AM
 AVERAGE    71

..........................................................


THE LOS ANGELES INTL AIRPORT CA CLIMATE NORMALS FOR TODAY
                         NORMAL    RECORD    YEAR
 MAXIMUM TEMPERATURE (F)   74        85      1959
 MINIMUM TEMPERATURE (F)   64        56      1948


SUNRISE AND SUNSET
JULY 25 2016..........SUNRISE   601 AM PDT   SUNSET   759 PM PDT
JULY 26 2016..........SUNRISE   601 AM PDT   SUNSET   758 PM PDT


-  INDICATES NEGATIVE NUMBERS.
R  INDICATES RECORD WAS SET OR TIED.
MM INDICATES DATA IS MISSING.
T  INDICATES TRACE AMOUNT.




$$
