000
CDUS46 KLOX 290131 CCA
CLILAX

CLIMATE REPORT
NATIONAL WEATHER SERVICE LOS ANGELES/OXNARD CA
630 PM PDT MON JUL 28 2014


...................................

...THE LOS ANGELES AIRPORT CLIMATE SUMMARY FOR JULY 28 2014...
VALID TODAY AS OF 0600 PM LOCAL TIME.

CLIMATE NORMAL PERIOD 1981 TO 2010
CLIMATE RECORD PERIOD 1944 TO 2014


WEATHER ITEM   OBSERVED TIME   RECORD YEAR NORMAL DEPARTURE LAST
                VALUE   (LST)  VALUE       VALUE  FROM      YEAR
                                                  NORMAL
..................................................................
TEMPERATURE (F)
 TODAY
  MAXIMUM         80   1213 PM  85    1947  74      6       71
  MINIMUM         68    518 AM  58    1965  64      4       63
  AVERAGE         74                        69      5       67

PRECIPITATION (IN)
  TODAY            0.00          0.04 1968   0.00   0.00     0.00
  MONTH TO DATE    0.14                      0.03   0.11     0.03
  SINCE JUL 1      0.14                      0.03   0.11     0.03
  SINCE JAN 1      3.55                      8.84  -5.29     2.64

SNOWFALL (IN)
  TODAY            0.0
  MONTH TO DATE    0.0
  SINCE JUN 1      0.0
  SINCE JUL 1      0.0

DEGREE DAYS
 HEATING
  TODAY            0                         0      0        0
  MONTH TO DATE    0                         0      0        0
  SINCE JUN 1      1                        25    -24        0
  SINCE JUL 1      0                         0      0        0

 COOLING
  TODAY            9                         4      5        2
  MONTH TO DATE  195                       104     91      125
  SINCE JUN 1    282                       146    136      218
  SINCE JAN 1    493                       186    307      299
..................................................................


WIND (MPH)
  HIGHEST WIND SPEED    18   HIGHEST WIND DIRECTION     W (270)
  HIGHEST GUST SPEED    22   HIGHEST GUST DIRECTION     W (260)
  AVERAGE WIND SPEED     7.8


SKY COVER
  POSSIBLE SUNSHINE  MM
  AVERAGE SKY COVER 0.7


WEATHER CONDITIONS
 THE FOLLOWING WEATHER WAS RECORDED TODAY.
  NO SIGNIFICANT WEATHER WAS OBSERVED.


RELATIVE HUMIDITY (PERCENT)
 HIGHEST    87           200 AM
 LOWEST     42          1100 AM
 AVERAGE    65

..........................................................


THE LOS ANGELES AIRPORT CLIMATE NORMALS FOR TOMORROW
                         NORMAL    RECORD    YEAR
 MAXIMUM TEMPERATURE (F)   74        89      1995
 MINIMUM TEMPERATURE (F)   64        59      2010
                                             1986


SUNRISE AND SUNSET
JULY 28 2014..........SUNRISE   602 AM PDT   SUNSET   757 PM PDT
JULY 29 2014..........SUNRISE   603 AM PDT   SUNSET   757 PM PDT


-  INDICATES NEGATIVE NUMBERS.
R  INDICATES RECORD WAS SET OR TIED.
MM INDICATES DATA IS MISSING.
T  INDICATES TRACE AMOUNT.




$$
