000
CDUS46 KLOX 270906
CLILAX


CLIMATE REPORT
NATIONAL WEATHER SERVICE LOS ANGELES/OXNARD CA
106 AM PST TUE JAN 27 2015


...................................

...THE LOS ANGELES INTL AIRPORT CA CLIMATE SUMMARY FOR JANUARY 26 2015...

CLIMATE NORMAL PERIOD 1981 TO 2010
CLIMATE RECORD PERIOD 1944 TO 2015


WEATHER ITEM   OBSERVED TIME   RECORD YEAR NORMAL DEPARTURE LAST
                VALUE   (LST)  VALUE       VALUE  FROM      YEAR
                                                  NORMAL
..................................................................
TEMPERATURE (F)
 YESTERDAY
  MAXIMUM         76   1208 PM  85    2003  65     11       66
  MINIMUM         55    925 PM  35    1950  49      6       53
  AVERAGE         66                        57      9       60

PRECIPITATION (IN)
  YESTERDAY        0.13          4.56 1956   0.08   0.05      T
  MONTH TO DATE    1.21                      2.27  -1.06      T
  SINCE OCT 1      5.91                      5.99  -0.08     1.01
  SINCE JAN 1      1.21                      2.27  -1.06      T

SNOWFALL (IN)
  YESTERDAY        0.0
  MONTH TO DATE    0.0
  SINCE DEC 1      0.0
  SINCE JUL 1      0.0

DEGREE DAYS
 HEATING
  YESTERDAY        0                         8     -8        5
  MONTH TO DATE  150                       219    -69       90
  SINCE DEC 1    357                       479   -122      283
  SINCE JUL 1    399                       661   -262      383

 COOLING
  YESTERDAY        1                         0      1        0
  MONTH TO DATE    6                         0      6       16
  SINCE DEC 1      8                         1      7       32
  SINCE JAN 1      6                         0      6       16
..................................................................


WIND (MPH)
  HIGHEST WIND SPEED    21   HIGHEST WIND DIRECTION     S (160)
  HIGHEST GUST SPEED    26   HIGHEST GUST DIRECTION    SE (150)
  AVERAGE WIND SPEED     5.7


SKY COVER
  POSSIBLE SUNSHINE  MM
  AVERAGE SKY COVER 0.8


WEATHER CONDITIONS
 THE FOLLOWING WEATHER WAS RECORDED YESTERDAY.
  RAIN
  LIGHT RAIN
  FOG


RELATIVE HUMIDITY (PERCENT)
 HIGHEST    93           900 PM
 LOWEST     23           100 PM
 AVERAGE    58

..........................................................


THE LOS ANGELES INTL AIRPORT CA CLIMATE NORMALS FOR TODAY
                         NORMAL    RECORD    YEAR
 MAXIMUM TEMPERATURE (F)   65        83      1986
 MINIMUM TEMPERATURE (F)   49        35      1950


SUNRISE AND SUNSET
JANUARY 27 2015.......SUNRISE   654 AM PST   SUNSET   519 PM PST
JANUARY 28 2015.......SUNRISE   653 AM PST   SUNSET   520 PM PST


-  INDICATES NEGATIVE NUMBERS.
R  INDICATES RECORD WAS SET OR TIED.
MM INDICATES DATA IS MISSING.
T  INDICATES TRACE AMOUNT.




$$
