000
CDUS44 KLUB 110628
CLILBB


CLIMATE REPORT
NATIONAL WEATHER SERVICE LUBBOCK, TX
1226 AM CST SUN DEC 11 2016


...................................

...THE LUBBOCK CLIMATE SUMMARY FOR DECEMBER 10 2016...

CLIMATE NORMAL PERIOD 1981 TO 2010
CLIMATE RECORD PERIOD 1911 TO 2016


WEATHER ITEM   OBSERVED TIME   RECORD YEAR NORMAL DEPARTURE LAST
                VALUE   (LST)  VALUE       VALUE  FROM      YEAR
                                                  NORMAL
..................................................................
TEMPERATURE (F)
 YESTERDAY
  MAXIMUM         61    357 PM  81    1933  55      6       75
  MINIMUM         28    802 AM   5    1917  28      0       44
  AVERAGE         45                        41      4       60

PRECIPITATION (IN)
  YESTERDAY        0.00          0.34 1964   0.03  -0.03     0.00
                                      1943
  MONTH TO DATE    0.43                      0.25   0.18     0.00
  SINCE DEC 1      0.43                      0.25   0.18     0.00
  SINCE JAN 1     13.41                     18.61  -5.20    27.88

SNOWFALL (IN)
  YESTERDAY        0.0           2.7  1960   0.1   -0.1      0.0
  MONTH TO DATE    T                         0.6   -0.6      0.0
  SINCE DEC 1      T                         0.6   -0.6      0.0
  SINCE JUL 1      T                         1.5   -1.5       T
  SNOW DEPTH       0

DEGREE DAYS
 HEATING
  YESTERDAY       20                        24     -4        5
  MONTH TO DATE  260                       228     32      170
  SINCE DEC 1    260                       228     32      170
  SINCE JUL 1    624                       870   -246      689

 COOLING
  YESTERDAY        0                         0      0        0
  MONTH TO DATE    0                         0      0        0
  SINCE DEC 1      0                         0      0        0
  SINCE JAN 1   2114                      1804    310     1922
..................................................................


WIND (MPH)
  RESULTANT WIND SPEED  13   RESULTANT WIND DIRECTION  SW (210)
  HIGHEST WIND SPEED    24   HIGHEST WIND DIRECTION     S (200)
  HIGHEST GUST SPEED    28   HIGHEST GUST DIRECTION     S (190)
  AVERAGE WIND SPEED    13.6


SKY COVER
  AVERAGE SKY COVER 0.4


WEATHER CONDITIONS
 THE FOLLOWING WEATHER WAS RECORDED YESTERDAY.
  FOG


RELATIVE HUMIDITY (PERCENT)
 HIGHEST    92           600 AM
 LOWEST     42           300 PM
 AVERAGE    67

..........................................................


THE LUBBOCK CLIMATE NORMALS FOR TODAY
                         NORMAL    RECORD    YEAR
 MAXIMUM TEMPERATURE (F)   54        80      1939
 MINIMUM TEMPERATURE (F)   27         6      1917


SUNRISE AND SUNSET
DECEMBER 11 2016......SUNRISE   742 AM CST   SUNSET   540 PM CST
DECEMBER 12 2016......SUNRISE   743 AM CST   SUNSET   540 PM CST


-  INDICATES NEGATIVE NUMBERS.
R  INDICATES RECORD WAS SET OR TIED.
MM INDICATES DATA IS MISSING.
T  INDICATES TRACE AMOUNT.




$$
