808
CDUS44 KLUB 270625
CLILBB


CLIMATE REPORT
NATIONAL WEATHER SERVICE LUBBOCK, TX
125 AM CDT TUE SEP 27 2016


...................................

...THE LUBBOCK CLIMATE SUMMARY FOR SEPTEMBER 26 2016...

CLIMATE NORMAL PERIOD 1981 TO 2010
CLIMATE RECORD PERIOD 1911 TO 2016


WEATHER ITEM   OBSERVED TIME   RECORD YEAR NORMAL DEPARTURE LAST
                VALUE   (LST)  VALUE       VALUE  FROM      YEAR
                                                  NORMAL
..................................................................
TEMPERATURE (F)
 YESTERDAY
  MAXIMUM         73    108 PM  99    1977  81     -8       87
                                      1953
  MINIMUM         55   1159 PM  36    1926  55      0       58
  AVERAGE         64                        68     -4       73

PRECIPITATION (IN)
  YESTERDAY        0.00          1.46 1980   0.08  -0.08     0.00
  MONTH TO DATE    1.47                      2.22  -0.75     0.49
  SINCE SEP 1      1.47                      2.22  -0.75     0.49
  SINCE JAN 1     11.39                     15.29  -3.90    22.78

SNOWFALL (IN)
  YESTERDAY        0.0           0.0  2002   0.0    0.0      0.0
  MONTH TO DATE    0.0                       0.0    0.0      0.0
  SINCE SEP 1      0.0                       0.0    0.0      0.0
  SINCE JUL 1      0.0                       0.0    0.0      0.0
  SNOW DEPTH       0

DEGREE DAYS
 HEATING
  YESTERDAY        1                         2     -1        0
  MONTH TO DATE    1                        15    -14        0
  SINCE SEP 1      1                        15    -14        0
  SINCE JUL 1      1                        15    -14        0

 COOLING
  YESTERDAY        0                         5     -5        8
  MONTH TO DATE  251                       206     45      318
  SINCE SEP 1    251                       206     45      318
  SINCE JAN 1   1977                      1732    245     1823
..................................................................


WIND (MPH)
  RESULTANT WIND SPEED   9   RESULTANT WIND DIRECTION  NE (50)
  HIGHEST WIND SPEED    21   HIGHEST WIND DIRECTION     E (70)
  HIGHEST GUST SPEED    26   HIGHEST GUST DIRECTION     E (70)
  AVERAGE WIND SPEED     9.3


SKY COVER
  AVERAGE SKY COVER 0.8


WEATHER CONDITIONS
 THE FOLLOWING WEATHER WAS RECORDED YESTERDAY.
  NO SIGNIFICANT WEATHER WAS OBSERVED.


RELATIVE HUMIDITY (PERCENT)
 HIGHEST    72           300 AM
 LOWEST     27          1200 PM
 AVERAGE    50

..........................................................


THE LUBBOCK CLIMATE NORMALS FOR TODAY
                         NORMAL    RECORD    YEAR
 MAXIMUM TEMPERATURE (F)   81       100      1953
 MINIMUM TEMPERATURE (F)   55        39      1942
                                             1917


SUNRISE AND SUNSET
SEPTEMBER 27 2016.....SUNRISE   739 AM CDT   SUNSET   736 PM CDT
SEPTEMBER 28 2016.....SUNRISE   740 AM CDT   SUNSET   735 PM CDT


-  INDICATES NEGATIVE NUMBERS.
R  INDICATES RECORD WAS SET OR TIED.
MM INDICATES DATA IS MISSING.
T  INDICATES TRACE AMOUNT.




$$
