000
CDUS44 KLUB 240131
CLILBB

CLIMATE REPORT
NATIONAL WEATHER SERVICE LUBBOCK TX
830 PM CDT WED AUG 23 2017

...................................

...THE LUBBOCK CLIMATE SUMMARY FOR AUGUST 23 2017...
VALID TODAY AS OF 0800 PM LOCAL TIME.

CLIMATE NORMAL PERIOD 1981 TO 2010
CLIMATE RECORD PERIOD 1911 TO 2017


WEATHER ITEM   OBSERVED TIME   RECORD YEAR NORMAL DEPARTURE LAST
                VALUE   (LST)  VALUE       VALUE  FROM      YEAR
                                                  NORMAL
..................................................................
TEMPERATURE (F)
 TODAY
  MAXIMUM         82    432 PM 101    1985  91     -9       94
  MINIMUM         65    641 AM  54    1923  66     -1       68
  AVERAGE         74                        78     -4       81

PRECIPITATION (IN)
  TODAY            0.00          3.13 1966   0.06  -0.06     0.04
  MONTH TO DATE    4.47                      1.39   3.08     0.84
  SINCE JUN 1     12.09                      6.34   5.75     2.46
  SINCE JAN 1     17.58                     12.55   5.03     7.73

SNOWFALL (IN)
  TODAY            0.0                       0.0    0.0      0.0
  MONTH TO DATE    0.0                       0.0    0.0      0.0
  SINCE JUN 1      T                         0.0    0.0      0.0
  SINCE JUL 1      0.0                       0.0    0.0      0.0
  SNOW DEPTH       0

DEGREE DAYS
 HEATING
  TODAY            0                         0      0        0
  MONTH TO DATE    0                         0      0        0
  SINCE JUN 1      0                         2     -2        3
  SINCE JUL 1      0                         0      0        0

 COOLING
  TODAY            9                        13     -4       16
  MONTH TO DATE  293                       333    -40      349
  SINCE JUN 1   1275                      1180     95     1417
  SINCE JAN 1   1577                      1426    151     1644
..................................................................


WIND (MPH)
  RESULTANT WIND SPEED   4   RESULTANT WIND DIRECTION   E (70)
  HIGHEST WIND SPEED    14   HIGHEST WIND DIRECTION     E (70)
  HIGHEST GUST SPEED    17   HIGHEST GUST DIRECTION     E (90)
  AVERAGE WIND SPEED     7.2


SKY COVER
  AVERAGE SKY COVER 0.7


WEATHER CONDITIONS
 THE FOLLOWING WEATHER WAS RECORDED TODAY.
  FOG


RELATIVE HUMIDITY (PERCENT)
 HIGHEST   100           200 AM
 LOWEST     62           500 PM
 AVERAGE    81

..........................................................


THE LUBBOCK CLIMATE NORMALS FOR TOMORROW
                         NORMAL    RECORD    YEAR
 MAXIMUM TEMPERATURE (F)   91       101      1973
                                             1936
 MINIMUM TEMPERATURE (F)   66        51      1916


SUNRISE AND SUNSET
AUGUST 23 2017........SUNRISE   715 AM CDT   SUNSET   824 PM CDT
AUGUST 24 2017........SUNRISE   716 AM CDT   SUNSET   823 PM CDT


-  INDICATES NEGATIVE NUMBERS.
R  INDICATES RECORD WAS SET OR TIED.
MM INDICATES DATA IS MISSING.
T  INDICATES TRACE AMOUNT.

$$
