000
CDUS44 KLUB 290627
CLILBB


CLIMATE REPORT
NATIONAL WEATHER SERVICE LUBBOCK, TX
126 AM CDT SUN MAY 29 2016


...................................

...THE LUBBOCK CLIMATE SUMMARY FOR MAY 28 2016...

CLIMATE NORMAL PERIOD 1981 TO 2010
CLIMATE RECORD PERIOD 1911 TO 2016


WEATHER ITEM   OBSERVED TIME   RECORD YEAR NORMAL DEPARTURE LAST
                VALUE   (LST)  VALUE       VALUE  FROM      YEAR
                                                  NORMAL
..................................................................
TEMPERATURE (F)
 YESTERDAY
  MAXIMUM         89    426 PM 104    2011  87      2       74
  MINIMUM         54    607 AM  43    1917  60     -6       52
  AVERAGE         72                        73     -1       63

PRECIPITATION (IN)
  YESTERDAY        0.00          3.21 2015   0.10  -0.10     3.21
  MONTH TO DATE    3.28                      2.01   1.27    11.64
  SINCE MAR 1      4.50                      4.52  -0.02    13.18
  SINCE JAN 1      4.89                      5.92  -1.03    15.45

SNOWFALL (IN)
  YESTERDAY        0.0           0.0  2002   0.0    0.0      0.0
  MONTH TO DATE    0.0                       0.0    0.0      0.0
  SINCE MAR 1      T                         0.8   -0.8      1.1
  SINCE JUL 1     13.3                       8.2    5.1     14.7
  SNOW DEPTH       0

DEGREE DAYS
 HEATING
  YESTERDAY        0                         0      0        2
  MONTH TO DATE   83                        39     44       44
  SINCE MAR 1    454                       637   -183      556
  SINCE JUL 1   2854                      3376   -522     3275

 COOLING
  YESTERDAY        7                         9     -2        0
  MONTH TO DATE  158                       162     -4       76
  SINCE MAR 1    205                       218    -13      131
  SINCE JAN 1    209                       218     -9      131
..................................................................


WIND (MPH)
  RESULTANT WIND SPEED   8   RESULTANT WIND DIRECTION   E (80)
  HIGHEST WIND SPEED    28   HIGHEST WIND DIRECTION     N (360)
  HIGHEST GUST SPEED    37   HIGHEST GUST DIRECTION     N (350)
  AVERAGE WIND SPEED     9.6


SKY COVER
  AVERAGE SKY COVER 0.1


WEATHER CONDITIONS
 THE FOLLOWING WEATHER WAS RECORDED YESTERDAY.
  THUNDERSTORM


RELATIVE HUMIDITY (PERCENT)
 HIGHEST    71           600 AM
 LOWEST     15           400 PM
 AVERAGE    43

..........................................................


THE LUBBOCK CLIMATE NORMALS FOR TODAY
                         NORMAL    RECORD    YEAR
 MAXIMUM TEMPERATURE (F)   87       104      2011
                                             1938
 MINIMUM TEMPERATURE (F)   60        38      1947


SUNRISE AND SUNSET
MAY 29 2016...........SUNRISE   639 AM CDT   SUNSET   851 PM CDT
MAY 30 2016...........SUNRISE   638 AM CDT   SUNSET   852 PM CDT


-  INDICATES NEGATIVE NUMBERS.
R  INDICATES RECORD WAS SET OR TIED.
MM INDICATES DATA IS MISSING.
T  INDICATES TRACE AMOUNT.




$$
