000
CDUS44 KLUB 180629
CLILBB


CLIMATE REPORT
NATIONAL WEATHER SERVICE LUBBOCK, TX
128 AM CDT FRI APR 18 2014


...................................

...THE LUBBOCK CLIMATE SUMMARY FOR APRIL 17 2014...

CLIMATE NORMAL PERIOD 1981 TO 2010
CLIMATE RECORD PERIOD 1911 TO 2014


WEATHER ITEM   OBSERVED TIME   RECORD YEAR NORMAL DEPARTURE LAST
                VALUE   (LST)  VALUE       VALUE  FROM      YEAR
                                                  NORMAL
..................................................................
TEMPERATURE (F)
 YESTERDAY
  MAXIMUM         62    453 PM  94    2006  76    -14       92
                                      1925
  MINIMUM         41   1159 PM  23    1921  46     -5       40
  AVERAGE         52                        61     -9       66

PRECIPITATION (IN)
  YESTERDAY        0.00          1.07 1958   0.05  -0.05     0.00
  MONTH TO DATE    0.14                      0.72  -0.58     0.04
  SINCE MAR 1      0.31                      1.82  -1.51     0.04
  SINCE JAN 1      0.47                      3.22  -2.75     2.27

SNOWFALL (IN)
  YESTERDAY        0.0                       0.0    0.0      0.0
  MONTH TO DATE    T                         0.2   -0.2      0.4
  SINCE MAR 1      T                         0.8   -0.8      0.4
  SINCE JUL 1      4.2                       8.2   -4.0      4.1
  SNOW DEPTH       0

DEGREE DAYS
 HEATING
  YESTERDAY       13                         6      7        0
  MONTH TO DATE  130                       129      1      130
  SINCE MAR 1    570                       544     26      486
  SINCE JUL 1   3422                      3283    139     3016

 COOLING
  YESTERDAY        0                         2     -2        1
  MONTH TO DATE   19                        19      0       23
  SINCE MAR 1     22                        26     -4       25
  SINCE JAN 1     22                        26     -4       25
..................................................................


WIND (MPH)
  HIGHEST WIND SPEED    28   HIGHEST WIND DIRECTION     S (170)
  HIGHEST GUST SPEED    35   HIGHEST GUST DIRECTION     S (160)
  AVERAGE WIND SPEED    11.6


SKY COVER
  POSSIBLE SUNSHINE  MM
  AVERAGE SKY COVER 0.7


WEATHER CONDITIONS
 THE FOLLOWING WEATHER WAS RECORDED YESTERDAY.
  HAZE


RELATIVE HUMIDITY (PERCENT)
 HIGHEST    82          1100 PM
 LOWEST     32          1200 AM
 AVERAGE    57

..........................................................


THE LUBBOCK CLIMATE NORMALS FOR TODAY
                         NORMAL    RECORD    YEAR
 MAXIMUM TEMPERATURE (F)   76        96      1987
 MINIMUM TEMPERATURE (F)   47        29      1953
                                             1944


SUNRISE AND SUNSET
APRIL 18 2014.........SUNRISE   713 AM CDT   SUNSET   821 PM CDT
APRIL 19 2014.........SUNRISE   712 AM CDT   SUNSET   821 PM CDT


-  INDICATES NEGATIVE NUMBERS.
R  INDICATES RECORD WAS SET OR TIED.
MM INDICATES DATA IS MISSING.
T  INDICATES TRACE AMOUNT.




$$
