000
CDUS44 KLUB 180627
CLILBB


CLIMATE REPORT
NATIONAL WEATHER SERVICE LUBBOCK, TX
1227 AM CST THU JAN 18 2018


...................................

...THE LUBBOCK CLIMATE SUMMARY FOR JANUARY 17 2018...

CLIMATE NORMAL PERIOD 1981 TO 2010
CLIMATE RECORD PERIOD 1911 TO 2018


WEATHER ITEM   OBSERVED TIME   RECORD YEAR NORMAL DEPARTURE LAST
                VALUE   (LST)  VALUE       VALUE  FROM      YEAR
                                                  NORMAL
..................................................................
TEMPERATURE (F)
 YESTERDAY
  MAXIMUM         43    331 PM  87    1914  54    -11       55
  MINIMUM         11    718 AM  -2    1930  26    -15       33
  AVERAGE         27                        40    -13       44

PRECIPITATION (IN)
  YESTERDAY        0.00          1.39 2004   0.02  -0.02     0.07
  MONTH TO DATE    T                         0.31  -0.31     2.02
  SINCE DEC 1      T                         1.07  -1.07     2.51
  SINCE JAN 1      T                         0.31  -0.31     2.02

SNOWFALL (IN)
  YESTERDAY        0.0           3.5  1987   0.0    0.0      0.0
  MONTH TO DATE    T                         1.3   -1.3      0.2
  SINCE DEC 1      0.3                       3.6   -3.3      0.2
  SINCE JUL 1      0.3                       4.5   -4.2      0.2
  SNOW DEPTH       0

DEGREE DAYS
 HEATING
  YESTERDAY       38                        25     13       21
  MONTH TO DATE  484                       429     55      395
  SINCE DEC 1   1190                      1185      5     1101
  SINCE JUL 1   1696                      1827   -131     1465

 COOLING
  YESTERDAY        0                         0      0        0
  MONTH TO DATE    0                         0      0        0
  SINCE DEC 1      0                         0      0        0
  SINCE JAN 1      0                         0      0        0
..................................................................


WIND (MPH)
  RESULTANT WIND SPEED  10   RESULTANT WIND DIRECTION   S (190)
  HIGHEST WIND SPEED    20   HIGHEST WIND DIRECTION     S (200)
  HIGHEST GUST SPEED    24   HIGHEST GUST DIRECTION    SW (210)
  AVERAGE WIND SPEED    10.3


SKY COVER
  AVERAGE SKY COVER 0.1


WEATHER CONDITIONS
 THE FOLLOWING WEATHER WAS RECORDED YESTERDAY.
  NO SIGNIFICANT WEATHER WAS OBSERVED.


RELATIVE HUMIDITY (PERCENT)
 HIGHEST    53           800 AM
 LOWEST     19           300 PM
 AVERAGE    36

..........................................................


THE LUBBOCK CLIMATE NORMALS FOR TODAY
                         NORMAL    RECORD    YEAR
 MAXIMUM TEMPERATURE (F)   54        79      1914
 MINIMUM TEMPERATURE (F)   26        -5      1930


SUNRISE AND SUNSET
JANUARY 18 2018.......SUNRISE   751 AM CST   SUNSET   605 PM CST
JANUARY 19 2018.......SUNRISE   750 AM CST   SUNSET   606 PM CST


-  INDICATES NEGATIVE NUMBERS.
R  INDICATES RECORD WAS SET OR TIED.
MM INDICATES DATA IS MISSING.
T  INDICATES TRACE AMOUNT.




$$
