000
CDUS44 KLUB 270626
CLILBB


CLIMATE REPORT
NATIONAL WEATHER SERVICE LUBBOCK, TX
126 AM CDT WED AUG 27 2014


...................................

...THE LUBBOCK CLIMATE SUMMARY FOR AUGUST 26 2014...

CLIMATE NORMAL PERIOD 1981 TO 2010
CLIMATE RECORD PERIOD 1911 TO 2014


WEATHER ITEM   OBSERVED TIME   RECORD YEAR NORMAL DEPARTURE LAST
                VALUE   (LST)  VALUE       VALUE  FROM      YEAR
                                                  NORMAL
..................................................................
TEMPERATURE (F)
 YESTERDAY
  MAXIMUM         95    506 PM 102    1922  90      5       89
  MINIMUM         68    702 AM  51    2010  65      3       65
  AVERAGE         82                        78      4       77

PRECIPITATION (IN)
  YESTERDAY        T             0.94 1972   0.06  -0.06     0.00
                                      1914
  MONTH TO DATE    0.41                      1.58  -1.17     1.32
  SINCE JUN 1      5.64                      6.53  -0.89     6.36
  SINCE JAN 1     11.77                     12.74  -0.97     9.78

SNOWFALL (IN)
  YESTERDAY        0.0           0.0  2002   0.0    0.0      0.0
  MONTH TO DATE    0.0                       0.0    0.0      0.0
  SINCE JUN 1      0.0                       0.0    0.0      0.0
  SINCE JUL 1      0.0                       0.0    0.0      0.0
  SNOW DEPTH       0

DEGREE DAYS
 HEATING
  YESTERDAY        0                         0      0        0
  MONTH TO DATE    0                         0      0        0
  SINCE JUN 1      0                         2     -2        0
  SINCE JUL 1      0                         0      0        0

 COOLING
  YESTERDAY       17                        13      4       12
  MONTH TO DATE  417                       372     45      409
  SINCE JUN 1   1267                      1219     48     1333
  SINCE JAN 1   1546                      1465     81     1648
..................................................................


WIND (MPH)
  RESULTANT WIND SPEED   4   RESULTANT WIND DIRECTION   E (90)
  HIGHEST WIND SPEED    17   HIGHEST WIND DIRECTION    SE (150)
  HIGHEST GUST SPEED    22   HIGHEST GUST DIRECTION    SE (120)
  AVERAGE WIND SPEED     7.1


SKY COVER
  AVERAGE SKY COVER 0.8


WEATHER CONDITIONS
 THE FOLLOWING WEATHER WAS RECORDED YESTERDAY.
  LIGHT RAIN


RELATIVE HUMIDITY (PERCENT)
 HIGHEST    90           100 AM
 LOWEST     28           500 PM
 AVERAGE    59

..........................................................


THE LUBBOCK CLIMATE NORMALS FOR TODAY
                         NORMAL    RECORD    YEAR
 MAXIMUM TEMPERATURE (F)   90       100      1931
 MINIMUM TEMPERATURE (F)   65        53      1926


SUNRISE AND SUNSET
AUGUST 27 2014........SUNRISE   718 AM CDT   SUNSET   819 PM CDT
AUGUST 28 2014........SUNRISE   718 AM CDT   SUNSET   818 PM CDT


-  INDICATES NEGATIVE NUMBERS.
R  INDICATES RECORD WAS SET OR TIED.
MM INDICATES DATA IS MISSING.
T  INDICATES TRACE AMOUNT.




$$
