000
CDUS43 KLBF 260842
CLILBF


CLIMATE REPORT
NATIONAL WEATHER SERVICE NORTH PLATTE
339 AM CDT SUN MAR 26 2017


...................................

...THE NORTH PLATTE NE CLIMATE SUMMARY FOR MARCH 25 2017...

CLIMATE NORMAL PERIOD 1981 TO 2010
CLIMATE RECORD PERIOD 1874 TO 2017


WEATHER ITEM   OBSERVED TIME   RECORD YEAR NORMAL DEPARTURE LAST
                VALUE   (LST)  VALUE       VALUE  FROM      YEAR
                                                  NORMAL
..................................................................
TEMPERATURE (F)
 YESTERDAY
  MAXIMUM         66    409 PM  84    1907  55     11       58
  MINIMUM         25    644 AM   0    1965  26     -1       31
  AVERAGE         46                        41      5       45

PRECIPITATION (IN)
  YESTERDAY        0.00          1.61 1959   0.03  -0.03     0.00
  MONTH TO DATE    1.19                      0.78   0.41     0.64
  SINCE MAR 1      1.19                      0.78   0.41     0.64
  SINCE JAN 1      2.38                      1.62   0.76     1.90

SNOWFALL (IN)
  YESTERDAY        0.0           6.3  1959   0.1   -0.1      0.0
  MONTH TO DATE    T                         3.5   -3.5      4.3
  SINCE MAR 1      T                         3.5   -3.5      4.3
  SINCE JUL 1     20.3                      24.4   -4.1     29.9
  SNOW DEPTH       0

DEGREE DAYS
 HEATING
  YESTERDAY       19                        24     -5       20
  MONTH TO DATE  537                       697   -160      542
  SINCE MAR 1    537                       697   -160      542
  SINCE JUL 1   4859                      5725   -866     4819

 COOLING
  YESTERDAY        0                         0      0        0
  MONTH TO DATE    0                         0      0        0
  SINCE MAR 1      0                         0      0        0
  SINCE JAN 1      0                         0      0        0
..................................................................


WIND (MPH)
  HIGHEST WIND SPEED    14   HIGHEST WIND DIRECTION    SE (130)
  HIGHEST GUST SPEED    19   HIGHEST GUST DIRECTION    SE (130)
  AVERAGE WIND SPEED     6.1


SKY COVER
  POSSIBLE SUNSHINE  MM
  AVERAGE SKY COVER 0.1


WEATHER CONDITIONS
 THE FOLLOWING WEATHER WAS RECORDED YESTERDAY.
  NO SIGNIFICANT WEATHER WAS OBSERVED.


RELATIVE HUMIDITY (PERCENT)
 HIGHEST    92           700 AM
 LOWEST     19           400 PM
 AVERAGE    56

..........................................................


THE NORTH PLATTE NE CLIMATE NORMALS FOR TODAY
                         NORMAL    RECORD    YEAR
 MAXIMUM TEMPERATURE (F)   56        86      2012
 MINIMUM TEMPERATURE (F)   27        -5      1965


SUNRISE AND SUNSET
MARCH 26 2017.........SUNRISE   736 AM CDT   SUNSET   802 PM CDT
MARCH 27 2017.........SUNRISE   734 AM CDT   SUNSET   803 PM CDT


-  INDICATES NEGATIVE NUMBERS.
R  INDICATES RECORD WAS SET OR TIED.
MM INDICATES DATA IS MISSING.
T  INDICATES TRACE AMOUNT.




$$
