000
CDUS43 KLBF 291248
CLILBF


CLIMATE REPORT
NATIONAL WEATHER SERVICE NORTH PLATTE
745 AM CDT THU SEP 29 2016


...................................

...THE NORTH PLATTE NE CLIMATE SUMMARY FOR SEPTEMBER 28 2016...

CLIMATE NORMAL PERIOD 1981 TO 2010
CLIMATE RECORD PERIOD 1874 TO 2016


WEATHER ITEM   OBSERVED TIME   RECORD YEAR NORMAL DEPARTURE LAST
                VALUE   (LST)  VALUE       VALUE  FROM      YEAR
                                                  NORMAL
..................................................................
TEMPERATURE (F)
 YESTERDAY
  MAXIMUM         79    339 PM  92    2011  72      7       82
                                      1953
  MINIMUM         39    643 AM  24    1976  41     -2       55
                                      1951
  AVERAGE         59                        57      2       69

PRECIPITATION (IN)
  YESTERDAY        0.00          1.09 1973   0.04  -0.04     0.02
  MONTH TO DATE    0.94                      1.31  -0.37     1.25
  SINCE SEP 1      0.94                      1.31  -0.37     1.25
  SINCE JAN 1     20.10                     17.53   2.57    17.82

SNOWFALL (IN)
  YESTERDAY        0.0           3.0  1985   0.1   -0.1      0.0
  MONTH TO DATE    0.0                       0.2   -0.2      0.0
  SINCE SEP 1      0.0                       0.2   -0.2      0.0
  SINCE JUL 1      0.0                       0.2   -0.2      0.0
  SNOW DEPTH       0

DEGREE DAYS
 HEATING
  YESTERDAY        6                         9     -3        0
  MONTH TO DATE   59                       133    -74       24
  SINCE SEP 1     59                       133    -74       24
  SINCE JUL 1     71                       153    -82       53

 COOLING
  YESTERDAY        0                         1     -1        4
  MONTH TO DATE  101                        70     31      150
  SINCE SEP 1    101                        70     31      150
  SINCE JAN 1    908                       765    143      818
..................................................................


WIND (MPH)
  HIGHEST WIND SPEED    18   HIGHEST WIND DIRECTION    NE (40)
  HIGHEST GUST SPEED    22   HIGHEST GUST DIRECTION    NE (40)
  AVERAGE WIND SPEED     5.5


SKY COVER
  POSSIBLE SUNSHINE  MM
  AVERAGE SKY COVER 0.0


WEATHER CONDITIONS
 THE FOLLOWING WEATHER WAS RECORDED YESTERDAY.
  NO SIGNIFICANT WEATHER WAS OBSERVED.


RELATIVE HUMIDITY (PERCENT)
 HIGHEST    89           200 AM
 LOWEST     25           300 PM
 AVERAGE    57

..........................................................


THE NORTH PLATTE NE CLIMATE NORMALS FOR TODAY
                         NORMAL    RECORD    YEAR
 MAXIMUM TEMPERATURE (F)   72        95      1994
 MINIMUM TEMPERATURE (F)   40        17      1984


SUNRISE AND SUNSET
SEPTEMBER 29 2016.....SUNRISE   738 AM CDT   SUNSET   727 PM CDT
SEPTEMBER 30 2016.....SUNRISE   739 AM CDT   SUNSET   725 PM CDT


-  INDICATES NEGATIVE NUMBERS.
R  INDICATES RECORD WAS SET OR TIED.
MM INDICATES DATA IS MISSING.
T  INDICATES TRACE AMOUNT.




$$
