000
CDUS43 KLBF 282239
CLILBF


CLIMATE REPORT
NATIONAL WEATHER SERVICE NORTH PLATTE
538 PM CDT SUN AUG 28 2016


...................................

...THE NORTH PLATTE NE CLIMATE SUMMARY FOR AUGUST 28 2016...
VALID TODAY AS OF 0500 PM LOCAL TIME.

CLIMATE NORMAL PERIOD 1981 TO 2010
CLIMATE RECORD PERIOD 1874 TO 2016


WEATHER ITEM   OBSERVED TIME   RECORD YEAR NORMAL DEPARTURE LAST
                VALUE   (LST)  VALUE       VALUE  FROM      YEAR
                                                  NORMAL
..................................................................
TEMPERATURE (F)
 TODAY
  MAXIMUM         92    230 PM 102    2012  84      8       82
  MINIMUM         61    645 AM  35    1976  55      6       57
  AVERAGE         77                        70      7       70

PRECIPITATION (IN)
  TODAY            0.00          3.82 1929   0.05  -0.05     0.00
  MONTH TO DATE    0.85                      2.14  -1.29     3.19
  SINCE JUN 1      7.95                      8.63  -0.68     8.47
  SINCE JAN 1     19.13                     16.07   3.06    16.57

SNOWFALL (IN)
  TODAY            0.0           0.0  2002   0.0    0.0      0.0
                                      2001
  MONTH TO DATE    0.0                       0.0    0.0      0.0
  SINCE JUN 1      0.0                       0.0    0.0      0.0
  SINCE JUL 1      0.0                       0.0    0.0      0.0
  SNOW DEPTH       0

DEGREE DAYS
 HEATING
  TODAY            0                         1     -1        0
  MONTH TO DATE    6                         7     -1       23
  SINCE JUN 1     22                        63    -41       34
  SINCE JUL 1     12                        12      0       29

 COOLING
  TODAY           12                         6      6        5
  MONTH TO DATE  224                       219      5      169
  SINCE JUN 1    776                       650    126      645
  SINCE JAN 1    786                       678    108      647
..................................................................


WIND (MPH)
  HIGHEST WIND SPEED    21   HIGHEST WIND DIRECTION     S (200)
  HIGHEST GUST SPEED    26   HIGHEST GUST DIRECTION     S (190)
  AVERAGE WIND SPEED     8.9


SKY COVER
  POSSIBLE SUNSHINE  MM
  AVERAGE SKY COVER 0.0


WEATHER CONDITIONS
 THE FOLLOWING WEATHER WAS RECORDED TODAY.
  FOG


RELATIVE HUMIDITY (PERCENT)
 HIGHEST    93          1200 AM
 LOWEST     26           100 PM
 AVERAGE    60

..........................................................


THE NORTH PLATTE NE CLIMATE NORMALS FOR TOMORROW
                         NORMAL    RECORD    YEAR
 MAXIMUM TEMPERATURE (F)   84       103      2012
 MINIMUM TEMPERATURE (F)   55        44      1931


SUNRISE AND SUNSET
AUGUST 28 2016........SUNRISE   706 AM CDT   SUNSET   821 PM CDT
AUGUST 29 2016........SUNRISE   707 AM CDT   SUNSET   819 PM CDT


-  INDICATES NEGATIVE NUMBERS.
R  INDICATES RECORD WAS SET OR TIED.
MM INDICATES DATA IS MISSING.
T  INDICATES TRACE AMOUNT.




$$
