000
CDUS43 KLBF 240934
CLILBF

CLIMATE REPORT
NATIONAL WEATHER SERVICE NORTH PLATTE
434 AM CDT THU JUL 24 2014


...................................

...THE NORTH PLATTE NE CLIMATE SUMMARY FOR JULY 23 2014...

CLIMATE NORMAL PERIOD 1981 TO 2010
CLIMATE RECORD PERIOD 1874 TO 2014


WEATHER ITEM   OBSERVED TIME   RECORD YEAR NORMAL DEPARTURE LAST
                VALUE   (LST)  VALUE       VALUE  FROM      YEAR
                                                  NORMAL
..................................................................
TEMPERATURE (F)
 YESTERDAY
  MAXIMUM         83    433 PM 104    2012  89     -6       91
                                      2005
                                      1940
  MINIMUM         64   1159 PM  49    1990  61      3       62
                                      1989
                                      1978
  AVERAGE         74                        75     -1       77

PRECIPITATION (IN)
  YESTERDAY        0.03          1.15 1985   0.11  -0.08      T
  MONTH TO DATE    0.14                      2.26  -2.12     0.84
  SINCE JUN 1      8.89                      5.68   3.21     2.79
  SINCE JAN 1     13.18                     13.12   0.06     8.95

SNOWFALL (IN)
  YESTERDAY        0.0           0.0  2002   0.0    0.0      0.0
                                      2001
  MONTH TO DATE    0.0                       0.0    0.0      0.0
  SINCE JUN 1      T                         0.0    0.0       T
  SINCE JUL 1      0.0                       0.0    0.0      0.0
  SNOW DEPTH       0

DEGREE DAYS
 HEATING
  YESTERDAY        0                         0      0        0
  MONTH TO DATE   17                         0     17        4
  SINCE JUN 1     56                        51      5       51
  SINCE JUL 1     17                         0     17        4

 COOLING
  YESTERDAY        9                        10     -1       12
  MONTH TO DATE  167                       216    -49      269
  SINCE JUN 1    298                       354    -56      448
  SINCE JAN 1    347                       382    -35      496
..................................................................


WIND (MPH)
  HIGHEST WIND SPEED    22   HIGHEST WIND DIRECTION     E (90)
  HIGHEST GUST SPEED    25   HIGHEST GUST DIRECTION     E (80)
  AVERAGE WIND SPEED    10.6


SKY COVER
  POSSIBLE SUNSHINE  MM
  AVERAGE SKY COVER 0.2


WEATHER CONDITIONS
 THE FOLLOWING WEATHER WAS RECORDED YESTERDAY.
  THUNDERSTORM
  LIGHT RAIN
  FOG


RELATIVE HUMIDITY (PERCENT)
 HIGHEST    93           200 AM
 LOWEST     51           400 PM
 AVERAGE    72

..........................................................


THE NORTH PLATTE NE CLIMATE NORMALS FOR TODAY
                         NORMAL    RECORD    YEAR
 MAXIMUM TEMPERATURE (F)   88       109      1940
 MINIMUM TEMPERATURE (F)   61        48      1911


SUNRISE AND SUNSET
JULY 24 2014..........SUNRISE   631 AM CDT   SUNSET   907 PM CDT
JULY 25 2014..........SUNRISE   632 AM CDT   SUNSET   906 PM CDT


-  INDICATES NEGATIVE NUMBERS.
R  INDICATES RECORD WAS SET OR TIED.
MM INDICATES DATA IS MISSING.
T  INDICATES TRACE AMOUNT.




$$
