000
CDUS43 KLBF 282243
CLILBF


CLIMATE REPORT
NATIONAL WEATHER SERVICE NORTH PLATTE
541 PM CDT THU JUL 28 2016


...................................

...THE NORTH PLATTE NE CLIMATE SUMMARY FOR JULY 28 2016...
VALID TODAY AS OF 0500 PM LOCAL TIME.

CLIMATE NORMAL PERIOD 1981 TO 2010
CLIMATE RECORD PERIOD 1874 TO 2016


WEATHER ITEM   OBSERVED TIME   RECORD YEAR NORMAL DEPARTURE LAST
                VALUE   (LST)  VALUE       VALUE  FROM      YEAR
                                                  NORMAL
..................................................................
TEMPERATURE (F)
 TODAY
  MAXIMUM         75    434 PM 104    1933  88    -13       84
                                      1917
  MINIMUM         61    948 AM  47    1892  61      0       56
  AVERAGE         68                        75     -7       70

PRECIPITATION (IN)
  TODAY            1.09          1.63 2007   0.10   0.99     0.00
  MONTH TO DATE    3.84                      2.76   1.08     2.55
  SINCE JUN 1      7.10                      6.18   0.92     5.28
  SINCE JAN 1     18.28                     13.62   4.66    13.38

SNOWFALL (IN)
  TODAY            0.0           0.0  2002   0.0    0.0      0.0
                                      2001
  MONTH TO DATE    0.0                       0.0    0.0      0.0
  SINCE JUN 1      0.0                       0.0    0.0      0.0
  SINCE JUL 1      0.0                       0.0    0.0      0.0
  SNOW DEPTH       0

DEGREE DAYS
 HEATING
  TODAY            0                         0      0        0
  MONTH TO DATE    6                         0      6        6
  SINCE JUN 1     16                        51    -35       11
  SINCE JUL 1      6                         0      6        6

 COOLING
  TODAY            3                        10     -7        5
  MONTH TO DATE  277                       266     11      275
  SINCE JUN 1    525                       404    121      453
  SINCE JAN 1    535                       432    103      455
..................................................................


WIND (MPH)
  HIGHEST WIND SPEED    35   HIGHEST WIND DIRECTION     E (90)
  HIGHEST GUST SPEED    42   HIGHEST GUST DIRECTION     E (90)
  AVERAGE WIND SPEED     2.5


SKY COVER
  POSSIBLE SUNSHINE  MM
  AVERAGE SKY COVER 0.2


WEATHER CONDITIONS
 THE FOLLOWING WEATHER WAS RECORDED TODAY.
  THUNDERSTORM
  HEAVY RAIN
  RAIN
  LIGHT RAIN
  FOG


RELATIVE HUMIDITY (PERCENT)
 HIGHEST   100           200 PM
 LOWEST     64           400 PM
 AVERAGE    82

..........................................................


THE NORTH PLATTE NE CLIMATE NORMALS FOR TOMORROW
                         NORMAL    RECORD    YEAR
 MAXIMUM TEMPERATURE (F)   88       106      1980
 MINIMUM TEMPERATURE (F)   61        49      1971
                                             1892


SUNRISE AND SUNSET
JULY 28 2016..........SUNRISE   635 AM CDT   SUNSET   903 PM CDT
JULY 29 2016..........SUNRISE   636 AM CDT   SUNSET   902 PM CDT


-  INDICATES NEGATIVE NUMBERS.
R  INDICATES RECORD WAS SET OR TIED.
MM INDICATES DATA IS MISSING.
T  INDICATES TRACE AMOUNT.


$$
