000
CDUS43 KLBF 250838
CLILBF


CLIMATE REPORT
NATIONAL WEATHER SERVICE NORTH PLATTE
337 AM CDT TUE JUL 25 2017


...................................

...THE NORTH PLATTE NE CLIMATE SUMMARY FOR JULY 24 2017...

CLIMATE NORMAL PERIOD 1981 TO 2010
CLIMATE RECORD PERIOD 1874 TO 2017


WEATHER ITEM   OBSERVED TIME   RECORD YEAR NORMAL DEPARTURE LAST
                VALUE   (LST)  VALUE       VALUE  FROM      YEAR
                                                  NORMAL
..................................................................
TEMPERATURE (F)
 YESTERDAY
  MAXIMUM         99    418 PM 109    1940  88     11       85
  MINIMUM         63    554 AM  48    1911  61      2       66
  AVERAGE         81                        75      6       76

PRECIPITATION (IN)
  YESTERDAY        0.00          1.35 1906   0.10  -0.10     0.00
  MONTH TO DATE    2.02                      2.36  -0.34     2.75
  SINCE JUN 1      2.45                      5.78  -3.33     6.01
  SINCE JAN 1     10.99                     13.22  -2.23    17.19

SNOWFALL (IN)
  YESTERDAY        0.0           0.0  2002   0.0    0.0      0.0
                                      2001
  MONTH TO DATE    T                         0.0    0.0      0.0
  SINCE JUN 1      T                         0.0    0.0      0.0
  SINCE JUL 1      T                         0.0    0.0      0.0
  SNOW DEPTH       0

DEGREE DAYS
 HEATING
  YESTERDAY        0                         0      0        0
  MONTH TO DATE    0                         0      0        6
  SINCE JUN 1      7                        51    -44       16
  SINCE JUL 1      0                         0      0        6

 COOLING
  YESTERDAY       16                        10      6       11
  MONTH TO DATE  330                       226    104      246
  SINCE JUN 1    542                       364    178      494
  SINCE JAN 1    559                       392    167      504
..................................................................


WIND (MPH)
  HIGHEST WIND SPEED    22   HIGHEST WIND DIRECTION     S (170)
  HIGHEST GUST SPEED    29   HIGHEST GUST DIRECTION     S (170)
  AVERAGE WIND SPEED    10.8


SKY COVER
  POSSIBLE SUNSHINE  MM
  AVERAGE SKY COVER 0.0


WEATHER CONDITIONS
 THE FOLLOWING WEATHER WAS RECORDED YESTERDAY.
  FOG


RELATIVE HUMIDITY (PERCENT)
 HIGHEST   100           600 AM
 LOWEST     18           400 PM
 AVERAGE    59

..........................................................


THE NORTH PLATTE NE CLIMATE NORMALS FOR TODAY
                         NORMAL    RECORD    YEAR
 MAXIMUM TEMPERATURE (F)   88       108      2003
                                             1936
 MINIMUM TEMPERATURE (F)   61        43      1911


SUNRISE AND SUNSET
JULY 25 2017..........SUNRISE   632 AM CDT   SUNSET   906 PM CDT
JULY 26 2017..........SUNRISE   633 AM CDT   SUNSET   905 PM CDT


-  INDICATES NEGATIVE NUMBERS.
R  INDICATES RECORD WAS SET OR TIED.
MM INDICATES DATA IS MISSING.
T  INDICATES TRACE AMOUNT.




$$
