000
CDUS42 KILM 040841
CLILBT


CLIMATE REPORT
NATIONAL WEATHER SERVICE WILMINGTON NC
441 AM EDT WED MAY 4 2016


...................................

...THE LUMBERTON NC CLIMATE SUMMARY FOR MAY 3 2016...

CLIMATE NORMAL PERIOD 1981 TO 2010
CLIMATE RECORD PERIOD 9999 TO 9999


WEATHER ITEM   OBSERVED TIME   NORMAL DEPARTURE LAST
                VALUE   (LST)  VALUE  FROM      YEAR
                                      NORMAL
......................................................
TEMPERATURE (F)
 YESTERDAY
  MAXIMUM         79   1247 PM  79      0       81
  MINIMUM         65    413 AM  53     12       45
  AVERAGE         72            66      6       63

PRECIPITATION (IN)
  YESTERDAY        1.29          0.07   1.22     0.00
  MONTH TO DATE    2.19          0.19   2.00     0.02
  SINCE MAR 1      6.54          6.34   0.20     6.09
  SINCE JAN 1     14.82         12.21   2.61    15.55

DEGREE DAYS
 HEATING
  YESTERDAY        0             2     -2        2
  MONTH TO DATE    0             8     -8       12
  SINCE MAR 1    317           507   -190      414
  SINCE JUL 1   1996          2737   -741     2778

 COOLING
  YESTERDAY        7             3      4        0
  MONTH TO DATE   22             9     13        0
  SINCE MAR 1    138            74     64       94
  SINCE JAN 1    139            77     62       94
......................................................


WIND (MPH)
  HIGHEST WIND SPEED    22   HIGHEST WIND DIRECTION     W (290)
  HIGHEST GUST SPEED    30   HIGHEST GUST DIRECTION     W (290)
  AVERAGE WIND SPEED     4.0


SKY COVER
  POSSIBLE SUNSHINE  MM
  AVERAGE SKY COVER 0.7


WEATHER CONDITIONS
 THE FOLLOWING WEATHER WAS RECORDED YESTERDAY.
  THUNDERSTORM
  HEAVY RAIN
  RAIN
  LIGHT RAIN
  FOG
  HAZE


RELATIVE HUMIDITY (PERCENT)
 HIGHEST    93           700 AM
 LOWEST     71           100 PM
 AVERAGE    82

..........................................................


THE LUMBERTON NC CLIMATE NORMALS FOR TODAY
                         NORMAL
 MAXIMUM TEMPERATURE (F)   79
 MINIMUM TEMPERATURE (F)   54


SUNRISE AND SUNSET
MAY  4 2016...........SUNRISE   623 AM EDT   SUNSET   804 PM EDT
MAY  5 2016...........SUNRISE   622 AM EDT   SUNSET   805 PM EDT


-  INDICATES NEGATIVE NUMBERS.
R  INDICATES RECORD WAS SET OR TIED.
MM INDICATES DATA IS MISSING.
T  INDICATES TRACE AMOUNT.




$$
