000
CDUS42 KILM 282040
CLILBT


CLIMATE REPORT
NATIONAL WEATHER SERVICE WILMINGTON NC
440 PM EDT WED JUN 28 2017


...................................

...THE LUMBERTON NC CLIMATE SUMMARY FOR JUNE 28 2017...
VALID TODAY AS OF 0400 PM LOCAL TIME.

CLIMATE NORMAL PERIOD 1981 TO 2010
CLIMATE RECORD PERIOD 9999 TO 9999


WEATHER ITEM   OBSERVED TIME   NORMAL DEPARTURE LAST
                VALUE   (LST)  VALUE  FROM      YEAR
                                      NORMAL
......................................................
TEMPERATURE (F)
 TODAY
  MAXIMUM         87    236 PM  91     -4       82
  MINIMUM         60    542 AM  70    -10       72
  AVERAGE         74            80     -6       77

PRECIPITATION (IN)
  TODAY            0.00          0.13  -0.13     0.04
  MONTH TO DATE    3.04          4.07  -1.03     1.88
  SINCE JUN 1      3.04          4.07  -1.03     1.88
  SINCE JAN 1     20.36         19.14   1.22    20.82

DEGREE DAYS
 HEATING
  TODAY            0             0      0        0
  MONTH TO DATE    0             0      0        0
  SINCE JUN 1      0             0      0        0
  SINCE JUL 1   2079          2761   -682     2018

 COOLING
  TODAY            9            15     -6       12
  MONTH TO DATE  362           357      5      438
  SINCE JUN 1    362           357      5      438
  SINCE JAN 1    768           607    161      761
......................................................


WIND (MPH)
  HIGHEST WIND SPEED    13   HIGHEST WIND DIRECTION     E (100)
  HIGHEST GUST SPEED    16   HIGHEST GUST DIRECTION     E (70)
  AVERAGE WIND SPEED     4.6


SKY COVER
  POSSIBLE SUNSHINE  MM
  AVERAGE SKY COVER 0.0


WEATHER CONDITIONS
 THE FOLLOWING WEATHER WAS RECORDED TODAY.
  NO SIGNIFICANT WEATHER WAS OBSERVED.


RELATIVE HUMIDITY (PERCENT)
 HIGHEST   100           600 AM
 LOWEST     32           300 PM
 AVERAGE    66

..........................................................


THE LUMBERTON NC CLIMATE NORMALS FOR TOMORROW
                         NORMAL
 MAXIMUM TEMPERATURE (F)   91
 MINIMUM TEMPERATURE (F)   70


SUNRISE AND SUNSET
JUNE 28 2017..........SUNRISE   606 AM EDT   SUNSET   833 PM EDT
JUNE 29 2017..........SUNRISE   606 AM EDT   SUNSET   833 PM EDT


-  INDICATES NEGATIVE NUMBERS.
R  INDICATES RECORD WAS SET OR TIED.
MM INDICATES DATA IS MISSING.
T  INDICATES TRACE AMOUNT.




$$
