000
CDUS42 KILM 232144
CLILBT


CLIMATE REPORT
NATIONAL WEATHER SERVICE WILMINGTON NC
442 PM EST FRI FEB 23 2018


...................................

...THE LUMBERTON NORTH CAROLINA CLIMATE SUMMARY FOR FEBRUARY 23 2018...
VALID TODAY AS OF 0400 PM LOCAL TIME.

CLIMATE NORMAL PERIOD 1981 TO 2010
CLIMATE RECORD PERIOD 1903 TO 2018


WEATHER ITEM   OBSERVED TIME   RECORD YEAR NORMAL DEPARTURE LAST
                VALUE   (LST)  VALUE       VALUE  FROM      YEAR
                                                  NORMAL
..................................................................
TEMPERATURE (F)
 TODAY
  MAXIMUM         79R   315 PM  78    1971  60     19       76
                                      1925
                                      1922
  MINIMUM         52    705 AM  15    1963  37     15       53
  AVERAGE         66                        48     18       65

PRECIPITATION (IN)
  TODAY            0.00          1.47 1971   0.11  -0.11     0.00
  MONTH TO DATE    0.82                      2.35  -1.53     1.09
  SINCE DEC 1      6.80                      8.21  -1.41     7.79
  SINCE JAN 1      2.72                      5.32  -2.60     3.49

SNOWFALL (IN)
  TODAY           MM            MM      MM
  MONTH TO DATE   MM
  SINCE DEC 1     MM
  SINCE JUL 1     MM
  SNOW DEPTH      MM

DEGREE DAYS
 HEATING
  TODAY            0                        16    -16        0
  MONTH TO DATE  230                       432   -202      242
  SINCE DEC 1   1591                      1685    -94     1253
  SINCE JUL 1   2051                      2151   -100     1615

 COOLING
  TODAY            1                         0      1        0
  MONTH TO DATE   31                         0     31        7
  SINCE DEC 1     32                         3     29        7
  SINCE JAN 1     32                         1     31        7
..................................................................


WIND (MPH)
  RESULTANT WIND SPEED   2   RESULTANT WIND DIRECTION   S (170)
  HIGHEST WIND SPEED    14   HIGHEST WIND DIRECTION    SW (230)
  HIGHEST GUST SPEED    16   HIGHEST GUST DIRECTION    SW (230)
  AVERAGE WIND SPEED     2.8


SKY COVER
  POSSIBLE SUNSHINE  MM
  AVERAGE SKY COVER 0.6


WEATHER CONDITIONS
 THE FOLLOWING WEATHER WAS RECORDED TODAY.
  FOG
  FOG W/VISIBILITY <= 1/4 MILE


RELATIVE HUMIDITY (PERCENT)
 HIGHEST   100           200 AM
 LOWEST     50           200 PM
 AVERAGE    75

..........................................................


THE LUMBERTON NORTH CAROLINA CLIMATE NORMALS FOR TOMORROW
                         NORMAL    RECORD    YEAR
 MAXIMUM TEMPERATURE (F)   60        82      1975
 MINIMUM TEMPERATURE (F)   37        18      1978


SUNRISE AND SUNSET
FEBRUARY 23 2018......SUNRISE   653 AM EST   SUNSET   607 PM EST
FEBRUARY 24 2018......SUNRISE   651 AM EST   SUNSET   608 PM EST


-  INDICATES NEGATIVE NUMBERS.
R  INDICATES RECORD WAS SET OR TIED.
MM INDICATES DATA IS MISSING.
T  INDICATES TRACE AMOUNT.




$$
