000
CDUS42 KILM 160849
CLILBT


CLIMATE REPORT
NATIONAL WEATHER SERVICE WILMINGTON NC
448 AM EDT WED AUG 16 2017


...................................

...THE LUMBERTON NC CLIMATE SUMMARY FOR AUGUST 15 2017...

CLIMATE NORMAL PERIOD 1981 TO 2010
CLIMATE RECORD PERIOD 9999 TO 9999


WEATHER ITEM   OBSERVED TIME   NORMAL DEPARTURE LAST
                VALUE   (LST)  VALUE  FROM      YEAR
                                      NORMAL
......................................................
TEMPERATURE (F)
 YESTERDAY
  MAXIMUM         91    427 PM  88      3       96
  MINIMUM         76    538 AM  70      6       73
  AVERAGE         84            79      5       85

PRECIPITATION (IN)
  YESTERDAY        T             0.17  -0.17     0.00
  MONTH TO DATE    2.91          2.74   0.17     2.51
  SINCE JUN 1     10.38         12.56  -2.18    12.05
  SINCE JAN 1     27.70         27.63   0.07    30.99

DEGREE DAYS
 HEATING
  YESTERDAY        0             0      0        0
  MONTH TO DATE    0             0      0        0
  SINCE JUN 1      0             0      0        0
  SINCE JUL 1      0             0      0        0

 COOLING
  YESTERDAY       19            14      5       20
  MONTH TO DATE  215           224     -9      274
  SINCE JUN 1   1096          1112    -16     1314
  SINCE JAN 1   1502          1362    140     1637
......................................................


WIND (MPH)
  HIGHEST WIND SPEED    14   HIGHEST WIND DIRECTION    SW (230)
  HIGHEST GUST SPEED    21   HIGHEST GUST DIRECTION    SW (240)
  AVERAGE WIND SPEED     2.1


SKY COVER
  POSSIBLE SUNSHINE  MM
  AVERAGE SKY COVER 0.6


WEATHER CONDITIONS
 THE FOLLOWING WEATHER WAS RECORDED YESTERDAY.
  LIGHT RAIN
  FOG


RELATIVE HUMIDITY (PERCENT)
 HIGHEST   100          1200 AM
 LOWEST     64           400 PM
 AVERAGE    82

..........................................................


THE LUMBERTON NC CLIMATE NORMALS FOR TODAY
                         NORMAL
 MAXIMUM TEMPERATURE (F)   88
 MINIMUM TEMPERATURE (F)   70


SUNRISE AND SUNSET
AUGUST 16 2017........SUNRISE   638 AM EDT   SUNSET   803 PM EDT
AUGUST 17 2017........SUNRISE   639 AM EDT   SUNSET   801 PM EDT


-  INDICATES NEGATIVE NUMBERS.
R  INDICATES RECORD WAS SET OR TIED.
MM INDICATES DATA IS MISSING.
T  INDICATES TRACE AMOUNT.




$$
