000
CDUS44 KLCH 242234
CLILCH


CLIMATE REPORT
NATIONAL WEATHER SERVICE LAKE CHARLES, LA
434 PM CST SAT FEB 24 2018


...................................

...THE LAKE CHARLES CLIMATE SUMMARY FOR FEBRUARY 24 2018...
VALID TODAY AS OF 0400 PM LOCAL TIME.

CLIMATE NORMAL PERIOD 1981 TO 2010
CLIMATE RECORD PERIOD 1895 TO 2018


WEATHER ITEM   OBSERVED TIME   RECORD YEAR NORMAL DEPARTURE LAST
                VALUE   (LST)  VALUE       VALUE  FROM      YEAR
                                                  NORMAL
..................................................................
TEMPERATURE (F)
 TODAY
  MAXIMUM         79    111 PM  84    1906  67     12       77
  MINIMUM         72    648 AM  21    1914  47     25       63
  AVERAGE         76                        57     19       70

PRECIPITATION (IN)
  TODAY            0.00          2.20 1917   0.11  -0.11     0.00
  MONTH TO DATE    4.67                      3.01   1.66     2.04
  SINCE DEC 1     17.06                     12.92   4.14    19.00
  SINCE JAN 1     12.16                      8.24   3.92     6.95

SNOWFALL (IN)
  TODAY            0.0           0.0    MM   0.0    0.0      0.0
  MONTH TO DATE    0.0                       0.1   -0.1      0.0
  SINCE DEC 1      2.2                       0.1    2.1       T
  SINCE JUL 1      2.2                       0.1    2.1       T
  SNOW DEPTH       0

DEGREE DAYS
 HEATING
  TODAY            0                         9     -9        0
  MONTH TO DATE  106                       259   -153       80
  SINCE DEC 1   1007                      1043    -36      552
  SINCE JUL 1   1155                      1250    -95      646

 COOLING
  TODAY           11                         1     10        5
  MONTH TO DATE   87                         2     85       57
  SINCE DEC 1    112                        32     80      170
  SINCE JAN 1     88                        12     76      114
..................................................................


WIND (MPH)
  HIGHEST WIND SPEED    21   HIGHEST WIND DIRECTION     S (190)
  HIGHEST GUST SPEED    32   HIGHEST GUST DIRECTION     S (180)
  AVERAGE WIND SPEED    13.1


SKY COVER
  POSSIBLE SUNSHINE  MM
  AVERAGE SKY COVER 1.0


WEATHER CONDITIONS
 THE FOLLOWING WEATHER WAS RECORDED TODAY.
  NO SIGNIFICANT WEATHER WAS OBSERVED.


RELATIVE HUMIDITY (PERCENT)
 HIGHEST    93          1200 AM
 LOWEST     71           100 PM
 AVERAGE    82

..........................................................


THE LAKE CHARLES CLIMATE NORMALS FOR TOMORROW
                         NORMAL    RECORD    YEAR
 MAXIMUM TEMPERATURE (F)   67        83      1906
 MINIMUM TEMPERATURE (F)   48        23      1914


SUNRISE AND SUNSET
FEBRUARY 24 2018......SUNRISE   644 AM CST   SUNSET   608 PM CST
FEBRUARY 25 2018......SUNRISE   643 AM CST   SUNSET   609 PM CST


-  INDICATES NEGATIVE NUMBERS.
R  INDICATES RECORD WAS SET OR TIED.
MM INDICATES DATA IS MISSING.
T  INDICATES TRACE AMOUNT.




$$
