000
CDUS44 KLCH 210811
CLILCH


CLIMATE REPORT
NATIONAL WEATHER SERVICE LAKE CHARLES, LA
211 AM CST FRI NOV 21 2014


...................................

...THE LAKE CHARLES CLIMATE SUMMARY FOR NOVEMBER 20 2014...

CLIMATE NORMAL PERIOD 1981 TO 2010
CLIMATE RECORD PERIOD 1895 TO 2014


WEATHER ITEM   OBSERVED TIME   RECORD YEAR NORMAL DEPARTURE LAST
                VALUE   (LST)  VALUE       VALUE  FROM      YEAR
                                                  NORMAL
..................................................................
TEMPERATURE (F)
 YESTERDAY
  MAXIMUM         72    248 PM  87    1915  70      2       72
  MINIMUM         45    559 AM  28    1969  49     -4       42
                                      1937
  AVERAGE         59                        60     -1       57

PRECIPITATION (IN)
  YESTERDAY        0.00          2.80 1899   0.15  -0.15     0.00
  MONTH TO DATE    3.10                      3.01   0.09     0.35
  SINCE SEP 1     10.58                     13.17  -2.59    13.58
  SINCE JAN 1     62.65                     51.39  11.26    52.58

SNOWFALL (IN)
  YESTERDAY        0.0           0.0    MM   0.0    0.0      0.0
  MONTH TO DATE    0.0                       0.0    0.0      0.0
  SINCE SEP 1      0.0                       0.0    0.0      0.0
  SINCE JUL 1      0.0                       0.0    0.0      0.0
  SNOW DEPTH       0

DEGREE DAYS
 HEATING
  YESTERDAY        6                         7     -1        8
  MONTH TO DATE  208                        91    117       93
  SINCE SEP 1    213                       127     86      111
  SINCE JUL 1    213                       127     86      111

 COOLING
  YESTERDAY        0                         1     -1        0
  MONTH TO DATE   14                        44    -30       35
  SINCE SEP 1    673                       648     25      737
  SINCE JAN 1   2683                      2777    -94     2942
..................................................................


WIND (MPH)
  HIGHEST WIND SPEED    18   HIGHEST WIND DIRECTION    SE (150)
  HIGHEST GUST SPEED    23   HIGHEST GUST DIRECTION     S (160)
  AVERAGE WIND SPEED     8.4


SKY COVER
  POSSIBLE SUNSHINE  MM
  AVERAGE SKY COVER 0.3


WEATHER CONDITIONS
 THE FOLLOWING WEATHER WAS RECORDED YESTERDAY.
  FOG


RELATIVE HUMIDITY (PERCENT)
 HIGHEST   100           500 AM
 LOWEST     41           200 PM
 AVERAGE    71

..........................................................


THE LAKE CHARLES CLIMATE NORMALS FOR TODAY
                         NORMAL    RECORD    YEAR
 MAXIMUM TEMPERATURE (F)   70        89      1896
 MINIMUM TEMPERATURE (F)   49        29      1937


SUNRISE AND SUNSET
NOVEMBER 21 2014......SUNRISE   643 AM CST   SUNSET   514 PM CST
NOVEMBER 22 2014......SUNRISE   644 AM CST   SUNSET   514 PM CST


-  INDICATES NEGATIVE NUMBERS.
R  INDICATES RECORD WAS SET OR TIED.
MM INDICATES DATA IS MISSING.
T  INDICATES TRACE AMOUNT.




$$
