000
CDUS44 KLCH 310845
CLILCH


CLIMATE REPORT
NATIONAL WEATHER SERVICE LAKE CHARLES, LA
345 AM CDT FRI JUL 31 2015


...................................

...THE LAKE CHARLES CLIMATE SUMMARY FOR JULY 30 2015...

CLIMATE NORMAL PERIOD 1981 TO 2010
CLIMATE RECORD PERIOD 1895 TO 2015


WEATHER ITEM   OBSERVED TIME   RECORD YEAR NORMAL DEPARTURE LAST
                VALUE   (LST)  VALUE       VALUE  FROM      YEAR
                                                  NORMAL
..................................................................
TEMPERATURE (F)
 YESTERDAY
  MAXIMUM        102R   217 PM  99    1948  92     10       91
                                      1925
                                      1907
  MINIMUM         76    923 PM  65    1917  75      1       71
  AVERAGE         89                        83      6       81

PRECIPITATION (IN)
  YESTERDAY        0.80          2.31 1946   0.17   0.63     0.00
  MONTH TO DATE    1.08                      5.46  -4.38     6.61
  SINCE JUN 1      8.16                     12.31  -4.15    21.15
  SINCE JAN 1     42.59                     33.19   9.40    36.32

SNOWFALL (IN)
  YESTERDAY        0.0           0.0    MM   0.0    0.0      0.0
  MONTH TO DATE    0.0                       0.0    0.0      0.0
  SINCE JUN 1      0.0                       0.0    0.0      0.0
  SINCE JUL 1      0.0                       0.0    0.0      0.0
  SNOW DEPTH       0

DEGREE DAYS
 HEATING
  YESTERDAY        0                         0      0        0
  MONTH TO DATE    0                         0      0        0
  SINCE JUN 1      0                         0      0        0
  SINCE JUL 1      0                         0      0        0

 COOLING
  YESTERDAY       24                        18      6       16
  MONTH TO DATE  604                       537     67      519
  SINCE JUN 1   1116                      1017     99      995
  SINCE JAN 1   1760                      1555    205     1434
..................................................................


WIND (MPH)
  HIGHEST WIND SPEED    30   HIGHEST WIND DIRECTION     E (70)
  HIGHEST GUST SPEED    37   HIGHEST GUST DIRECTION    NE (60)
  AVERAGE WIND SPEED     5.4


SKY COVER
  POSSIBLE SUNSHINE  MM
  AVERAGE SKY COVER 0.2


WEATHER CONDITIONS
 THE FOLLOWING WEATHER WAS RECORDED YESTERDAY.
  THUNDERSTORM
  HEAVY RAIN
  RAIN
  LIGHT RAIN
  FOG


RELATIVE HUMIDITY (PERCENT)
 HIGHEST    94           900 PM
 LOWEST     40           100 PM
 AVERAGE    67

..........................................................


THE LAKE CHARLES CLIMATE NORMALS FOR TODAY
                         NORMAL    RECORD    YEAR
 MAXIMUM TEMPERATURE (F)   92       100      1948
                                             1914
                                             1899
 MINIMUM TEMPERATURE (F)   75        67      1984
                                             1923
                                             1913


SUNRISE AND SUNSET
JULY 31 2015..........SUNRISE   631 AM CDT   SUNSET   807 PM CDT
AUGUST  1 2015........SUNRISE   632 AM CDT   SUNSET   806 PM CDT


-  INDICATES NEGATIVE NUMBERS.
R  INDICATES RECORD WAS SET OR TIED.
MM INDICATES DATA IS MISSING.
T  INDICATES TRACE AMOUNT.




$$
