000
CDUS44 KLCH 270806
CLILCH


CLIMATE REPORT
NATIONAL WEATHER SERVICE LAKE CHARLES, LA
306 AM CDT THU APR 27 2017


...................................

...THE LAKE CHARLES CLIMATE SUMMARY FOR APRIL 26 2017...

CLIMATE NORMAL PERIOD 1981 TO 2010
CLIMATE RECORD PERIOD 1895 TO 2017


WEATHER ITEM   OBSERVED TIME   RECORD YEAR NORMAL DEPARTURE LAST
                VALUE   (LST)  VALUE       VALUE  FROM      YEAR
                                                  NORMAL
..................................................................
TEMPERATURE (F)
 YESTERDAY
  MAXIMUM         83    118 PM  90    1925  80      3       82
  MINIMUM         60   1159 PM  32    1910  61     -1       73
  AVERAGE         72                        71      1       78

PRECIPITATION (IN)
  YESTERDAY        0.01          1.75 2011   0.12  -0.11     0.00
  MONTH TO DATE    2.52                      2.86  -0.34     5.58
  SINCE MAR 1      6.63                      6.52   0.11     9.03
  SINCE JAN 1     13.58                     15.21  -1.63    14.20

SNOWFALL (IN)
  YESTERDAY        0.0           0.0    MM   0.0    0.0      0.0
  MONTH TO DATE    0.0                       0.0    0.0      0.0
  SINCE MAR 1      0.0                       0.0    0.0      0.0
  SINCE JUL 1      T                         0.1   -0.1      0.0
  SNOW DEPTH       0

DEGREE DAYS
 HEATING
  YESTERDAY        0                         0      0        0
  MONTH TO DATE    3                        44    -41       17
  SINCE MAR 1     80                       206   -126       85
  SINCE JUL 1    738                      1488   -750     1034

 COOLING
  YESTERDAY        7                         6      1       13
  MONTH TO DATE  141                       111     30      118
  SINCE MAR 1    249                       160     89      228
  SINCE JAN 1    380                       183    197      243
..................................................................


WIND (MPH)
  HIGHEST WIND SPEED    25   HIGHEST WIND DIRECTION     N (340)
  HIGHEST GUST SPEED    34   HIGHEST GUST DIRECTION    SE (150)
  AVERAGE WIND SPEED    13.7


SKY COVER
  POSSIBLE SUNSHINE  MM
  AVERAGE SKY COVER 0.9


WEATHER CONDITIONS
 THE FOLLOWING WEATHER WAS RECORDED YESTERDAY.
  LIGHT RAIN
  FOG
  HAZE


RELATIVE HUMIDITY (PERCENT)
 HIGHEST    88           700 PM
 LOWEST     69          1100 AM
 AVERAGE    79

..........................................................


THE LAKE CHARLES CLIMATE NORMALS FOR TODAY
                         NORMAL    RECORD    YEAR
 MAXIMUM TEMPERATURE (F)   80        92      2011
 MINIMUM TEMPERATURE (F)   61        35      1910


SUNRISE AND SUNSET
APRIL 27 2017.........SUNRISE   633 AM CDT   SUNSET   748 PM CDT
APRIL 28 2017.........SUNRISE   632 AM CDT   SUNSET   749 PM CDT


-  INDICATES NEGATIVE NUMBERS.
R  INDICATES RECORD WAS SET OR TIED.
MM INDICATES DATA IS MISSING.
T  INDICATES TRACE AMOUNT.




$$
