000
CDUS44 KLCH 220905
CLILCH


CLIMATE REPORT
NATIONAL WEATHER SERVICE LAKE CHARLES, LA
404 AM CDT FRI SEP 22 2017


...................................

...THE LAKE CHARLES CLIMATE SUMMARY FOR SEPTEMBER 21 2017...

CLIMATE NORMAL PERIOD 1981 TO 2010
CLIMATE RECORD PERIOD 1895 TO 2017


WEATHER ITEM   OBSERVED TIME   RECORD YEAR NORMAL DEPARTURE LAST
                VALUE   (LST)  VALUE       VALUE  FROM      YEAR
                                                  NORMAL
..................................................................
TEMPERATURE (F)
 YESTERDAY
  MAXIMUM         92   1211 PM 101    2005  87      5       94
  MINIMUM         73   1159 PM  50    1913  68      5       73
  AVERAGE         83                        77      6       84

PRECIPITATION (IN)
  YESTERDAY        T             4.97 1958   0.16  -0.16      T
  MONTH TO DATE    T                         3.86  -3.86     3.04
  SINCE SEP 1      T                         3.86  -3.86     3.04
  SINCE JAN 1     63.76                     42.08  21.68    58.95

SNOWFALL (IN)
  YESTERDAY        0.0           0.0    MM   0.0    0.0      0.0
  MONTH TO DATE    0.0                       0.0    0.0      0.0
  SINCE SEP 1      0.0                       0.0    0.0      0.0
  SINCE JUL 1      0.0                       0.0    0.0      0.0
  SNOW DEPTH       0

DEGREE DAYS
 HEATING
  YESTERDAY        0                         0      0        0
  MONTH TO DATE    0                         0      0        0
  SINCE SEP 1      0                         0      0        0
  SINCE JUL 1      0                         0      0        0

 COOLING
  YESTERDAY       18                        12      6       19
  MONTH TO DATE  293                       311    -18      386
  SINCE SEP 1    293                       311    -18      386
  SINCE JAN 1   2619                      2440    179     2713
..................................................................


WIND (MPH)
  HIGHEST WIND SPEED    14   HIGHEST WIND DIRECTION    SE (130)
  HIGHEST GUST SPEED    16   HIGHEST GUST DIRECTION    SE (130)
  AVERAGE WIND SPEED     4.1


SKY COVER
  POSSIBLE SUNSHINE  MM
  AVERAGE SKY COVER 0.2


WEATHER CONDITIONS
 THE FOLLOWING WEATHER WAS RECORDED YESTERDAY.
  THUNDERSTORM
  LIGHT RAIN
  FOG


RELATIVE HUMIDITY (PERCENT)
 HIGHEST   100           100 AM
 LOWEST     59          1100 AM
 AVERAGE    80

..........................................................


THE LAKE CHARLES CLIMATE NORMALS FOR TODAY
                         NORMAL    RECORD    YEAR
 MAXIMUM TEMPERATURE (F)   87       100      2005
 MINIMUM TEMPERATURE (F)   67        46      1913


SUNRISE AND SUNSET
SEPTEMBER 22 2017.....SUNRISE   701 AM CDT   SUNSET   709 PM CDT
SEPTEMBER 23 2017.....SUNRISE   702 AM CDT   SUNSET   708 PM CDT


-  INDICATES NEGATIVE NUMBERS.
R  INDICATES RECORD WAS SET OR TIED.
MM INDICATES DATA IS MISSING.
T  INDICATES TRACE AMOUNT.




$$
