000
CDUS44 KLCH 240820
CLILCH


CLIMATE REPORT
NATIONAL WEATHER SERVICE LAKE CHARLES, LA
219 AM CST FRI NOV 24 2017


...................................

...THE LAKE CHARLES CLIMATE SUMMARY FOR NOVEMBER 23 2017...

CLIMATE NORMAL PERIOD 1981 TO 2010
CLIMATE RECORD PERIOD 1895 TO 2017


WEATHER ITEM   OBSERVED TIME   RECORD YEAR NORMAL DEPARTURE LAST
                VALUE   (LST)  VALUE       VALUE  FROM      YEAR
                                                  NORMAL
..................................................................
TEMPERATURE (F)
 YESTERDAY
  MAXIMUM         63    318 PM  89    1896  69     -6       73
  MINIMUM         38    711 AM  28    1975  49    -11       53
  AVERAGE         51                        59     -8       63

PRECIPITATION (IN)
  YESTERDAY        0.00          3.37 2014   0.14  -0.14     0.63
  MONTH TO DATE    2.21                      3.43  -1.22     1.24
  SINCE SEP 1      6.99                     13.59  -6.60     4.95
  SINCE JAN 1     70.75                     51.81  18.94    60.86

SNOWFALL (IN)
  YESTERDAY        0.0           0.0    MM   0.0    0.0      0.0
  MONTH TO DATE    0.0                       0.0    0.0      0.0
  SINCE SEP 1      0.0                       0.0    0.0      0.0
  SINCE JUL 1      0.0                       0.0    0.0      0.0
  SNOW DEPTH       0

DEGREE DAYS
 HEATING
  YESTERDAY       14                         7      7        2
  MONTH TO DATE   75                       112    -37       58
  SINCE SEP 1    112                       148    -36       64
  SINCE JUL 1    112                       148    -36       64

 COOLING
  YESTERDAY        0                         1     -1        0
  MONTH TO DATE  103                        47     56       74
  SINCE SEP 1    830                       651    179      859
  SINCE JAN 1   3156                      2780    376     3186
..................................................................


WIND (MPH)
  HIGHEST WIND SPEED    14   HIGHEST WIND DIRECTION    NE (30)
  HIGHEST GUST SPEED    18   HIGHEST GUST DIRECTION     N (360)
  AVERAGE WIND SPEED     5.7


SKY COVER
  POSSIBLE SUNSHINE  MM
  AVERAGE SKY COVER 0.0


WEATHER CONDITIONS
 THE FOLLOWING WEATHER WAS RECORDED YESTERDAY.
  NO SIGNIFICANT WEATHER WAS OBSERVED.


RELATIVE HUMIDITY (PERCENT)
 HIGHEST    93          1100 PM
 LOWEST     25           300 PM
 AVERAGE    59

..........................................................


THE LAKE CHARLES CLIMATE NORMALS FOR TODAY
                         NORMAL    RECORD    YEAR
 MAXIMUM TEMPERATURE (F)   69        87      1896
 MINIMUM TEMPERATURE (F)   48        30      1970
                                             1898


SUNRISE AND SUNSET
NOVEMBER 24 2017......SUNRISE   646 AM CST   SUNSET   513 PM CST
NOVEMBER 25 2017......SUNRISE   647 AM CST   SUNSET   513 PM CST


-  INDICATES NEGATIVE NUMBERS.
R  INDICATES RECORD WAS SET OR TIED.
MM INDICATES DATA IS MISSING.
T  INDICATES TRACE AMOUNT.




$$
