000
CDUS44 KLCH 300815
CLILCH


CLIMATE REPORT
NATIONAL WEATHER SERVICE LAKE CHARLES, LA
314 AM CDT WED JUL 30 2014


...................................

...THE LAKE CHARLES CLIMATE SUMMARY FOR JULY 29 2014...

CLIMATE NORMAL PERIOD 1981 TO 2010
CLIMATE RECORD PERIOD 1895 TO 2014


WEATHER ITEM   OBSERVED TIME   RECORD YEAR NORMAL DEPARTURE LAST
                VALUE   (LST)  VALUE       VALUE  FROM      YEAR
                                                  NORMAL
..................................................................
TEMPERATURE (F)
 YESTERDAY
  MAXIMUM         91    328 PM 102    1915  92     -1       93
                                      1912
  MINIMUM         73   1159 PM  67    1904  75     -2       74
  AVERAGE         82                        83     -1       84

PRECIPITATION (IN)
  YESTERDAY        0.00          4.14 1933   0.17  -0.17     0.00
  MONTH TO DATE    6.61                      5.29   1.32     1.71
  SINCE JUN 1     21.15                     12.14   9.01     5.77
  SINCE JAN 1     36.32                     33.02   3.30    35.29

SNOWFALL (IN)
  YESTERDAY        0.0           0.0    MM   0.0    0.0      0.0
  MONTH TO DATE    0.0                       0.0    0.0      0.0
  SINCE JUN 1      0.0                       0.0    0.0      0.0
  SINCE JUL 1      0.0                       0.0    0.0      0.0
  SNOW DEPTH       0

DEGREE DAYS
 HEATING
  YESTERDAY        0                         0      0        0
  MONTH TO DATE    0                         0      0        0
  SINCE JUN 1      0                         0      0        0
  SINCE JUL 1      0                         0      0        0

 COOLING
  YESTERDAY       17                        18     -1       19
  MONTH TO DATE  503                       519    -16      535
  SINCE JUN 1    979                       999    -20     1080
  SINCE JAN 1   1418                      1537   -119     1565
..................................................................


WIND (MPH)
  HIGHEST WIND SPEED    14   HIGHEST WIND DIRECTION    NE (40)
  HIGHEST GUST SPEED    16   HIGHEST GUST DIRECTION    NE (30)
  AVERAGE WIND SPEED     5.2


SKY COVER
  POSSIBLE SUNSHINE  MM
  AVERAGE SKY COVER 0.4


WEATHER CONDITIONS
 THE FOLLOWING WEATHER WAS RECORDED YESTERDAY.
  NO SIGNIFICANT WEATHER WAS OBSERVED.


RELATIVE HUMIDITY (PERCENT)
 HIGHEST    93          1000 PM
 LOWEST     51           600 PM
 AVERAGE    72

..........................................................


THE LAKE CHARLES CLIMATE NORMALS FOR TODAY
                         NORMAL    RECORD    YEAR
 MAXIMUM TEMPERATURE (F)   92        99      1948
                                             1925
                                             1907
 MINIMUM TEMPERATURE (F)   75        65      1917


SUNRISE AND SUNSET
JULY 30 2014..........SUNRISE   631 AM CDT   SUNSET   808 PM CDT
JULY 31 2014..........SUNRISE   631 AM CDT   SUNSET   807 PM CDT


-  INDICATES NEGATIVE NUMBERS.
R  INDICATES RECORD WAS SET OR TIED.
MM INDICATES DATA IS MISSING.
T  INDICATES TRACE AMOUNT.




$$
