000
CDUS43 KLMK 230634
CLILEX


CLIMATE REPORT
NATIONAL WEATHER SERVICE LOUISVILLE KY
133 AM EST THU FEB 23 2017


...................................

...THE LEXINGTON KY CLIMATE SUMMARY FOR FEBRUARY 22 2017...

CLIMATE NORMAL PERIOD 1981 TO 2010
CLIMATE RECORD PERIOD 1872 TO 2017


WEATHER ITEM   OBSERVED TIME   RECORD YEAR NORMAL DEPARTURE LAST
                VALUE   (LST)  VALUE       VALUE  FROM      YEAR
                                                  NORMAL
..................................................................
TEMPERATURE (F)
 YESTERDAY
  MAXIMUM         68    359 PM  70    1922  48     20       49
  MINIMUM         56    918 AM  -7    1963  30     26       34
  AVERAGE         62                        39     23       42

PRECIPITATION (IN)
  YESTERDAY        0.08          1.40 1994   0.11  -0.03     0.00
  MONTH TO DATE    1.61                      2.49  -0.88     3.51
  SINCE DEC 1     12.50                      9.62   2.88    11.96
  SINCE JAN 1      6.32                      5.69   0.63     4.75

SNOWFALL (IN)
  YESTERDAY        0.0           1.8  2003   0.1   -0.1      0.0
  MONTH TO DATE    T                         3.9   -3.9      5.0
  SINCE DEC 1      3.4                      10.3   -6.9     14.6
  SINCE JUL 1      3.4                      10.6   -7.2     14.6
  SNOW DEPTH       0

DEGREE DAYS
 HEATING
  YESTERDAY        3                        26    -23       23
  MONTH TO DATE  430                       636   -206      624
  SINCE DEC 1   2048                      2532   -484     2142
  SINCE JUL 1   2634                      3419   -785     2828

 COOLING
  YESTERDAY        0                         0      0        0
  MONTH TO DATE    0                         0      0        0
  SINCE DEC 1      0                         0      0        0
  SINCE JAN 1      0                         0      0        0
..................................................................


WIND (MPH)
  HIGHEST WIND SPEED    14   HIGHEST WIND DIRECTION     S (180)
  HIGHEST GUST SPEED    16   HIGHEST GUST DIRECTION     S (200)
  AVERAGE WIND SPEED     6.4


SKY COVER
  POSSIBLE SUNSHINE  MM
  AVERAGE SKY COVER 0.9


WEATHER CONDITIONS
 THE FOLLOWING WEATHER WAS RECORDED YESTERDAY.
  LIGHT RAIN
  FOG


RELATIVE HUMIDITY (PERCENT)
 HIGHEST    93          1200 AM
 LOWEST     68           300 PM
 AVERAGE    81

..........................................................


THE LEXINGTON KY CLIMATE NORMALS FOR TODAY
                         NORMAL    RECORD    YEAR
 MAXIMUM TEMPERATURE (F)   48        80      1996
 MINIMUM TEMPERATURE (F)   30         1      1873


SUNRISE AND SUNSET
FEBRUARY 23 2017......SUNRISE   718 AM EST   SUNSET   626 PM EST
FEBRUARY 24 2017......SUNRISE   717 AM EST   SUNSET   627 PM EST


-  INDICATES NEGATIVE NUMBERS.
R  INDICATES RECORD WAS SET OR TIED.
MM INDICATES DATA IS MISSING.
T  INDICATES TRACE AMOUNT.




$$
