000
CDUS43 KLMK 240636
CLILEX


CLIMATE REPORT
NATIONAL WEATHER SERVICE LOUISVILLE KY
136 AM EST TUE JAN 24 2017


...................................

...THE LEXINGTON KY CLIMATE SUMMARY FOR JANUARY 23 2017...

CLIMATE NORMAL PERIOD 1981 TO 2010
CLIMATE RECORD PERIOD 1872 TO 2017


WEATHER ITEM   OBSERVED TIME   RECORD YEAR NORMAL DEPARTURE LAST
                VALUE   (LST)  VALUE       VALUE  FROM      YEAR
                                                  NORMAL
..................................................................
TEMPERATURE (F)
 YESTERDAY
  MAXIMUM         54    133 AM  68    1967  41     13       28
                                      1943
  MINIMUM         42   1159 PM -20    1963  25     17       10
  AVERAGE         48                        33     15       19

PRECIPITATION (IN)
  YESTERDAY        0.52          1.67 1932   0.10   0.42     0.04
  MONTH TO DATE    4.61                      2.36   2.25     1.19
  SINCE DEC 1     10.79                      6.29   4.50     8.40
  SINCE JAN 1      4.61                      2.36   2.25     1.19

SNOWFALL (IN)
  YESTERDAY        0.0           4.4  1963   0.1   -0.1      0.8
  MONTH TO DATE    2.5                       2.7   -0.2      9.6
  SINCE DEC 1      2.6                       5.2   -2.6      9.6
  SINCE JUL 1      2.6                       5.5   -2.9      9.6
  SNOW DEPTH       0

DEGREE DAYS
 HEATING
  YESTERDAY       17                        32    -15       46
  MONTH TO DATE  542                       736   -194      801
  SINCE DEC 1   1399                      1637   -238     1297
  SINCE JUL 1   1985                      2524   -539     1983

 COOLING
  YESTERDAY        0                         0      0        0
  MONTH TO DATE    0                         0      0        0
  SINCE DEC 1      0                         0      0        0
  SINCE JAN 1      0                         0      0        0
..................................................................


WIND (MPH)
  HIGHEST WIND SPEED    23   HIGHEST WIND DIRECTION     N (350)
  HIGHEST GUST SPEED    31   HIGHEST GUST DIRECTION    NW (330)
  AVERAGE WIND SPEED    14.8


SKY COVER
  POSSIBLE SUNSHINE  MM
  AVERAGE SKY COVER 1.0


WEATHER CONDITIONS
 THE FOLLOWING WEATHER WAS RECORDED YESTERDAY.
  RAIN
  LIGHT RAIN
  FOG


RELATIVE HUMIDITY (PERCENT)
 HIGHEST    96           400 AM
 LOWEST     86           900 AM
 AVERAGE    91

..........................................................


THE LEXINGTON KY CLIMATE NORMALS FOR TODAY
                         NORMAL    RECORD    YEAR
 MAXIMUM TEMPERATURE (F)   41        80      1943
 MINIMUM TEMPERATURE (F)   25       -21      1963


SUNRISE AND SUNSET
JANUARY 24 2017.......SUNRISE   749 AM EST   SUNSET   553 PM EST
JANUARY 25 2017.......SUNRISE   748 AM EST   SUNSET   554 PM EST


-  INDICATES NEGATIVE NUMBERS.
R  INDICATES RECORD WAS SET OR TIED.
MM INDICATES DATA IS MISSING.
T  INDICATES TRACE AMOUNT.




$$
