000
CDUS44 KSHV 232236
CLILFK


CLIMATE REPORT
NATIONAL WEATHER SERVICE SHREVEPORT, LA
435 PM CST FRI FEB 23 2018


...................................

...THE LUFKIN CLIMATE SUMMARY FOR FEBRUARY 23 2018...
VALID TODAY AS OF 0400 PM LOCAL TIME.

CLIMATE NORMAL PERIOD 1981 TO 2010
CLIMATE RECORD PERIOD 1906 TO 2018


WEATHER ITEM   OBSERVED TIME   RECORD YEAR NORMAL DEPARTURE LAST
                VALUE   (LST)  VALUE       VALUE  FROM      YEAR
                                                  NORMAL
..................................................................
TEMPERATURE (F)
 TODAY
  MAXIMUM         81    357 PM  88    2012  66     15       81
  MINIMUM         52    507 AM  23    1967  43      9       49
  AVERAGE         67                        54     13       65

PRECIPITATION (IN)
  TODAY            0.06          1.96 1979   0.14  -0.08     0.00
  MONTH TO DATE    6.16                      3.22   2.94     2.13
  SINCE DEC 1     12.19                     11.84   0.35    12.69
  SINCE JAN 1      8.58                      7.40   1.18     7.78

SNOWFALL (IN)
  TODAY            0.0
  MONTH TO DATE    0.0
  SINCE DEC 1      1.1
  SINCE JUL 1      1.1
  SNOW DEPTH       0

DEGREE DAYS
 HEATING
  TODAY            0                        11    -11        0
  MONTH TO DATE  233                       302    -69      120
  SINCE DEC 1   1352                      1275     77      806
  SINCE JUL 1   1603                      1582     21      954

 COOLING
  TODAY            2                         0      2        0
  MONTH TO DATE   26                         0     26       35
  SINCE DEC 1     38                        21     17       91
  SINCE JAN 1     30                         8     22       60
..................................................................


WIND (MPH)
  HIGHEST WIND SPEED    18   HIGHEST WIND DIRECTION    SE (150)
  HIGHEST GUST SPEED    24   HIGHEST GUST DIRECTION     S (180)
  AVERAGE WIND SPEED     6.4


SKY COVER
  POSSIBLE SUNSHINE  MM
  AVERAGE SKY COVER 0.8


WEATHER CONDITIONS
 THE FOLLOWING WEATHER WAS RECORDED TODAY.
  LIGHT RAIN
  FOG
  FOG W/VISIBILITY <= 1/4 MILE


RELATIVE HUMIDITY (PERCENT)
 HIGHEST   100          1200 AM
 LOWEST     54           400 PM
 AVERAGE    77

..........................................................


THE LUFKIN CLIMATE NORMALS FOR TOMORROW
                         NORMAL    RECORD    YEAR
 MAXIMUM TEMPERATURE (F)   66        85      1918
 MINIMUM TEMPERATURE (F)   44        23      1965


SUNRISE AND SUNSET
FEBRUARY 23 2018......SUNRISE   652 AM CST   SUNSET   613 PM CST
FEBRUARY 24 2018......SUNRISE   651 AM CST   SUNSET   614 PM CST


-  INDICATES NEGATIVE NUMBERS.
R  INDICATES RECORD WAS SET OR TIED.
MM INDICATES DATA IS MISSING.
T  INDICATES TRACE AMOUNT.




$$
