000
CDUS44 KSHV 252201
CLILFK


CLIMATE REPORT
NATIONAL WEATHER SERVICE SHREVEPORT, LA
459 PM CDT SAT MAR 25 2017


...................................

...THE LUFKIN CLIMATE SUMMARY FOR MARCH 25 2017...
VALID TODAY AS OF 0400 PM LOCAL TIME.

CLIMATE NORMAL PERIOD 1981 TO 2010
CLIMATE RECORD PERIOD 1906 TO 2017


WEATHER ITEM   OBSERVED TIME   RECORD YEAR NORMAL DEPARTURE LAST
                VALUE   (LST)  VALUE       VALUE  FROM      YEAR
                                                  NORMAL
..................................................................
TEMPERATURE (F)
 TODAY
  MAXIMUM         76    244 PM  93    1928  74      2       71
  MINIMUM         56    716 AM  30    1912  50      6       38
  AVERAGE         66                        62      4       55

PRECIPITATION (IN)
  TODAY            0.00          1.82 1934   0.12  -0.12     0.00
  MONTH TO DATE    1.98                      3.10  -1.12     5.61
  SINCE DEC 1     14.67                     15.59  -0.92    15.84
  SINCE JAN 1      9.76                     11.15  -1.39    11.79

SNOWFALL (IN)
  TODAY            0.0
  MONTH TO DATE    0.0
  SINCE MAR 1      0.0
  SINCE JUL 1      T
  SNOW DEPTH       0

DEGREE DAYS
 HEATING
  TODAY            0                         5     -5       10
  MONTH TO DATE  121                       183    -62      102
  SINCE MAR 1    121                       183    -62      102
  SINCE JUL 1   1097                      1817   -720     1424

 COOLING
  TODAY            1                         2     -1        0
  MONTH TO DATE   71                        29     42       41
  SINCE MAR 1     71                        29     42       41
  SINCE JAN 1    153                        48    105       55
..................................................................


WIND (MPH)
  HIGHEST WIND SPEED    15   HIGHEST WIND DIRECTION     W (250)
  HIGHEST GUST SPEED    22   HIGHEST GUST DIRECTION    SW (240)
  AVERAGE WIND SPEED     6.3


SKY COVER
  POSSIBLE SUNSHINE  MM
  AVERAGE SKY COVER 0.2


WEATHER CONDITIONS
 THE FOLLOWING WEATHER WAS RECORDED TODAY.
  FOG


RELATIVE HUMIDITY (PERCENT)
 HIGHEST   100           200 AM
 LOWEST     36           300 PM
 AVERAGE    68

..........................................................


THE LUFKIN CLIMATE NORMALS FOR TOMORROW
                         NORMAL    RECORD    YEAR
 MAXIMUM TEMPERATURE (F)   74        90      1928
 MINIMUM TEMPERATURE (F)   50        25      1955


SUNRISE AND SUNSET
MARCH 25 2017.........SUNRISE   716 AM CDT   SUNSET   734 PM CDT
MARCH 26 2017.........SUNRISE   715 AM CDT   SUNSET   735 PM CDT


-  INDICATES NEGATIVE NUMBERS.
R  INDICATES RECORD WAS SET OR TIED.
MM INDICATES DATA IS MISSING.
T  INDICATES TRACE AMOUNT.




$$
