000
CDUS44 KSHV 272133
CLILFK


CLIMATE REPORT
NATIONAL WEATHER SERVICE SHREVEPORT, LA
431 PM CDT WED AUG 27 2014


...................................

...THE LUFKIN CLIMATE SUMMARY FOR AUGUST 27 2014...
VALID TODAY AS OF 0400 PM LOCAL TIME.

CLIMATE NORMAL PERIOD 1981 TO 2010
CLIMATE RECORD PERIOD 1906 TO 2014


WEATHER ITEM   OBSERVED TIME   RECORD YEAR NORMAL DEPARTURE LAST
                VALUE   (LST)  VALUE       VALUE  FROM      YEAR
                                                  NORMAL
..................................................................
TEMPERATURE (F)
 TODAY
  MAXIMUM         96    255 PM 104    2011  93      3       94
  MINIMUM         73    454 AM  60    1920  71      2       69
  AVERAGE         85                        82      3       82

PRECIPITATION (IN)
  TODAY            0.00          2.00 1920   0.11  -0.11     0.00
  MONTH TO DATE    2.47                      2.88  -0.41     1.17
  SINCE DEC 1     34.00                     34.57  -0.57    30.21
  SINCE JAN 1     31.79                     30.13   1.66    25.90

DEGREE DAYS
 HEATING
  TODAY            0                         0      0        0
  MONTH TO DATE    0                         0      0        0
  SINCE JUN 1      0                         0      0        0
  SINCE JUL 1      0                         0      0        0

 COOLING
  TODAY           20                        17      3       17
  MONTH TO DATE  544                       482     62      510
  SINCE JUN 1   1663                      1484    179     1569
  SINCE JAN 1   2159                      1953    206     2083
..................................................................


WIND (MPH)
  HIGHEST WIND SPEED    14   HIGHEST WIND DIRECTION     E (80)
  HIGHEST GUST SPEED    17   HIGHEST GUST DIRECTION     E (100)
  AVERAGE WIND SPEED     4.6


SKY COVER
  POSSIBLE SUNSHINE  MM
  AVERAGE SKY COVER 0.0


WEATHER CONDITIONS
 THE FOLLOWING WEATHER WAS RECORDED TODAY.
  NO SIGNIFICANT WEATHER WAS OBSERVED.


RELATIVE HUMIDITY (PERCENT)
 HIGHEST    87           200 AM
 LOWEST     38           300 PM
 AVERAGE    63

..........................................................


THE LUFKIN CLIMATE NORMALS FOR TOMORROW
                         NORMAL    RECORD    YEAR
 MAXIMUM TEMPERATURE (F)   93       105      2011
                                             1943
 MINIMUM TEMPERATURE (F)   71        56      1992


SUNRISE AND SUNSET
AUGUST 27 2014........SUNRISE   652 AM CDT   SUNSET   748 PM CDT
AUGUST 28 2014........SUNRISE   653 AM CDT   SUNSET   747 PM CDT


-  INDICATES NEGATIVE NUMBERS.
R  INDICATES RECORD WAS SET OR TIED.
MM INDICATES DATA IS MISSING.
T  INDICATES TRACE AMOUNT.




$$
