000
CDUS44 KSHV 260755
CLILFK


CLIMATE REPORT
NATIONAL WEATHER SERVICE SHREVEPORT, LA
249 AM CDT TUE MAY 26 2015


...................................

...THE LUFKIN CLIMATE SUMMARY FOR MAY 25 2015...

CLIMATE NORMAL PERIOD 1981 TO 2010
CLIMATE RECORD PERIOD 1906 TO 2015


WEATHER ITEM   OBSERVED TIME   RECORD YEAR NORMAL DEPARTURE LAST
                VALUE   (LST)  VALUE       VALUE  FROM      YEAR
                                                  NORMAL
..................................................................
TEMPERATURE (F)
 YESTERDAY
  MAXIMUM         89   1251 PM  95    1996  87      2       90
  MINIMUM         66   1024 PM  53    1910  66      0       70
  AVERAGE         78                        76      2       80

PRECIPITATION (IN)
  YESTERDAY       MM             1.94 1959   0.16  MM        0.00
  MONTH TO DATE   11.92                      3.65   8.27     5.35
  SINCE DEC 1     34.30                     22.97  11.33    15.80
  SINCE JAN 1     32.25                     18.53  13.72    13.59

SNOWFALL (IN)
  YESTERDAY        0.0
  MONTH TO DATE    0.0
  SINCE MAR 1      0.0
  SINCE JUL 1      T
  SNOW DEPTH       0

DEGREE DAYS
 HEATING
  YESTERDAY        0                         0      0        0
  MONTH TO DATE    0                         1     -1       11
  SINCE MAR 1    171                       280   -109      322
  SINCE JUL 1   1691                      1914   -223     2125

 COOLING
  YESTERDAY       13                        11      2       15
  MONTH TO DATE  293                       218     75      230
  SINCE MAR 1    590                       375    215      406
  SINCE JAN 1    596                       394    202      424
..................................................................


WIND (MPH)
  HIGHEST WIND SPEED    31   HIGHEST WIND DIRECTION     E (110)
  HIGHEST GUST SPEED    38   HIGHEST GUST DIRECTION     E (100)
  AVERAGE WIND SPEED     8.5


SKY COVER
  POSSIBLE SUNSHINE  MM
  AVERAGE SKY COVER 0.7


WEATHER CONDITIONS
 THE FOLLOWING WEATHER WAS RECORDED YESTERDAY.
  THUNDERSTORM
  HEAVY RAIN
  RAIN
  LIGHT RAIN
  FOG


RELATIVE HUMIDITY (PERCENT)
 HIGHEST    93          1200 AM
 LOWEST     59          1200 PM
 AVERAGE    76

..........................................................


THE LUFKIN CLIMATE NORMALS FOR TODAY
                         NORMAL    RECORD    YEAR
 MAXIMUM TEMPERATURE (F)   87        96      2010
 MINIMUM TEMPERATURE (F)   66        51      1979


SUNRISE AND SUNSET
MAY 26 2015...........SUNRISE   618 AM CDT   SUNSET   815 PM CDT
MAY 27 2015...........SUNRISE   617 AM CDT   SUNSET   815 PM CDT


-  INDICATES NEGATIVE NUMBERS.
R  INDICATES RECORD WAS SET OR TIED.
MM INDICATES DATA IS MISSING.
T  INDICATES TRACE AMOUNT.




$$
