000
CDUS44 KSHV 250731
CLILFK


CLIMATE REPORT
NATIONAL WEATHER SERVICE SHREVEPORT, LA
231 AM CDT SUN JUN 25 2017


...................................

...THE LUFKIN CLIMATE SUMMARY FOR JUNE 24 2017...

CLIMATE NORMAL PERIOD 1981 TO 2010
CLIMATE RECORD PERIOD 1906 TO 2017


WEATHER ITEM   OBSERVED TIME   RECORD YEAR NORMAL DEPARTURE LAST
                VALUE   (LST)  VALUE       VALUE  FROM      YEAR
                                                  NORMAL
..................................................................
TEMPERATURE (F)
 YESTERDAY
  MAXIMUM         85    424 PM 102    1933  91     -6       93
  MINIMUM         70    540 AM  62    2001  71     -1       73
  AVERAGE         78                        81     -3       83

PRECIPITATION (IN)
  YESTERDAY        0.44          2.15 1946   0.15   0.29     0.00
  MONTH TO DATE    5.14                      3.81   1.33     1.96
  SINCE DEC 1     32.57                     27.77   4.80    35.08
  SINCE JAN 1     27.66                     23.33   4.33    31.03

SNOWFALL (IN)
  YESTERDAY        0.0
  MONTH TO DATE    0.0
  SINCE JUN 1      0.0
  SINCE JUL 1      T
  SNOW DEPTH       0

DEGREE DAYS
 HEATING
  YESTERDAY        0                         0      0        0
  MONTH TO DATE    0                         0      0        0
  SINCE JUN 1      0                         0      0        0
  SINCE JUL 1   1145                      1917   -772     1472

 COOLING
  YESTERDAY       13                        16     -3       18
  MONTH TO DATE  349                       353     -4      365
  SINCE JUN 1    349                       353     -4      365
  SINCE JAN 1    874                       822     52      811
..................................................................


WIND (MPH)
  HIGHEST WIND SPEED    17   HIGHEST WIND DIRECTION    SE (120)
  HIGHEST GUST SPEED    23   HIGHEST GUST DIRECTION     E (70)
  AVERAGE WIND SPEED     5.1


SKY COVER
  POSSIBLE SUNSHINE  MM
  AVERAGE SKY COVER 0.6


WEATHER CONDITIONS
 THE FOLLOWING WEATHER WAS RECORDED YESTERDAY.
  HEAVY RAIN
  RAIN
  LIGHT RAIN
  FOG


RELATIVE HUMIDITY (PERCENT)
 HIGHEST   100           500 AM
 LOWEST     65           300 PM
 AVERAGE    83

..........................................................


THE LUFKIN CLIMATE NORMALS FOR TODAY
                         NORMAL    RECORD    YEAR
 MAXIMUM TEMPERATURE (F)   92       104      2012
 MINIMUM TEMPERATURE (F)   71        54      1974


SUNRISE AND SUNSET
JUNE 25 2017..........SUNRISE   617 AM CDT   SUNSET   827 PM CDT
JUNE 26 2017..........SUNRISE   617 AM CDT   SUNSET   827 PM CDT


-  INDICATES NEGATIVE NUMBERS.
R  INDICATES RECORD WAS SET OR TIED.
MM INDICATES DATA IS MISSING.
T  INDICATES TRACE AMOUNT.




$$
