000
CDUS44 KSHV 180753
CLILFK


CLIMATE REPORT
NATIONAL WEATHER SERVICE SHREVEPORT, LA
252 AM CDT WED OCT 18 2017


...................................

...THE LUFKIN CLIMATE SUMMARY FOR OCTOBER 17 2017...

CLIMATE NORMAL PERIOD 1981 TO 2010
CLIMATE RECORD PERIOD 1906 TO 2017


WEATHER ITEM   OBSERVED TIME   RECORD YEAR NORMAL DEPARTURE LAST
                VALUE   (LST)  VALUE       VALUE  FROM      YEAR
                                                  NORMAL
..................................................................
TEMPERATURE (F)
 YESTERDAY
  MAXIMUM         76    305 PM  93    1932  80     -4       90
  MINIMUM         43    440 AM  35    1952  55    -12       70
  AVERAGE         60                        67     -7       80

PRECIPITATION (IN)
  YESTERDAY        0.00          3.08 1994   0.15  -0.15     0.00
  MONTH TO DATE    0.37                      2.36  -1.99     0.10
  SINCE DEC 1     53.31                     41.47  11.84    46.58
  SINCE JAN 1     48.40                     37.03  11.37    42.53

SNOWFALL (IN)
  YESTERDAY        0.0
  MONTH TO DATE    0.0
  SINCE SEP 1      0.0
  SINCE JUL 1      0.0
  SNOW DEPTH       0

DEGREE DAYS
 HEATING
  YESTERDAY        5                         2      3        0
  MONTH TO DATE    8                        20    -12        1
  SINCE SEP 1      8                        24    -16        1
  SINCE JUL 1      8                        24    -16        1

 COOLING
  YESTERDAY        0                         4     -4       15
  MONTH TO DATE  160                       101     59      154
  SINCE SEP 1    521                       475     46      601
  SINCE JAN 1   2544                      2498     46     2689
..................................................................


WIND (MPH)
  HIGHEST WIND SPEED     9   HIGHEST WIND DIRECTION     E (70)
  HIGHEST GUST SPEED    15   HIGHEST GUST DIRECTION    NE (40)
  AVERAGE WIND SPEED     2.9


SKY COVER
  POSSIBLE SUNSHINE  MM
  AVERAGE SKY COVER 0.0


WEATHER CONDITIONS
 THE FOLLOWING WEATHER WAS RECORDED YESTERDAY.
  NO SIGNIFICANT WEATHER WAS OBSERVED.


RELATIVE HUMIDITY (PERCENT)
 HIGHEST   100           400 AM
 LOWEST     33           400 PM
 AVERAGE    67

..........................................................


THE LUFKIN CLIMATE NORMALS FOR TODAY
                         NORMAL    RECORD    YEAR
 MAXIMUM TEMPERATURE (F)   79        92      1920
 MINIMUM TEMPERATURE (F)   55        29      1948


SUNRISE AND SUNSET
OCTOBER 18 2017.......SUNRISE   724 AM CDT   SUNSET   644 PM CDT
OCTOBER 19 2017.......SUNRISE   725 AM CDT   SUNSET   642 PM CDT


-  INDICATES NEGATIVE NUMBERS.
R  INDICATES RECORD WAS SET OR TIED.
MM INDICATES DATA IS MISSING.
T  INDICATES TRACE AMOUNT.




$$
