000
CDUS44 KLCH 200824
CLILFT


CLIMATE REPORT
NATIONAL WEATHER SERVICE LAKE CHARLES, LA
223 AM CST SAT DEC 20 2014


...................................

...THE LAFAYETTE CLIMATE SUMMARY FOR DECEMBER 19 2014...

CLIMATE NORMAL PERIOD 1981 TO 2010
CLIMATE RECORD PERIOD 1893 TO 2014


WEATHER ITEM   OBSERVED TIME   RECORD YEAR NORMAL DEPARTURE LAST
                VALUE   (LST)  VALUE       VALUE  FROM      YEAR
                                                  NORMAL
..................................................................
TEMPERATURE (F)
 YESTERDAY
  MAXIMUM         58    111 PM  82    1908  63     -5       74
  MINIMUM         49   1159 PM  20    1981  44      5       43
  AVERAGE         54                        54      0       59

PRECIPITATION (IN)
  YESTERDAY        0.94          4.37 1956   0.18   0.76     0.00
  MONTH TO DATE    1.00                      3.34  -2.34     1.89
  SINCE DEC 1      1.00                      3.34  -2.34     1.89
  SINCE JAN 1     57.50                     58.26  -0.76    55.66

SNOWFALL (IN)
  YESTERDAY       MM             0.0    MM   0.0   MM        0.0
  MONTH TO DATE    0.0                       0.0    0.0      0.0
  SINCE DEC 1      0.0                       0.0    0.0      0.0
  SINCE JUL 1      0.0                       0.0    0.0      0.0
  SNOW DEPTH       0

DEGREE DAYS
 HEATING
  YESTERDAY       11                        12     -1        6
  MONTH TO DATE  123                       202    -79      260
  SINCE DEC 1    123                       202    -79      260
  SINCE JUL 1    424                       401     23      529
..................................................................


WIND (MPH)
  HIGHEST WIND SPEED    20   HIGHEST WIND DIRECTION    NW (330)
  HIGHEST GUST SPEED    23   HIGHEST GUST DIRECTION    NW (330)
  AVERAGE WIND SPEED     6.9


SKY COVER
  POSSIBLE SUNSHINE  MM
  AVERAGE SKY COVER 1.0


WEATHER CONDITIONS
 THE FOLLOWING WEATHER WAS RECORDED YESTERDAY.
  HEAVY RAIN
  RAIN
  LIGHT RAIN
  FOG
  HAZE


RELATIVE HUMIDITY (PERCENT)
 HIGHEST   100          1000 AM
 LOWEST     86          1200 AM
 AVERAGE    93

..........................................................


THE LAFAYETTE CLIMATE NORMALS FOR TODAY
                         NORMAL    RECORD    YEAR
 MAXIMUM TEMPERATURE (F)   63        79      1978
                                             1926
 MINIMUM TEMPERATURE (F)   44        21      1929
                                             1901


SUNRISE AND SUNSET
DECEMBER 20 2014......SUNRISE   700 AM CST   SUNSET   512 PM CST
DECEMBER 21 2014......SUNRISE   700 AM CST   SUNSET   512 PM CST


-  INDICATES NEGATIVE NUMBERS.
R  INDICATES RECORD WAS SET OR TIED.
MM INDICATES DATA IS MISSING.
T  INDICATES TRACE AMOUNT.




$$
