000
CDUS44 KLCH 082213
CLILFT


CLIMATE REPORT
NATIONAL WEATHER SERVICE LAKE CHARLES, LA
412 PM CST MON FEB 8 2016


...................................

...THE LAFAYETTE CLIMATE SUMMARY FOR FEBRUARY 8 2016...
VALID TODAY AS OF 0400 PM LOCAL TIME.

CLIMATE NORMAL PERIOD 1981 TO 2010
CLIMATE RECORD PERIOD 1893 TO 2016


WEATHER ITEM   OBSERVED TIME   RECORD YEAR NORMAL DEPARTURE LAST
                VALUE   (LST)  VALUE       VALUE  FROM      YEAR
                                                  NORMAL
..................................................................
TEMPERATURE (F)
 TODAY
  MAXIMUM         61    239 PM  84    1957  64     -3       74
  MINIMUM         40    202 AM  13    1895  45     -5       51
  AVERAGE         51                        54     -3       63

PRECIPITATION (IN)
  TODAY            0.00          2.78 1905   0.17  -0.17     0.00
  MONTH TO DATE    2.92                      1.36   1.56     0.73
  SINCE DEC 1     11.45                     12.61  -1.16     8.84
  SINCE JAN 1      7.59                      7.03   0.56     5.34

SNOWFALL (IN)
  TODAY            0.0           0.0    MM   0.0    0.0      0.0
  MONTH TO DATE    0.0                       0.0    0.0      0.0
  SINCE DEC 1      0.0                       0.0    0.0      0.0
  SINCE JUL 1      0.0                       0.0    0.0      0.0
  SNOW DEPTH       0

DEGREE DAYS
 HEATING
  TODAY           14                        11      3        2
  MONTH TO DATE   97                        93      4      115
  SINCE DEC 1    690                       850   -160      846
  SINCE JUL 1    778                      1049   -271     1147
..................................................................


WIND (MPH)
  HIGHEST WIND SPEED    32   HIGHEST WIND DIRECTION    NW (320)
  HIGHEST GUST SPEED    45   HIGHEST GUST DIRECTION    NW (330)
  AVERAGE WIND SPEED    14.0


SKY COVER
  POSSIBLE SUNSHINE  MM
  AVERAGE SKY COVER 0.0


WEATHER CONDITIONS
 THE FOLLOWING WEATHER WAS RECORDED TODAY.
  NO SIGNIFICANT WEATHER WAS OBSERVED.


RELATIVE HUMIDITY (PERCENT)
 HIGHEST    89           300 AM
 LOWEST     14           200 PM
 AVERAGE    52

..........................................................


THE LAFAYETTE CLIMATE NORMALS FOR TOMORROW
                         NORMAL    RECORD    YEAR
 MAXIMUM TEMPERATURE (F)   64        83      1911
 MINIMUM TEMPERATURE (F)   45        19      1933
                                             1895


SUNRISE AND SUNSET
FEBRUARY  8 2016......SUNRISE   654 AM CST   SUNSET   551 PM CST
FEBRUARY  9 2016......SUNRISE   653 AM CST   SUNSET   551 PM CST


-  INDICATES NEGATIVE NUMBERS.
R  INDICATES RECORD WAS SET OR TIED.
MM INDICATES DATA IS MISSING.
T  INDICATES TRACE AMOUNT.




$$
