000
CDUS44 KLCH 040820
CLILFT


CLIMATE REPORT
NATIONAL WEATHER SERVICE LAKE CHARLES, LA
320 AM CDT TUE AUG 4 2015


...................................

...THE LAFAYETTE CLIMATE SUMMARY FOR AUGUST 3 2015...

CLIMATE NORMAL PERIOD 1981 TO 2010
CLIMATE RECORD PERIOD 1893 TO 2015


WEATHER ITEM   OBSERVED TIME   RECORD YEAR NORMAL DEPARTURE LAST
                VALUE   (LST)  VALUE       VALUE  FROM      YEAR
                                                  NORMAL
..................................................................
TEMPERATURE (F)
 YESTERDAY
  MAXIMUM         98    244 PM 100    1899  93      5       86
  MINIMUM         74    509 AM  65    1923  75     -1       76
  AVERAGE         86                        84      2       81

PRECIPITATION (IN)
  YESTERDAY        0.00          1.63 1966   0.16  -0.16     0.22
  MONTH TO DATE    0.00                      0.47  -0.47     1.61
  SINCE JUN 1      9.64                     13.85  -4.21    16.18
  SINCE JAN 1     40.24                     36.47   3.77    39.22

DEGREE DAYS
 COOLING
  YESTERDAY       21                        19      2       16
  MONTH TO DATE   59                        57      2       48
  SINCE JUN 1   1200                      1127     73     1081
  SINCE JAN 1   1892                      1741    151     1550
..................................................................


WIND (MPH)
  HIGHEST WIND SPEED    14   HIGHEST WIND DIRECTION     S (190)
  HIGHEST GUST SPEED    19   HIGHEST GUST DIRECTION     S (160)
  AVERAGE WIND SPEED     2.9


SKY COVER
  POSSIBLE SUNSHINE  MM
  AVERAGE SKY COVER 0.0


WEATHER CONDITIONS
 THE FOLLOWING WEATHER WAS RECORDED YESTERDAY.
  NO SIGNIFICANT WEATHER WAS OBSERVED.


RELATIVE HUMIDITY (PERCENT)
 HIGHEST    94           300 AM
 LOWEST     35           200 PM
 AVERAGE    65

..........................................................


THE LAFAYETTE CLIMATE NORMALS FOR TODAY
                         NORMAL    RECORD    YEAR
 MAXIMUM TEMPERATURE (F)   93        99      1951
                                             1924
                                             1897
 MINIMUM TEMPERATURE (F)   75        66      1925
                                             1920


SUNRISE AND SUNSET
AUGUST  4 2015........SUNRISE   628 AM CDT   SUNSET   759 PM CDT
AUGUST  5 2015........SUNRISE   629 AM CDT   SUNSET   759 PM CDT


-  INDICATES NEGATIVE NUMBERS.
R  INDICATES RECORD WAS SET OR TIED.
MM INDICATES DATA IS MISSING.
T  INDICATES TRACE AMOUNT.




$$
