272
CDUS44 KLCH 280928
CLILFT


CLIMATE REPORT
NATIONAL WEATHER SERVICE LAKE CHARLES, LA
427 AM CDT SUN MAY 28 2017


...................................

...THE LAFAYETTE CLIMATE SUMMARY FOR MAY 27 2017...

CLIMATE NORMAL PERIOD 1981 TO 2010
CLIMATE RECORD PERIOD 1893 TO 2017


WEATHER ITEM   OBSERVED TIME   RECORD YEAR NORMAL DEPARTURE LAST
                VALUE   (LST)  VALUE       VALUE  FROM      YEAR
                                                  NORMAL
..................................................................
TEMPERATURE (F)
 YESTERDAY
  MAXIMUM         88    209 PM  95    1900  89     -1       86
  MINIMUM         77   1215 AM  46    1901  70      7       67
  AVERAGE         83                        79      4       77

PRECIPITATION (IN)
  YESTERDAY        T             2.93 1932   0.17  -0.17     1.49
  MONTH TO DATE    7.42                      4.08   3.34     6.70
  SINCE MAR 1     14.73                     11.80   2.93    19.25
  SINCE JAN 1     18.25                     21.92  -3.67    28.38

DEGREE DAYS
 COOLING
  YESTERDAY       18                        14      4       12
  MONTH TO DATE  243                       303    -60      282
  SINCE MAR 1    689                       525    164      584
  SINCE JAN 1    873                       557    316      594
..................................................................


WIND (MPH)
  HIGHEST WIND SPEED    17   HIGHEST WIND DIRECTION     S (190)
  HIGHEST GUST SPEED    23   HIGHEST GUST DIRECTION    SW (220)
  AVERAGE WIND SPEED    10.0


SKY COVER
  POSSIBLE SUNSHINE  MM
  AVERAGE SKY COVER 0.8


WEATHER CONDITIONS
 THE FOLLOWING WEATHER WAS RECORDED YESTERDAY.
  LIGHT RAIN


RELATIVE HUMIDITY (PERCENT)
 HIGHEST   100           900 PM
 LOWEST     68           100 PM
 AVERAGE    84

..........................................................


THE LAFAYETTE CLIMATE NORMALS FOR TODAY
                         NORMAL    RECORD    YEAR
 MAXIMUM TEMPERATURE (F)   89        96      1998
                                             1953
                                             1896
 MINIMUM TEMPERATURE (F)   70        51      1901


SUNRISE AND SUNSET
MAY 28 2017...........SUNRISE   608 AM CDT   SUNSET   803 PM CDT
MAY 29 2017...........SUNRISE   608 AM CDT   SUNSET   804 PM CDT


-  INDICATES NEGATIVE NUMBERS.
R  INDICATES RECORD WAS SET OR TIED.
MM INDICATES DATA IS MISSING.
T  INDICATES TRACE AMOUNT.




$$
