598
CDUS44 KLCH 251247
CLILFT


CLIMATE REPORT
NATIONAL WEATHER SERVICE LAKE CHARLES, LA
745 AM CDT MON JUL 25 2016


...................................

...THE LAFAYETTE CLIMATE SUMMARY FOR JULY 24 2016...

CLIMATE NORMAL PERIOD 1981 TO 2010
CLIMATE RECORD PERIOD 1893 TO 2016


WEATHER ITEM   OBSERVED TIME   RECORD YEAR NORMAL DEPARTURE LAST
                VALUE   (LST)  VALUE       VALUE  FROM      YEAR
                                                  NORMAL
..................................................................
TEMPERATURE (F)
 YESTERDAY
  MAXIMUM         92   1104 AM 102    1924  92      0       96
  MINIMUM         78   1040 PM  61    1947  75      3       78
  AVERAGE         85                        84      1       87

PRECIPITATION (IN)
  YESTERDAY        0.13          3.85 1944   0.17  -0.04     0.00
  MONTH TO DATE    1.53                      5.10  -3.57     1.94
  SINCE JUN 1      8.52                     12.18  -3.66     9.55
  SINCE JAN 1     36.91                     34.80   2.11    40.15

DEGREE DAYS
 COOLING
  YESTERDAY       20                        19      1       22
  MONTH TO DATE  493                       440     53      483
  SINCE JUN 1   1020                       938     82      985
  SINCE JAN 1   1677                      1552    125     1677
..................................................................


WIND (MPH)
  HIGHEST WIND SPEED    22   HIGHEST WIND DIRECTION     S (200)
  HIGHEST GUST SPEED    26   HIGHEST GUST DIRECTION     S (200)
  AVERAGE WIND SPEED     2.7


SKY COVER
  POSSIBLE SUNSHINE  MM
  AVERAGE SKY COVER 0.2


WEATHER CONDITIONS
 THE FOLLOWING WEATHER WAS RECORDED YESTERDAY.
  THUNDERSTORM
  HEAVY RAIN
  RAIN
  LIGHT RAIN
  FOG


RELATIVE HUMIDITY (PERCENT)
 HIGHEST    91           100 AM
 LOWEST     64          1000 AM
 AVERAGE    78

..........................................................


THE LAFAYETTE CLIMATE NORMALS FOR TODAY
                         NORMAL    RECORD    YEAR
 MAXIMUM TEMPERATURE (F)   92        99      1925
                                             1924
                                             1923
 MINIMUM TEMPERATURE (F)   75        64      1915


SUNRISE AND SUNSET
JULY 25 2016..........SUNRISE   623 AM CDT   SUNSET   806 PM CDT
JULY 26 2016..........SUNRISE   623 AM CDT   SUNSET   805 PM CDT


-  INDICATES NEGATIVE NUMBERS.
R  INDICATES RECORD WAS SET OR TIED.
MM INDICATES DATA IS MISSING.
T  INDICATES TRACE AMOUNT.




$$
