000
CDUS44 KLCH 020839
CLILFT


CLIMATE REPORT
NATIONAL WEATHER SERVICE LAKE CHARLES, LA
337 AM CDT THU JUL 2 2015


...................................

...THE LAFAYETTE CLIMATE SUMMARY FOR JULY 1 2015...

CLIMATE NORMAL PERIOD 1981 TO 2010
CLIMATE RECORD PERIOD 1893 TO 2015


WEATHER ITEM   OBSERVED TIME   RECORD YEAR NORMAL DEPARTURE LAST
                VALUE   (LST)  VALUE       VALUE  FROM      YEAR
                                                  NORMAL
..................................................................
TEMPERATURE (F)
 YESTERDAY
  MAXIMUM         89   1052 AM 104    1894  91     -2       93
  MINIMUM         72   1159 PM  67    1943  75     -3       77
  AVERAGE         81                        83     -2       85

PRECIPITATION (IN)
  YESTERDAY        0.16          1.45 1995   0.24  -0.08     0.00
  MONTH TO DATE    0.16                      0.24  -0.08     0.00
  SINCE JUN 1      7.77                      7.32   0.45     8.59
  SINCE JAN 1     38.37                     29.94   8.43    31.63

DEGREE DAYS
 COOLING
  YESTERDAY       16                        18     -2       20
  MONTH TO DATE   16                        18     -2       20
  SINCE JUN 1    518                       516      2      527
  SINCE JAN 1   1210                      1130     80      996
..................................................................


WIND (MPH)
  HIGHEST WIND SPEED    24   HIGHEST WIND DIRECTION     W (250)
  HIGHEST GUST SPEED    31   HIGHEST GUST DIRECTION     W (260)
  AVERAGE WIND SPEED     3.5


SKY COVER
  POSSIBLE SUNSHINE  MM
  AVERAGE SKY COVER 0.4


WEATHER CONDITIONS
 THE FOLLOWING WEATHER WAS RECORDED YESTERDAY.
  THUNDERSTORM
  HEAVY RAIN
  RAIN
  LIGHT RAIN
  FOG


RELATIVE HUMIDITY (PERCENT)
 HIGHEST    94           700 AM
 LOWEST     68          1100 AM
 AVERAGE    81

..........................................................


THE LAFAYETTE CLIMATE NORMALS FOR TODAY
                         NORMAL    RECORD    YEAR
 MAXIMUM TEMPERATURE (F)   92       100      1894
 MINIMUM TEMPERATURE (F)   75        60      1924
                                             1918


SUNRISE AND SUNSET
JULY  2 2015..........SUNRISE   610 AM CDT   SUNSET   814 PM CDT
JULY  3 2015..........SUNRISE   611 AM CDT   SUNSET   814 PM CDT


-  INDICATES NEGATIVE NUMBERS.
R  INDICATES RECORD WAS SET OR TIED.
MM INDICATES DATA IS MISSING.
T  INDICATES TRACE AMOUNT.




$$
