000
CDUS44 KLCH 250828
CLILFT


CLIMATE REPORT
NATIONAL WEATHER SERVICE LAKE CHARLES, LA
328 AM CDT TUE JUL 25 2017


...................................

...THE LAFAYETTE CLIMATE SUMMARY FOR JULY 24 2017...

CLIMATE NORMAL PERIOD 1981 TO 2010
CLIMATE RECORD PERIOD 1893 TO 2017


WEATHER ITEM   OBSERVED TIME   RECORD YEAR NORMAL DEPARTURE LAST
                VALUE   (LST)  VALUE       VALUE  FROM      YEAR
                                                  NORMAL
..................................................................
TEMPERATURE (F)
 YESTERDAY
  MAXIMUM         91    409 PM 102    1924  92     -1       92
  MINIMUM         77   1135 AM  61    1947  75      2       78
  AVERAGE         84                        84      0       85

PRECIPITATION (IN)
  YESTERDAY        0.24          3.85 1944   0.17   0.07     0.13
  MONTH TO DATE    6.95                      5.10   1.85     1.53
  SINCE JUN 1     17.97                     12.18   5.79     8.52
  SINCE JAN 1     38.52                     34.80   3.72    36.91

DEGREE DAYS
 COOLING
  YESTERDAY       19                        19      0       20
  MONTH TO DATE  448                       440      8      493
  SINCE JUN 1    881                       938    -57     1020
  SINCE JAN 1   1801                      1552    249     1677
..................................................................


WIND (MPH)
  HIGHEST WIND SPEED    22   HIGHEST WIND DIRECTION    NW (320)
  HIGHEST GUST SPEED    31   HIGHEST GUST DIRECTION    NW (300)
  AVERAGE WIND SPEED     6.6


SKY COVER
  POSSIBLE SUNSHINE  MM
  AVERAGE SKY COVER 0.2


WEATHER CONDITIONS
 THE FOLLOWING WEATHER WAS RECORDED YESTERDAY.
  THUNDERSTORM
  HEAVY RAIN
  LIGHT RAIN
  FOG
  HAZE


RELATIVE HUMIDITY (PERCENT)
 HIGHEST   100           200 AM
 LOWEST     64          1000 AM
 AVERAGE    82

..........................................................


THE LAFAYETTE CLIMATE NORMALS FOR TODAY
                         NORMAL    RECORD    YEAR
 MAXIMUM TEMPERATURE (F)   92        99      1925
                                             1924
                                             1923
 MINIMUM TEMPERATURE (F)   75        64      1915


SUNRISE AND SUNSET
JULY 25 2017..........SUNRISE   623 AM CDT   SUNSET   806 PM CDT
JULY 26 2017..........SUNRISE   623 AM CDT   SUNSET   805 PM CDT


-  INDICATES NEGATIVE NUMBERS.
R  INDICATES RECORD WAS SET OR TIED.
MM INDICATES DATA IS MISSING.
T  INDICATES TRACE AMOUNT.




$$
