000
CDUS44 KLCH 222343
CLILFT


CLIMATE REPORT
NATIONAL WEATHER SERVICE LAKE CHARLES, LA
643 PM CDT FRI MAY 22 2015


...................................

...THE LAFAYETTE CLIMATE SUMMARY FOR MAY 22 2015...
VALID TODAY AS OF 0500 PM LOCAL TIME.

CLIMATE NORMAL PERIOD 1981 TO 2010
CLIMATE RECORD PERIOD 1893 TO 2015


WEATHER ITEM   OBSERVED TIME   RECORD YEAR NORMAL DEPARTURE LAST
                VALUE   (LST)  VALUE       VALUE  FROM      YEAR
                                                  NORMAL
..................................................................
TEMPERATURE (F)
 TODAY
  MAXIMUM         80    332 PM  97    2005  88     -8       89
  MINIMUM         63    647 AM  50    1954  68     -5       63
                                      1919
  AVERAGE         72                        78     -6       76

PRECIPITATION (IN)
  TODAY            0.00          5.07 2008   0.16  -0.16     0.00
  MONTH TO DATE    3.95                      3.23   0.72     1.82
  SINCE MAR 1     18.99                     10.95   8.04     6.58
  SINCE JAN 1     26.09                     21.07   5.02    13.83

DEGREE DAYS
 COOLING
  TODAY            7                        13     -6       11
  MONTH TO DATE  261                       235     26      174
  SINCE MAR 1    567                       457    110      340
  SINCE JAN 1    572                       489     83      354
..................................................................


WIND (MPH)
  HIGHEST WIND SPEED    14   HIGHEST WIND DIRECTION     N (10)
  HIGHEST GUST SPEED    17   HIGHEST GUST DIRECTION    NE (30)
  AVERAGE WIND SPEED     7.2


SKY COVER
  POSSIBLE SUNSHINE  MM
  AVERAGE SKY COVER 1.0


WEATHER CONDITIONS
 THE FOLLOWING WEATHER WAS RECORDED TODAY.
  FOG


RELATIVE HUMIDITY (PERCENT)
 HIGHEST    93          1200 AM
 LOWEST     69           200 PM
 AVERAGE    81

..........................................................


THE LAFAYETTE CLIMATE NORMALS FOR TOMORROW
                         NORMAL    RECORD    YEAR
 MAXIMUM TEMPERATURE (F)   88        98      1902
 MINIMUM TEMPERATURE (F)   69        54      2002
                                             2001


SUNRISE AND SUNSET
MAY 22 2015...........SUNRISE   611 AM CDT   SUNSET   759 PM CDT
MAY 23 2015...........SUNRISE   610 AM CDT   SUNSET   800 PM CDT


-  INDICATES NEGATIVE NUMBERS.
R  INDICATES RECORD WAS SET OR TIED.
MM INDICATES DATA IS MISSING.
T  INDICATES TRACE AMOUNT.




$$
