000
CDUS44 KLCH 241245
CLILFT


CLIMATE REPORT
NATIONAL WEATHER SERVICE LAKE CHARLES, LA
645 AM CST FRI FEB 24 2017


...................................

...THE LAFAYETTE CLIMATE SUMMARY FOR FEBRUARY 23 2017...

CLIMATE NORMAL PERIOD 1981 TO 2010
CLIMATE RECORD PERIOD 1893 TO 2017


WEATHER ITEM   OBSERVED TIME   RECORD YEAR NORMAL DEPARTURE LAST
                VALUE   (LST)  VALUE       VALUE  FROM      YEAR
                                                  NORMAL
..................................................................
TEMPERATURE (F)
 YESTERDAY
  MAXIMUM         78    205 PM  87    1910  67     11       71
  MINIMUM         54    516 AM  25    1911  48      6       51
  AVERAGE         66                        58      8       61

PRECIPITATION (IN)
  YESTERDAY        0.00          2.41 2004   0.15  -0.15     0.68
  MONTH TO DATE    0.12                      3.74  -3.62     4.46
  SINCE DEC 1     12.58                     14.99  -2.41    12.99
  SINCE JAN 1      3.49                      9.41  -5.92     9.13

SNOWFALL (IN)
  YESTERDAY        0.0           T    1968   0.0    0.0      0.0
                                      1963
  MONTH TO DATE    0.0                       0.0    0.0      0.0
  SINCE DEC 1      0.0                       0.0    0.0      0.0
  SINCE JUL 1      0.0                       0.0    0.0      0.0
  SNOW DEPTH       0

DEGREE DAYS
 HEATING
  YESTERDAY        0                         8     -8        4
  MONTH TO DATE   59                       237   -178      179
  SINCE DEC 1    483                       994   -511      772
  SINCE JUL 1    569                      1193   -624      860
..................................................................


WIND (MPH)
  HIGHEST WIND SPEED    16   HIGHEST WIND DIRECTION    SW (210)
  HIGHEST GUST SPEED    19   HIGHEST GUST DIRECTION    SW (220)
  AVERAGE WIND SPEED     5.1


SKY COVER
  POSSIBLE SUNSHINE  MM
  AVERAGE SKY COVER 0.0


WEATHER CONDITIONS
 THE FOLLOWING WEATHER WAS RECORDED YESTERDAY.
  FOG


RELATIVE HUMIDITY (PERCENT)
 HIGHEST    93           100 AM
 LOWEST     50           100 PM
 AVERAGE    72

..........................................................


THE LAFAYETTE CLIMATE NORMALS FOR TODAY
                         NORMAL    RECORD    YEAR
 MAXIMUM TEMPERATURE (F)   67        81      2011
                                             1927
 MINIMUM TEMPERATURE (F)   48        26      1901


SUNRISE AND SUNSET
FEBRUARY 24 2017......SUNRISE   639 AM CST   SUNSET   604 PM CST
FEBRUARY 25 2017......SUNRISE   638 AM CST   SUNSET   604 PM CST


-  INDICATES NEGATIVE NUMBERS.
R  INDICATES RECORD WAS SET OR TIED.
MM INDICATES DATA IS MISSING.
T  INDICATES TRACE AMOUNT.




$$
