000
CDUS44 KLCH 160812
CLILFT


CLIMATE REPORT
NATIONAL WEATHER SERVICE LAKE CHARLES, LA
312 AM CDT TUE SEP 16 2014


...................................

...THE LAFAYETTE CLIMATE SUMMARY FOR SEPTEMBER 15 2014...

CLIMATE NORMAL PERIOD 1981 TO 2010
CLIMATE RECORD PERIOD 1893 TO 2014


WEATHER ITEM   OBSERVED TIME   RECORD YEAR NORMAL DEPARTURE LAST
                VALUE   (LST)  VALUE       VALUE  FROM      YEAR
                                                  NORMAL
..................................................................
TEMPERATURE (F)
 YESTERDAY
  MAXIMUM         92    241 PM 100    1912  89      3       93
  MINIMUM         71    624 AM  48    1902  70      1       73
  AVERAGE         82                        80      2       83

PRECIPITATION (IN)
  YESTERDAY        0.14          1.42 1978   0.17  -0.03     0.00
  MONTH TO DATE    5.13                      2.50   2.63     0.46
  SINCE SEP 1      5.13                      2.50   2.63     0.46
  SINCE JAN 1     51.22                     43.12   8.10    43.34

DEGREE DAYS
 HEATING
  YESTERDAY        0                         0      0        0
  MONTH TO DATE    0                         0      0        0
  SINCE SEP 1      0                         0      0        0
  SINCE JUL 1      0                         0      0        0

 COOLING
  YESTERDAY       17                        15      2       18
  MONTH TO DATE  253                       243     10      278
  SINCE SEP 1    253                       243     10      278
  SINCE JAN 1   2310                      2504   -194     2380
..................................................................


WIND (MPH)
  HIGHEST WIND SPEED    16   HIGHEST WIND DIRECTION     E (80)
  HIGHEST GUST SPEED    23   HIGHEST GUST DIRECTION     E (80)
  AVERAGE WIND SPEED     4.5


SKY COVER
  POSSIBLE SUNSHINE  MM
  AVERAGE SKY COVER 0.3


WEATHER CONDITIONS
 THE FOLLOWING WEATHER WAS RECORDED YESTERDAY.
  THUNDERSTORM
  RAIN
  LIGHT RAIN
  FOG


RELATIVE HUMIDITY (PERCENT)
 HIGHEST   100          1200 AM
 LOWEST     56           200 PM
 AVERAGE    78

..........................................................


THE LAFAYETTE CLIMATE NORMALS FOR TODAY
                         NORMAL    RECORD    YEAR
 MAXIMUM TEMPERATURE (F)   89       100      1933
 MINIMUM TEMPERATURE (F)   70        48      1902


SUNRISE AND SUNSET
SEPTEMBER 16 2014.....SUNRISE   653 AM CDT   SUNSET   712 PM CDT
SEPTEMBER 17 2014.....SUNRISE   654 AM CDT   SUNSET   711 PM CDT


-  INDICATES NEGATIVE NUMBERS.
R  INDICATES RECORD WAS SET OR TIED.
MM INDICATES DATA IS MISSING.
T  INDICATES TRACE AMOUNT.




$$
