000
CDUS41 KOKX 280641
CLILGA


CLIMATE REPORT
NATIONAL WEATHER SERVICE NEW YORK NY
241 AM EDT TUE JUL 28 2015


...................................

...THE LAGUARDIA NY CLIMATE SUMMARY FOR JULY 27 2015...

CLIMATE NORMAL PERIOD 1981 TO 2010
CLIMATE RECORD PERIOD 1945 TO 2015


WEATHER ITEM   OBSERVED TIME   RECORD YEAR NORMAL DEPARTURE LAST
                VALUE   (LST)  VALUE       VALUE  FROM      YEAR
                                                  NORMAL
..................................................................
TEMPERATURE (F)
 YESTERDAY
  MAXIMUM         87   1229 PM 100    2005  86      1       88
  MINIMUM         76    801 AM  59    1962  70      6       72
  AVERAGE         82                        78      4       80

PRECIPITATION (IN)
  YESTERDAY        0.00          2.77 1960   0.15  -0.15      T
  MONTH TO DATE    1.92                      3.85  -1.93     3.73
  SINCE JUN 1      6.72                      7.79  -1.07     7.42
  SINCE JAN 1     21.77                     25.48  -3.71    31.30

SNOWFALL (IN)
  YESTERDAY        0.0          MM      MM   0.0    0.0      0.0
  MONTH TO DATE    0.0                       0.0    0.0      0.0
  SINCE OCT 1     53.8                      26.9   26.9     52.4
  SINCE JUL 1      0.0                       0.0    0.0      0.0
  SNOW DEPTH       0

DEGREE DAYS
 HEATING
  YESTERDAY        0                         0      0        0
  MONTH TO DATE    0                         0      0        0
  SINCE JUN 1     34                        16     18        0
  SINCE JUL 1      0                         0      0        0

 COOLING
  YESTERDAY       17                        13      4       15
  MONTH TO DATE  371                       336     35      345
  SINCE JUN 1    599                       567     32      577
  SINCE JAN 1    721                       633     88      627
..................................................................


WIND (MPH)
  HIGHEST WIND SPEED    20   HIGHEST WIND DIRECTION     S (170)
  HIGHEST GUST SPEED    25   HIGHEST GUST DIRECTION     S (160)
  AVERAGE WIND SPEED     9.2


SKY COVER
  AVERAGE SKY COVER 0.8


WEATHER CONDITIONS
 THE FOLLOWING WEATHER WAS RECORDED YESTERDAY.
  THUNDERSTORM


RELATIVE HUMIDITY (PERCENT)
 HIGHEST    71           900 PM
 LOWEST     51          1100 AM
 AVERAGE    61

..........................................................


THE LAGUARDIA NY CLIMATE NORMALS FOR TODAY
                         NORMAL    RECORD    YEAR
 MAXIMUM TEMPERATURE (F)   86        98      1949
 MINIMUM TEMPERATURE (F)   70        60      1984


SUNRISE AND SUNSET
JULY 28 2015..........SUNRISE   548 AM EDT   SUNSET   816 PM EDT
JULY 29 2015..........SUNRISE   549 AM EDT   SUNSET   815 PM EDT


-  INDICATES NEGATIVE NUMBERS.
R  INDICATES RECORD WAS SET OR TIED.
MM INDICATES DATA IS MISSING.
T  INDICATES TRACE AMOUNT.




$$
