000
CDUS41 KOKX 062136
CLILGA


CLIMATE REPORT
NATIONAL WEATHER SERVICE NEW YORK NY
436 PM EST FRI MAR 6 2015


...................................

...THE LAGUARDIA NY CLIMATE SUMMARY FOR MARCH 6 2015...
VALID TODAY AS OF 0400 PM LOCAL TIME.

CLIMATE NORMAL PERIOD 1981 TO 2010
CLIMATE RECORD PERIOD 1945 TO 2015


WEATHER ITEM   OBSERVED TIME   RECORD YEAR NORMAL DEPARTURE LAST
                VALUE   (LST)  VALUE       VALUE  FROM      YEAR
                                                  NORMAL
..................................................................
TEMPERATURE (F)
 TODAY
  MAXIMUM         28    340 PM  64    1976  47    -19       30
  MINIMUM         15    752 AM  14    2007  32    -17       16
                                      1948
  AVERAGE         22                        39    -17       23

PRECIPITATION (IN)
  TODAY            0.00          2.47 1979   0.12  -0.12     0.00
  MONTH TO DATE    2.05                      0.70   1.35     0.01
  SINCE MAR 1      2.05                      0.70   1.35     0.01
  SINCE JAN 1      9.13                      6.63   2.50     7.30

SNOWFALL (IN)
  TODAY            0.0           4.4  1990   0.2   -0.2      0.0
  MONTH TO DATE   12.6                       1.3   11.3      0.4
  SINCE OCT 1     49.1                      23.3   25.8     52.1
  SINCE JUL 1     49.1                      23.3   25.8     52.1
  SNOW DEPTH      11

DEGREE DAYS
 HEATING
  TODAY           43                        26     17       42
  MONTH TO DATE  205                       158     47      221
  SINCE MAR 1    205                       158     47      221
  SINCE JUL 1   3927                      3587    340     3878

 COOLING
  TODAY            0                         0      0        0
  MONTH TO DATE    0                         0      0        0
  SINCE MAR 1      0                         0      0        0
  SINCE JAN 1      0                         0      0        0
..................................................................


WIND (MPH)
  HIGHEST WIND SPEED    21   HIGHEST WIND DIRECTION    NW (330)
  HIGHEST GUST SPEED    25   HIGHEST GUST DIRECTION     N (340)
  AVERAGE WIND SPEED     6.6


SKY COVER
  AVERAGE SKY COVER 0.1


WEATHER CONDITIONS
 THE FOLLOWING WEATHER WAS RECORDED TODAY.
  NO SIGNIFICANT WEATHER WAS OBSERVED.


RELATIVE HUMIDITY (PERCENT)
 HIGHEST    59           300 AM
 LOWEST     33           200 PM
 AVERAGE    46

..........................................................


THE LAGUARDIA NY CLIMATE NORMALS FOR TOMORROW
                         NORMAL    RECORD    YEAR
 MAXIMUM TEMPERATURE (F)   47        69      2009
                                             1987
 MINIMUM TEMPERATURE (F)   32        14      2007
                                             1990
                                             1989


SUNRISE AND SUNSET
MARCH  6 2015.........SUNRISE   622 AM EST   SUNSET   552 PM EST
MARCH  7 2015.........SUNRISE   621 AM EST   SUNSET   553 PM EST


-  INDICATES NEGATIVE NUMBERS.
R  INDICATES RECORD WAS SET OR TIED.
MM INDICATES DATA IS MISSING.
T  INDICATES TRACE AMOUNT.




$$
