000
CDUS41 KOKX 100623
CLILGA


CLIMATE REPORT
NATIONAL WEATHER SERVICE NEW YORK NY
122 AM EST WED FEB 10 2016


...................................

...THE LAGUARDIA NY CLIMATE SUMMARY FOR FEBRUARY 9 2016...

CLIMATE NORMAL PERIOD 1981 TO 2010
CLIMATE RECORD PERIOD 1945 TO 2016


WEATHER ITEM   OBSERVED TIME   RECORD YEAR NORMAL DEPARTURE LAST
                VALUE   (LST)  VALUE       VALUE  FROM      YEAR
                                                  NORMAL
..................................................................
TEMPERATURE (F)
 YESTERDAY
  MAXIMUM         36    819 PM  62    1990  41     -5       31
  MINIMUM         27    610 AM   7    1979  28     -1       26
  AVERAGE         32                        34     -2       29

PRECIPITATION (IN)
  YESTERDAY        T             1.82 1969   0.09  -0.09     0.07
  MONTH TO DATE    1.11                      0.86   0.25     1.20
  SINCE DEC 1      9.61                      7.59   2.02    12.38
  SINCE JAN 1      5.28                      4.03   1.25     6.18

SNOWFALL (IN)
  YESTERDAY        T            15.7  1969   0.3   -0.3      0.2
  MONTH TO DATE    3.4                       2.9    0.5      6.9
  SINCE OCT 1     32.2                      15.8   16.4     28.3
  SINCE JUL 1     32.2                      15.8   16.4     28.3
  SNOW DEPTH       T

DEGREE DAYS
 HEATING
  YESTERDAY       33                        31      2       36
  MONTH TO DATE  207                       281    -74      340
  SINCE DEC 1   1542                      2105   -563     2172
  SINCE JUL 1   2104                      2880   -776     2926

 COOLING
  YESTERDAY        0                         0      0        0
  MONTH TO DATE    0                         0      0        0
  SINCE DEC 1      1                         0      1        0
  SINCE JAN 1      0                         0      0        0
..................................................................


WIND (MPH)
  HIGHEST WIND SPEED    16   HIGHEST WIND DIRECTION    NE (40)
  HIGHEST GUST SPEED    22   HIGHEST GUST DIRECTION    NE (60)
  AVERAGE WIND SPEED     8.0


SKY COVER
  AVERAGE SKY COVER 0.9


WEATHER CONDITIONS
 THE FOLLOWING WEATHER WAS RECORDED YESTERDAY.
  LIGHT SNOW


RELATIVE HUMIDITY (PERCENT)
 HIGHEST    78           500 AM
 LOWEST     61           100 PM
 AVERAGE    70

..........................................................


THE LAGUARDIA NY CLIMATE NORMALS FOR TODAY
                         NORMAL    RECORD    YEAR
 MAXIMUM TEMPERATURE (F)   41        60      2001
 MINIMUM TEMPERATURE (F)   28         4      1979


SUNRISE AND SUNSET
FEBRUARY 10 2016......SUNRISE   656 AM EST   SUNSET   524 PM EST
FEBRUARY 11 2016......SUNRISE   655 AM EST   SUNSET   525 PM EST


-  INDICATES NEGATIVE NUMBERS.
R  INDICATES RECORD WAS SET OR TIED.
MM INDICATES DATA IS MISSING.
T  INDICATES TRACE AMOUNT.




$$
