000
CDUS41 KOKX 030617
CLILGA


CLIMATE REPORT
NATIONAL WEATHER SERVICE NEW YORK NY
117 AM EST SAT DEC 3 2016


...................................

...THE LAGUARDIA NY CLIMATE SUMMARY FOR DECEMBER 2 2016...

CLIMATE NORMAL PERIOD 1981 TO 2010
CLIMATE RECORD PERIOD 1939 TO 2016


WEATHER ITEM   OBSERVED TIME   RECORD YEAR NORMAL DEPARTURE LAST
                VALUE   (LST)  VALUE       VALUE  FROM      YEAR
                                                  NORMAL
..................................................................
TEMPERATURE (F)
 YESTERDAY
  MAXIMUM         53    234 PM  66    1970  49      4       57
  MINIMUM         43    528 AM  17    1976  37      6       45
                                      1946
  AVERAGE         48                        43      5       51

PRECIPITATION (IN)
  YESTERDAY        0.00          2.22 1974   0.13  -0.13     0.14
  MONTH TO DATE    0.05                      0.25  -0.20     0.47
  SINCE DEC 1      0.05                      0.25  -0.20     0.47
  SINCE JAN 1     36.49                     41.42  -4.93    33.34

SNOWFALL (IN)
  YESTERDAY        0.0           1.9  1952   0.1   -0.1      0.0
  MONTH TO DATE    0.0                       0.2   -0.2      0.0
  SINCE OCT 1      T                         0.5   -0.5      0.0
  SINCE JUL 1      T                         0.5   -0.5      0.0
  SNOW DEPTH       0

DEGREE DAYS
 HEATING
  YESTERDAY       17                        22     -5       14
  MONTH TO DATE   31                        44    -13       30
  SINCE DEC 1     31                        44    -13       30
  SINCE JUL 1    569                       819   -250      592

 COOLING
  YESTERDAY        0                         0      0        0
  MONTH TO DATE    0                         0      0        0
  SINCE DEC 1      0                         0      0        0
  SINCE JAN 1   1745                      1214    531     1554
..................................................................


WIND (MPH)
  HIGHEST WIND SPEED    24   HIGHEST WIND DIRECTION     W (270)
  HIGHEST GUST SPEED    33   HIGHEST GUST DIRECTION    NW (300)
  AVERAGE WIND SPEED    16.1


SKY COVER
  AVERAGE SKY COVER 0.5


WEATHER CONDITIONS
 THE FOLLOWING WEATHER WAS RECORDED YESTERDAY.
  NO SIGNIFICANT WEATHER WAS OBSERVED.


RELATIVE HUMIDITY (PERCENT)
 HIGHEST    57           300 AM
 LOWEST     38           100 PM
 AVERAGE    48

..........................................................


THE LAGUARDIA NY CLIMATE NORMALS FOR TODAY
                         NORMAL    RECORD    YEAR
 MAXIMUM TEMPERATURE (F)   48        69      1998
 MINIMUM TEMPERATURE (F)   36        11      1976


SUNRISE AND SUNSET
DECEMBER  3 2016......SUNRISE   703 AM EST   SUNSET   428 PM EST
DECEMBER  4 2016......SUNRISE   704 AM EST   SUNSET   428 PM EST


-  INDICATES NEGATIVE NUMBERS.
R  INDICATES RECORD WAS SET OR TIED.
MM INDICATES DATA IS MISSING.
T  INDICATES TRACE AMOUNT.




$$
