000
CDUS41 KOKX 250626
CLILGA


CLIMATE REPORT
NATIONAL WEATHER SERVICE NEW YORK NY
225 AM EDT MON SEP 25 2017


...................................

...THE LAGUARDIA NY CLIMATE SUMMARY FOR SEPTEMBER 24 2017...

CLIMATE NORMAL PERIOD 1981 TO 2010
CLIMATE RECORD PERIOD 1939 TO 2017


WEATHER ITEM   OBSERVED TIME   RECORD YEAR NORMAL DEPARTURE LAST
                VALUE   (LST)  VALUE       VALUE  FROM      YEAR
                                                  NORMAL
..................................................................
TEMPERATURE (F)
 YESTERDAY
  MAXIMUM         91R   338 PM  89    1959  73     18       72
  MINIMUM         71    602 AM  44    1974  59     12       59
                                      1963
                                      1950
  AVERAGE         81                        66     15       66

PRECIPITATION (IN)
  YESTERDAY        0.00          1.34 1975   0.12  -0.12     0.20
  MONTH TO DATE    1.84                      2.93  -1.09     1.99
  SINCE SEP 1      1.84                      2.93  -1.09     1.99
  SINCE JAN 1     34.83                     33.18   1.65    25.71

SNOWFALL (IN)
  YESTERDAY        0.0          MM      MM   0.0    0.0      0.0
  MONTH TO DATE    0.0                       0.0    0.0      0.0
  SINCE OCT 1     33.2                      26.9    6.3     36.2
  SINCE JUL 1      0.0                       0.0    0.0      0.0
  SNOW DEPTH       0

DEGREE DAYS
 HEATING
  YESTERDAY        0                         2     -2        0
  MONTH TO DATE    5                        16    -11        0
  SINCE SEP 1      5                        16    -11        0
  SINCE JUL 1      5                        17    -12        0

 COOLING
  YESTERDAY       16                         3     13        1
  MONTH TO DATE  172                       144     28      269
  SINCE SEP 1    172                       144     28      269
  SINCE JAN 1   1303                      1177    126     1686
..................................................................


WIND (MPH)
  HIGHEST WIND SPEED    12   HIGHEST WIND DIRECTION     E (70)
  HIGHEST GUST SPEED    15   HIGHEST GUST DIRECTION     E (80)
  AVERAGE WIND SPEED     4.4


SKY COVER
  AVERAGE SKY COVER 0.1


WEATHER CONDITIONS
 THE FOLLOWING WEATHER WAS RECORDED YESTERDAY.
  NO SIGNIFICANT WEATHER WAS OBSERVED.


RELATIVE HUMIDITY (PERCENT)
 HIGHEST    73           200 AM
 LOWEST     44           200 PM
 AVERAGE    59

..........................................................


THE LAGUARDIA NY CLIMATE NORMALS FOR TODAY
                         NORMAL    RECORD    YEAR
 MAXIMUM TEMPERATURE (F)   73        90      2010
                                             1970
 MINIMUM TEMPERATURE (F)   59        42      1950


SUNRISE AND SUNSET
SEPTEMBER 25 2017.....SUNRISE   646 AM EDT   SUNSET   647 PM EDT
SEPTEMBER 26 2017.....SUNRISE   647 AM EDT   SUNSET   646 PM EDT


-  INDICATES NEGATIVE NUMBERS.
R  INDICATES RECORD WAS SET OR TIED.
MM INDICATES DATA IS MISSING.
T  INDICATES TRACE AMOUNT.




$$
