000
CDUS41 KOKX 250620
CLILGA


CLIMATE REPORT
NATIONAL WEATHER SERVICE NEW YORK NY
117 AM EST SAT FEB 25 2017


...................................

...THE LAGUARDIA NY CLIMATE SUMMARY FOR FEBRUARY 24 2017...

CLIMATE NORMAL PERIOD 1981 TO 2010
CLIMATE RECORD PERIOD 1939 TO 2017


WEATHER ITEM   OBSERVED TIME   RECORD YEAR NORMAL DEPARTURE LAST
                VALUE   (LST)  VALUE       VALUE  FROM      YEAR
                                                  NORMAL
..................................................................
TEMPERATURE (F)
 YESTERDAY
  MAXIMUM         70    100 PM  73    1985  44     26       61
  MINIMUM         49    516 AM   6    2015  30     19       36
  AVERAGE         60                        37     23       49

PRECIPITATION (IN)
  YESTERDAY        0.00          1.70 1975   0.11  -0.11     1.55
  MONTH TO DATE    1.55                      2.33  -0.78     4.27
  SINCE DEC 1      8.63                      9.06  -0.43    12.77
  SINCE JAN 1      5.68                      5.50   0.18     8.44

SNOWFALL (IN)
  YESTERDAY        0.0           4.2  1966   0.3   -0.3     MM
  MONTH TO DATE   10.3                       8.0    2.3      5.6
  SINCE OCT 1     23.4                      20.9    2.5     34.4
  SINCE JUL 1     23.4                      20.9    2.5     34.4
  SNOW DEPTH       0

DEGREE DAYS
 HEATING
  YESTERDAY        5                        28    -23       16
  MONTH TO DATE  549                       720   -171      662
  SINCE DEC 1   2085                      2544   -459     1997
  SINCE JUL 1   2623                      3319   -696     2559

 COOLING
  YESTERDAY        0                         0      0        0
  MONTH TO DATE    0                         0      0        0
  SINCE DEC 1      0                         0      0        1
  SINCE JAN 1      0                         0      0        0
..................................................................


WIND (MPH)
  HIGHEST WIND SPEED    25   HIGHEST WIND DIRECTION     S (180)
  HIGHEST GUST SPEED    32   HIGHEST GUST DIRECTION     S (180)
  AVERAGE WIND SPEED    10.0


SKY COVER
  AVERAGE SKY COVER 0.4


WEATHER CONDITIONS
 THE FOLLOWING WEATHER WAS RECORDED YESTERDAY.
  FOG


RELATIVE HUMIDITY (PERCENT)
 HIGHEST    93          1100 PM
 LOWEST     55           100 PM
 AVERAGE    74

..........................................................


THE LAGUARDIA NY CLIMATE NORMALS FOR TODAY
                         NORMAL    RECORD    YEAR
 MAXIMUM TEMPERATURE (F)   44        68      1976
 MINIMUM TEMPERATURE (F)   30        12      1990


SUNRISE AND SUNSET
FEBRUARY 25 2017......SUNRISE   635 AM EST   SUNSET   542 PM EST
FEBRUARY 26 2017......SUNRISE   634 AM EST   SUNSET   544 PM EST


-  INDICATES NEGATIVE NUMBERS.
R  INDICATES RECORD WAS SET OR TIED.
MM INDICATES DATA IS MISSING.
T  INDICATES TRACE AMOUNT.




$$
