000
CDUS46 KLOX 240904
CLILGB


CLIMATE REPORT
NATIONAL WEATHER SERVICE LOS ANGELES/OXNARD CA
204 AM PDT THU APR 24 2014


...................................

...THE LONG BEACH AIRPORT CA CLIMATE SUMMARY FOR APRIL 23 2014...

CLIMATE NORMAL PERIOD 1981 TO 2010
CLIMATE RECORD PERIOD 1958 TO 2014


WEATHER ITEM   OBSERVED TIME   RECORD YEAR NORMAL DEPARTURE LAST
                VALUE   (LST)  VALUE       VALUE  FROM      YEAR
                                                  NORMAL
..................................................................
TEMPERATURE (F)
 YESTERDAY
  MAXIMUM         74    258 PM  90    1996  73      1       70
  MINIMUM         55    536 AM  44    1967  54      1       57
  AVERAGE         65                        63      2       64

PRECIPITATION (IN)
  YESTERDAY        0.00          0.07 1988   0.02  -0.02     0.00
  MONTH TO DATE    0.20                      0.51  -0.31     0.01
  SINCE JUL 1      4.33                     11.89  -7.56     6.00
  SINCE JAN 1      3.02                      8.07  -5.05     2.20

SNOWFALL (IN)
  YESTERDAY        0.0
  MONTH TO DATE    0.0
  SINCE MAR 1      0.0
  SINCE JUL 1      0.0

DEGREE DAYS
 HEATING
  YESTERDAY        0                         3     -3        1
  MONTH TO DATE   43                        88    -45       37
  SINCE MAR 1    121                       267   -146      157
  SINCE JUL 1    699                      1158   -459     1021

 COOLING
  YESTERDAY        0                         1     -1        0
  MONTH TO DATE   38                        23     15       12
  SINCE MAR 1     61                        33     28       19
  SINCE JAN 1     76                        41     35       24
..................................................................


WIND (MPH)
  HIGHEST WIND SPEED    14   HIGHEST WIND DIRECTION    NW (300)
  HIGHEST GUST SPEED    MM   HIGHEST GUST DIRECTION    MM
  AVERAGE WIND SPEED     4.5


SKY COVER
  POSSIBLE SUNSHINE  MM
  AVERAGE SKY COVER 0.3


WEATHER CONDITIONS
 THE FOLLOWING WEATHER WAS RECORDED YESTERDAY.
  HAZE


RELATIVE HUMIDITY (PERCENT)
 HIGHEST    83           400 AM
 LOWEST     26           500 PM
 AVERAGE    55

..........................................................


THE LONG BEACH AIRPORT CA CLIMATE NORMALS FOR TODAY
                         NORMAL    RECORD    YEAR
 MAXIMUM TEMPERATURE (F)   73        93      2001
 MINIMUM TEMPERATURE (F)   54        43      1960


SUNRISE AND SUNSET
APRIL 24 2014.........SUNRISE   611 AM PDT   SUNSET   731 PM PDT
APRIL 25 2014.........SUNRISE   610 AM PDT   SUNSET   731 PM PDT


-  INDICATES NEGATIVE NUMBERS.
R  INDICATES RECORD WAS SET OR TIED.
MM INDICATES DATA IS MISSING.
T  INDICATES TRACE AMOUNT.




$$
