000
CDUS46 KLOX 220903
CLILGB


CLIMATE REPORT
NATIONAL WEATHER SERVICE LOS ANGELES/OXNARD CA
203 AM PDT TUE JUL 22 2014


...................................

...THE LONG BEACH AIRPORT CA CLIMATE SUMMARY FOR JULY 21 2014...

CLIMATE NORMAL PERIOD 1981 TO 2010
CLIMATE RECORD PERIOD 1958 TO 2014


WEATHER ITEM   OBSERVED TIME   RECORD YEAR NORMAL DEPARTURE LAST
                VALUE   (LST)  VALUE       VALUE  FROM      YEAR
                                                  NORMAL
..................................................................
TEMPERATURE (F)
 YESTERDAY
  MAXIMUM         82   1213 PM  97    1960  83     -1       71
  MINIMUM         66    500 AM  55    1965  65      1       66
  AVERAGE         74                        74      0       69

PRECIPITATION (IN)
  YESTERDAY        0.00          T    1986   0.00   0.00      T
                                      1986
                                      2013
  MONTH TO DATE    0.01                      0.02  -0.01     0.03
  SINCE JUL 1      0.01                      0.02  -0.01     0.03
  SINCE JAN 1      3.20                      8.46  -5.26     2.90

SNOWFALL (IN)
  YESTERDAY        0.0
  MONTH TO DATE    0.0
  SINCE JUN 1      0.0
  SINCE JUL 1      0.0

DEGREE DAYS
 HEATING
  YESTERDAY        0                         0      0        0
  MONTH TO DATE    0                         0      0        0
  SINCE JUN 1      0                         6     -6        0
  SINCE JUL 1      0                         0      0        0

 COOLING
  YESTERDAY        9                         9      0        4
  MONTH TO DATE  196                       165     31      173
  SINCE JUN 1    342                       286     56      334
  SINCE JAN 1    611                       389    222      483
..................................................................


WIND (MPH)
  HIGHEST WIND SPEED    18   HIGHEST WIND DIRECTION    NW (310)
  HIGHEST GUST SPEED    22   HIGHEST GUST DIRECTION    NW (310)
  AVERAGE WIND SPEED     6.7


SKY COVER
  POSSIBLE SUNSHINE  MM
  AVERAGE SKY COVER 0.2


WEATHER CONDITIONS
 THE FOLLOWING WEATHER WAS RECORDED YESTERDAY.
  NO SIGNIFICANT WEATHER WAS OBSERVED.


RELATIVE HUMIDITY (PERCENT)
 HIGHEST    87           100 AM
 LOWEST     54          1200 PM
 AVERAGE    71

..........................................................


THE LONG BEACH AIRPORT CA CLIMATE NORMALS FOR TODAY
                         NORMAL    RECORD    YEAR
 MAXIMUM TEMPERATURE (F)   83       101      2006
 MINIMUM TEMPERATURE (F)   65        56      1965


SUNRISE AND SUNSET
JULY 22 2014..........SUNRISE   557 AM PDT   SUNSET   800 PM PDT
JULY 23 2014..........SUNRISE   558 AM PDT   SUNSET   800 PM PDT


-  INDICATES NEGATIVE NUMBERS.
R  INDICATES RECORD WAS SET OR TIED.
MM INDICATES DATA IS MISSING.
T  INDICATES TRACE AMOUNT.




$$
