000
CDUS46 KLOX 280118
CLILGB


CLIMATE REPORT
NATIONAL WEATHER SERVICE LOS ANGELES/OXNARD CA
518 PM PST THU NOV 27 2014


...................................

...THE LONG BEACH AIRPORT CA CLIMATE SUMMARY FOR NOVEMBER 27 2014...
VALID TODAY AS OF 0500 PM LOCAL TIME.

CLIMATE NORMAL PERIOD 1981 TO 2010
CLIMATE RECORD PERIOD 1958 TO 2014


WEATHER ITEM   OBSERVED TIME   RECORD YEAR NORMAL DEPARTURE LAST
                VALUE   (LST)  VALUE       VALUE  FROM      YEAR
                                                  NORMAL
..................................................................
TEMPERATURE (F)
 TODAY
  MAXIMUM         90R   154 PM  86    2011  69     21       73
                                      1969
  MINIMUM         51    606 AM  38    2010  48      3       51
                                      1994
  AVERAGE         71                        59     12       62

PRECIPITATION (IN)
  TODAY            0.00          1.24 1981   0.05  -0.05     0.00
  MONTH TO DATE    0.16                      0.87  -0.71     0.37
  SINCE JUL 1      0.53                      1.74  -1.21     0.56
  SINCE JAN 1      3.72                     10.18  -6.46     3.43

SNOWFALL (IN)
  TODAY            0.0
  MONTH TO DATE    0.0
  SINCE SEP 1      0.0
  SINCE JUL 1      0.0

DEGREE DAYS
 HEATING
  TODAY            0                         7     -7        3
  MONTH TO DATE   29                       107    -78       59
  SINCE SEP 1     29                       128    -99       83
  SINCE JUL 1     29                       128    -99       83

 COOLING
  TODAY            6                         0      6        0
  MONTH TO DATE   50                        19     31       39
  SINCE SEP 1    632                       355    277      417
  SINCE JAN 1   1702                      1123    579     1227
..................................................................


WIND (MPH)
  HIGHEST WIND SPEED     9   HIGHEST WIND DIRECTION    NW (300)
  HIGHEST GUST SPEED    12   HIGHEST GUST DIRECTION     W (290)
  AVERAGE WIND SPEED     2.6


SKY COVER
  POSSIBLE SUNSHINE  MM
  AVERAGE SKY COVER 0.0


WEATHER CONDITIONS
 THE FOLLOWING WEATHER WAS RECORDED TODAY.
  NO SIGNIFICANT WEATHER WAS OBSERVED.


RELATIVE HUMIDITY (PERCENT)
 HIGHEST    51           300 AM
 LOWEST      9           100 PM
 AVERAGE    30

..........................................................


THE LONG BEACH AIRPORT CA CLIMATE NORMALS FOR TOMORROW
                         NORMAL    RECORD    YEAR
 MAXIMUM TEMPERATURE (F)   69        83      1980
 MINIMUM TEMPERATURE (F)   48        39      1976


SUNRISE AND SUNSET
NOVEMBER 27 2014......SUNRISE   636 AM PST   SUNSET   444 PM PST
NOVEMBER 28 2014......SUNRISE   637 AM PST   SUNSET   444 PM PST


-  INDICATES NEGATIVE NUMBERS.
R  INDICATES RECORD WAS SET OR TIED.
MM INDICATES DATA IS MISSING.
T  INDICATES TRACE AMOUNT.




$$
