000
CDUS46 KLOX 201121
CLILGB


CLIMATE REPORT
NATIONAL WEATHER SERVICE LOS ANGELES/OXNARD CA
321 AM PST MON FEB 20 2017


...................................

...THE LONG BEACH AIRPORT CA CLIMATE SUMMARY FOR FEBRUARY 19 2017...

CLIMATE NORMAL PERIOD 1981 TO 2010
CLIMATE RECORD PERIOD 1958 TO 2017


WEATHER ITEM   OBSERVED TIME   RECORD YEAR NORMAL DEPARTURE LAST
                VALUE   (LST)  VALUE       VALUE  FROM      YEAR
                                                  NORMAL
..................................................................
TEMPERATURE (F)
 YESTERDAY
  MAXIMUM         61    323 PM  91    1995  67     -6       67
  MINIMUM         49    425 AM  36    1990  48      1       49
  AVERAGE         55                        58     -3       58

PRECIPITATION (IN)
  YESTERDAY        0.01          1.72 2005   0.12  -0.11     0.00
  MONTH TO DATE    4.54                      2.07   2.47     0.61
  SINCE OCT 1     19.07                      8.25  10.82     3.90
  SINCE JAN 1     13.87                      4.67   9.20     2.90

SNOWFALL (IN)
  YESTERDAY       MM
  MONTH TO DATE    0.0
  SINCE DEC 1      0.0
  SINCE JUL 1      0.0

DEGREE DAYS
 HEATING
  YESTERDAY       10                         7      3        7
  MONTH TO DATE  103                       150    -47       71
  SINCE DEC 1    611                       680    -69      537
  SINCE JUL 1    691                       829   -138      629

 COOLING
  YESTERDAY        0                         0      0        0
  MONTH TO DATE    1                         0      1       39
  SINCE DEC 1      2                         4     -2       45
  SINCE JAN 1      1                         3     -2       39
..................................................................


WIND (MPH)
  HIGHEST WIND SPEED    12   HIGHEST WIND DIRECTION     S (190)
  HIGHEST GUST SPEED    17   HIGHEST GUST DIRECTION     S (200)
  AVERAGE WIND SPEED     4.0


SKY COVER
  POSSIBLE SUNSHINE  MM
  AVERAGE SKY COVER 0.7


WEATHER CONDITIONS
 THE FOLLOWING WEATHER WAS RECORDED YESTERDAY.
  LIGHT RAIN
  FOG
  HAZE


RELATIVE HUMIDITY (PERCENT)
 HIGHEST    96          1200 AM
 LOWEST     62           100 PM
 AVERAGE    79

..........................................................


THE LONG BEACH AIRPORT CA CLIMATE NORMALS FOR TODAY
                         NORMAL    RECORD    YEAR
 MAXIMUM TEMPERATURE (F)   67        91      1995
 MINIMUM TEMPERATURE (F)   49        38      1990


SUNRISE AND SUNSET
FEBRUARY 20 2017......SUNRISE   631 AM PST   SUNSET   542 PM PST
FEBRUARY 21 2017......SUNRISE   630 AM PST   SUNSET   543 PM PST


-  INDICATES NEGATIVE NUMBERS.
R  INDICATES RECORD WAS SET OR TIED.
MM INDICATES DATA IS MISSING.
T  INDICATES TRACE AMOUNT.




$$
