000
CDUS46 KLOX 030856
CLILGB


CLIMATE REPORT
NATIONAL WEATHER SERVICE LOS ANGELES/OXNARD CA
156 AM PDT FRI JUL 3 2015


...................................

...THE LONG BEACH AIRPORT CA CLIMATE SUMMARY FOR JULY 2 2015...

CLIMATE NORMAL PERIOD 1981 TO 2010
CLIMATE RECORD PERIOD 1958 TO 2015


WEATHER ITEM   OBSERVED TIME   RECORD YEAR NORMAL DEPARTURE LAST
                VALUE   (LST)  VALUE       VALUE  FROM      YEAR
                                                  NORMAL
..................................................................
TEMPERATURE (F)
 YESTERDAY
  MAXIMUM         88    238 PM 102    1985  80      8       81
  MINIMUM         68   1159 PM  52    1962  63      5       65
  AVERAGE         78                        72      6       73

PRECIPITATION (IN)
  YESTERDAY        T   R         T    1980   0.00   0.00     0.00
                                      1979
                                      1970
  MONTH TO DATE    T                         0.00   0.00     0.00
  SINCE OCT 1      7.86                     12.02  -4.16     4.43
  SINCE JAN 1      2.60                      8.44  -5.84     3.19

SNOWFALL (IN)
  YESTERDAY        0.0
  MONTH TO DATE    0.0
  SINCE JUN 1      0.0
  SINCE JUL 1      0.0

DEGREE DAYS
 HEATING
  YESTERDAY        0                         0      0        0
  MONTH TO DATE    0                         0      0        0
  SINCE JUN 1      0                         6     -6        0
  SINCE JUL 1      0                         0      0        0

 COOLING
  YESTERDAY       13                         7      6        8
  MONTH TO DATE   26                        14     12       16
  SINCE JUN 1    237                       135    102      162
  SINCE JAN 1    493                       238    255      431
..................................................................


WIND (MPH)
  HIGHEST WIND SPEED    15   HIGHEST WIND DIRECTION     W (290)
  HIGHEST GUST SPEED    19   HIGHEST GUST DIRECTION    NW (300)
  AVERAGE WIND SPEED     7.0


SKY COVER
  POSSIBLE SUNSHINE  MM
  AVERAGE SKY COVER 0.1


WEATHER CONDITIONS
 THE FOLLOWING WEATHER WAS RECORDED YESTERDAY.
  LIGHT RAIN


RELATIVE HUMIDITY (PERCENT)
 HIGHEST    79           200 AM
 LOWEST     39           200 PM
 AVERAGE    59

..........................................................


THE LONG BEACH AIRPORT CA CLIMATE NORMALS FOR TODAY
                         NORMAL    RECORD    YEAR
 MAXIMUM TEMPERATURE (F)   80       100      1981
 MINIMUM TEMPERATURE (F)   63        55      1963
                                             1960


SUNRISE AND SUNSET
JULY  3 2015..........SUNRISE   546 AM PDT   SUNSET   807 PM PDT
JULY  4 2015..........SUNRISE   547 AM PDT   SUNSET   807 PM PDT


-  INDICATES NEGATIVE NUMBERS.
R  INDICATES RECORD WAS SET OR TIED.
MM INDICATES DATA IS MISSING.
T  INDICATES TRACE AMOUNT.




$$
