000
CDUS46 KLOX 240902
CLILGB


CLIMATE REPORT
NATIONAL WEATHER SERVICE LOS ANGELES/OXNARD CA
102 AM PST SAT FEB 24 2018


...................................

...THE LONG BEACH AIRPORT CA CLIMATE SUMMARY FOR FEBRUARY 23 2018...

CLIMATE NORMAL PERIOD 1981 TO 2010
CLIMATE RECORD PERIOD 1958 TO 2018


WEATHER ITEM   OBSERVED TIME   RECORD YEAR NORMAL DEPARTURE LAST
                VALUE   (LST)  VALUE       VALUE  FROM      YEAR
                                                  NORMAL
..................................................................
TEMPERATURE (F)
 YESTERDAY
  MAXIMUM         61   1202 PM  88    1986  67     -6       63
  MINIMUM         47    553 AM  39    2001  49     -2       48
  AVERAGE         54                        58     -4       56

PRECIPITATION (IN)
  YESTERDAY        0.00          1.68 1969   0.11  -0.11     0.00
  MONTH TO DATE    0.07                      2.55  -2.48     4.66
  SINCE OCT 1      1.62                      8.73  -7.11    19.19
  SINCE JAN 1      1.55                      5.15  -3.60    13.99

SNOWFALL (IN)
  YESTERDAY        0.0
  MONTH TO DATE    0.0
  SINCE DEC 1      0.0
  SINCE JUL 1      0.0

DEGREE DAYS
 HEATING
  YESTERDAY       11                         7      4        9
  MONTH TO DATE  108                       178    -70      128
  SINCE DEC 1    341                       708   -367      636
  SINCE JUL 1    365                       857   -492      716

 COOLING
  YESTERDAY        0                         0      0        0
  MONTH TO DATE   11                         0     11        1
  SINCE DEC 1     56                         4     52        2
  SINCE JAN 1     40                         3     37        1
..................................................................


WIND (MPH)
  HIGHEST WIND SPEED    30   HIGHEST WIND DIRECTION    NW (330)
  HIGHEST GUST SPEED    36   HIGHEST GUST DIRECTION    NW (320)
  AVERAGE WIND SPEED    12.4


SKY COVER
  POSSIBLE SUNSHINE  MM
  AVERAGE SKY COVER 0.0


WEATHER CONDITIONS
 THE FOLLOWING WEATHER WAS RECORDED YESTERDAY.
  HAZE


RELATIVE HUMIDITY (PERCENT)
 HIGHEST    68          1200 AM
 LOWEST     21           500 PM
 AVERAGE    45

..........................................................


THE LONG BEACH AIRPORT CA CLIMATE NORMALS FOR TODAY
                         NORMAL    RECORD    YEAR
 MAXIMUM TEMPERATURE (F)   67        91      1986
 MINIMUM TEMPERATURE (F)   49        40      2007
                                             1987


SUNRISE AND SUNSET
FEBRUARY 24 2018......SUNRISE   627 AM PST   SUNSET   545 PM PST
FEBRUARY 25 2018......SUNRISE   626 AM PST   SUNSET   546 PM PST


-  INDICATES NEGATIVE NUMBERS.
R  INDICATES RECORD WAS SET OR TIED.
MM INDICATES DATA IS MISSING.
T  INDICATES TRACE AMOUNT.




$$
