000
CDUS46 KLOX 260128
CLILGB


CLIMATE REPORT
NATIONAL WEATHER SERVICE LOS ANGELES/OXNARD CA
627 PM PDT TUE APR 25 2017


...................................

...THE LONG BEACH AIRPORT CA CLIMATE SUMMARY FOR APRIL 25 2017...
VALID TODAY AS OF 0600 PM LOCAL TIME.

CLIMATE NORMAL PERIOD 1981 TO 2010
CLIMATE RECORD PERIOD 1958 TO 2017


WEATHER ITEM   OBSERVED TIME   RECORD YEAR NORMAL DEPARTURE LAST
                VALUE   (LST)  VALUE       VALUE  FROM      YEAR
                                                  NORMAL
..................................................................
TEMPERATURE (F)
 TODAY
  MAXIMUM         77   1052 AM  91    2004  73      4       68
  MINIMUM         57    524 AM  44    1974  55      2       55
                                      1960
  AVERAGE         67                        64      3       62

PRECIPITATION (IN)
  TODAY            0.00          0.67 1959   0.02  -0.02     0.00
  MONTH TO DATE    0.18                      0.54  -0.36     0.08
  SINCE OCT 1     19.58                     11.68   7.90     4.90
  SINCE JAN 1     14.38                      8.10   6.28     3.90

SNOWFALL (IN)
  TODAY            0.0
  MONTH TO DATE    0.0
  SINCE MAR 1      0.0
  SINCE JUL 1      0.0

DEGREE DAYS
 HEATING
  TODAY            0                         3     -3        3
  MONTH TO DATE   29                        94    -65       20
  SINCE MAR 1     99                       273   -174      120
  SINCE JUL 1    877                      1164   -287      763

 COOLING
  TODAY            2                         1      1        0
  MONTH TO DATE   34                        25      9       62
  SINCE MAR 1     60                        35     25       69
  SINCE JAN 1     61                        43     18      116
..................................................................


WIND (MPH)
  HIGHEST WIND SPEED    24   HIGHEST WIND DIRECTION    NW (310)
  HIGHEST GUST SPEED    30   HIGHEST GUST DIRECTION    NW (320)
  AVERAGE WIND SPEED     7.7


SKY COVER
  POSSIBLE SUNSHINE  MM
  AVERAGE SKY COVER 0.0


WEATHER CONDITIONS
 THE FOLLOWING WEATHER WAS RECORDED TODAY.
  NO SIGNIFICANT WEATHER WAS OBSERVED.


RELATIVE HUMIDITY (PERCENT)
 HIGHEST    80           100 AM
 LOWEST     18          1100 AM
 AVERAGE    49

..........................................................


THE LONG BEACH AIRPORT CA CLIMATE NORMALS FOR TOMORROW
                         NORMAL    RECORD    YEAR
 MAXIMUM TEMPERATURE (F)   73       101      2004
 MINIMUM TEMPERATURE (F)   55        45      1967
                                             1964
                                             1960


SUNRISE AND SUNSET
APRIL 25 2017.........SUNRISE   610 AM PDT   SUNSET   732 PM PDT
APRIL 26 2017.........SUNRISE   609 AM PDT   SUNSET   732 PM PDT


-  INDICATES NEGATIVE NUMBERS.
R  INDICATES RECORD WAS SET OR TIED.
MM INDICATES DATA IS MISSING.
T  INDICATES TRACE AMOUNT.




$$
