000
CDHW41 PHFO 291245
CLILIH


CLIMATE REPORT
NATIONAL WEATHER SERVICE HONOLULU HI
245 AM HST MON AUG 29 2016


...................................

...THE LIHUE HI CLIMATE SUMMARY FOR AUGUST 28 2016...

CLIMATE NORMAL PERIOD 1981 TO 2010
CLIMATE RECORD PERIOD 1946 TO 2016


WEATHER ITEM   OBSERVED TIME   RECORD YEAR NORMAL DEPARTURE LAST
                VALUE   (LST)  VALUE       VALUE  FROM      YEAR
                                                  NORMAL
..................................................................
TEMPERATURE (F)
 YESTERDAY
  MAXIMUM         86    250 PM  89    2013  85      1       87
  MINIMUM         74    622 AM  68    2013  75     -1       75
                                      1979
                                      1964
  AVERAGE         80                        80      0       81

PRECIPITATION (IN)
  YESTERDAY        0.12          1.37 2015   0.06   0.06     1.37
  MONTH TO DATE    1.47                      1.95  -0.48     8.76
  SINCE JUN 1      4.25                      5.43  -1.18    10.16
  SINCE JAN 1     10.69                     21.27 -10.58    16.05

SNOWFALL (IN)
  YESTERDAY        0.0
  MONTH TO DATE    0.0
  SINCE JUN 1      0.0
  SINCE JUL 1      0.0
  SNOW DEPTH       0

DEGREE DAYS
 HEATING
  YESTERDAY        0                         0      0        0
  MONTH TO DATE    0                         0      0        0
  SINCE JUN 1      0                         0      0        0
  SINCE JUL 1      0                         0      0        0

 COOLING
  YESTERDAY       15                        15      0       16
  MONTH TO DATE  439                       419     20      466
  SINCE JUN 1   1203                      1252    -49     1310
  SINCE JAN 1   2605                      2491    114     2729
..................................................................


WIND (MPH)
  HIGHEST WIND SPEED    23   HIGHEST WIND DIRECTION    NE (40)
  HIGHEST GUST SPEED    28   HIGHEST GUST DIRECTION     E (70)
  AVERAGE WIND SPEED    16.6


SKY COVER
  POSSIBLE SUNSHINE  MM
  AVERAGE SKY COVER 0.7


WEATHER CONDITIONS
 THE FOLLOWING WEATHER WAS RECORDED YESTERDAY.
  HEAVY RAIN
  RAIN
  LIGHT RAIN
  FOG
  HAZE


RELATIVE HUMIDITY (PERCENT)
 HIGHEST    79           300 AM
 LOWEST     59           100 PM
 AVERAGE    69

..........................................................


THE LIHUE HI CLIMATE NORMALS FOR TODAY
                         NORMAL    RECORD    YEAR
 MAXIMUM TEMPERATURE (F)   85        88      1996
                                             1987
                                             1981
 MINIMUM TEMPERATURE (F)   75        67      1964


SUNRISE AND SUNSET
AUGUST 29 2016........SUNRISE   620 AM HST   SUNSET   656 PM HST
AUGUST 30 2016........SUNRISE   620 AM HST   SUNSET   655 PM HST


-  INDICATES NEGATIVE NUMBERS.
R  INDICATES RECORD WAS SET OR TIED.
MM INDICATES DATA IS MISSING.
T  INDICATES TRACE AMOUNT.




$$
