000
CDHW41 PHFO 020240
CLILIH


CLIMATE REPORT
NATIONAL WEATHER SERVICE HONOLULU HI
440 PM HST SUN FEB 1 2015


...................................

...THE LIHUE HI CLIMATE SUMMARY FOR FEBRUARY 1 2015...
VALID TODAY AS OF 0400 PM LOCAL TIME.

CLIMATE NORMAL PERIOD 1981 TO 2010
CLIMATE RECORD PERIOD 1946 TO 2015


WEATHER ITEM   OBSERVED TIME   RECORD YEAR NORMAL DEPARTURE LAST
                VALUE   (LST)  VALUE       VALUE  FROM      YEAR
                                                  NORMAL
..................................................................
TEMPERATURE (F)
 TODAY
  MAXIMUM         79    132 PM  84    1981  78      1       81
  MINIMUM         64    719 AM  54    1985  65     -1       69
  AVERAGE         72                        72      0       75

PRECIPITATION (IN)
  TODAY            0.00          3.59 1975   0.12  -0.12     0.28
  MONTH TO DATE    0.00                      0.12  -0.12     0.28
  SINCE DEC 1      2.56                      9.07  -6.51     7.27
  SINCE JAN 1      1.16                      3.87  -2.71     1.99

SNOWFALL (IN)
  TODAY            0.0
  MONTH TO DATE    0.0
  SINCE DEC 1      0.0
  SINCE JUL 1      0.0
  SNOW DEPTH       0

DEGREE DAYS
 HEATING
  TODAY            0                         0      0        0
  MONTH TO DATE    0                         0      0        0
  SINCE DEC 1      0                         0      0        0
  SINCE JUL 1      0                         0      0        0

 COOLING
  TODAY            7                         7      0       10
  MONTH TO DATE    7                         7      0       10
  SINCE DEC 1    431                       470    -39      491
  SINCE JAN 1    215                       216     -1      206
..................................................................


WIND (MPH)
  HIGHEST WIND SPEED    10   HIGHEST WIND DIRECTION     E (100)
  HIGHEST GUST SPEED    13   HIGHEST GUST DIRECTION    NE (60)
  AVERAGE WIND SPEED     6.3


SKY COVER
  POSSIBLE SUNSHINE  MM
  AVERAGE SKY COVER 0.6


WEATHER CONDITIONS
 THE FOLLOWING WEATHER WAS RECORDED TODAY.
  NO SIGNIFICANT WEATHER WAS OBSERVED.


RELATIVE HUMIDITY (PERCENT)
 HIGHEST    84           800 AM
 LOWEST     58           100 PM
 AVERAGE    71

..........................................................


THE LIHUE HI CLIMATE NORMALS FOR TOMORROW
                         NORMAL    RECORD    YEAR
 MAXIMUM TEMPERATURE (F)   78        84      1962
 MINIMUM TEMPERATURE (F)   65        56      1985


SUNRISE AND SUNSET
FEBRUARY  1 2015......SUNRISE   716 AM HST   SUNSET   627 PM HST
FEBRUARY  2 2015......SUNRISE   715 AM HST   SUNSET   627 PM HST


-  INDICATES NEGATIVE NUMBERS.
R  INDICATES RECORD WAS SET OR TIED.
MM INDICATES DATA IS MISSING.
T  INDICATES TRACE AMOUNT.




$$
