000
CDHW41 PHFO 021247
CLILIH


CLIMATE REPORT
NATIONAL WEATHER SERVICE
1245 PM UTC SUN AUG 2 2015


...................................

...THE LIHUE HI CLIMATE SUMMARY FOR AUGUST 1 2015...

CLIMATE NORMAL PERIOD 1981 TO 2010
CLIMATE RECORD PERIOD 1946 TO 2015


WEATHER ITEM   OBSERVED TIME   RECORD YEAR NORMAL DEPARTURE LAST
                VALUE   (LST)  VALUE       VALUE  FROM      YEAR
                                                  NORMAL
..................................................................
TEMPERATURE (F)
 YESTERDAY
  MAXIMUM         87    101 PM  89    1981  85      2       86
  MINIMUM         77   1152 PM  69    1950  75      2       77
  AVERAGE         82                        80      2       82

PRECIPITATION (IN)
  YESTERDAY        0.02          1.29 2006   0.07  -0.05     0.00
  MONTH TO DATE    0.02                      0.07  -0.05     0.00
  SINCE JUN 1      0.42                      3.55  -3.13     4.58
  SINCE JAN 1      5.69                     19.39 -13.70    20.37

SNOWFALL (IN)
  YESTERDAY        0.0
  MONTH TO DATE    0.0
  SINCE JUN 1      0.0
  SINCE JUL 1      0.0
  SNOW DEPTH      MM

DEGREE DAYS
 HEATING
  YESTERDAY        0                         0      0        0
  MONTH TO DATE    0                         0      0        0
  SINCE JUN 1      0                         0      0        0
  SINCE JUL 1      0                         0      0        0

 COOLING
  YESTERDAY       17                        14      3       17
  MONTH TO DATE   17                        14      3       17
  SINCE JUN 1    359                       847   -488      860
  SINCE JAN 1   1606                      2086   -480     2081
..................................................................


WIND (MPH)
  HIGHEST WIND SPEED    22   HIGHEST WIND DIRECTION    NE (40)
  HIGHEST GUST SPEED    25   HIGHEST GUST DIRECTION    NE (50)
  AVERAGE WIND SPEED    16.2


SKY COVER
  POSSIBLE SUNSHINE  MM
  AVERAGE SKY COVER  MM


WEATHER CONDITIONS
 THE FOLLOWING WEATHER WAS RECORDED YESTERDAY.
  NO SIGNIFICANT WEATHER WAS OBSERVED.


RELATIVE HUMIDITY (PERCENT)
 HIGHEST    MM
 LOWEST     MM
 AVERAGE    MM

..........................................................


THE LIHUE HI CLIMATE NORMALS FOR TODAY
                         NORMAL    RECORD    YEAR
 MAXIMUM TEMPERATURE (F)   85        90      1981
 MINIMUM TEMPERATURE (F)   75        69      1999
                                             1950


SUNRISE AND SUNSET
AUGUST  2 2015........SUNRISE   610 AM HST   SUNSET   717 PM HST
AUGUST  3 2015........SUNRISE   611 AM HST   SUNSET   716 PM HST


-  INDICATES NEGATIVE NUMBERS.
R  INDICATES RECORD WAS SET OR TIED.
MM INDICATES DATA IS MISSING.
T  INDICATES TRACE AMOUNT.




$$
