000
CDUS44 KLZK 200642
CLILIT


CLIMATE REPORT
NATIONAL WEATHER SERVICE LITTLE ROCK AR
1241 AM CST FRI JAN 20 2017


...................................

...THE LITTLE ROCK ADAMS FIELD CLIMATE SUMMARY FOR JANUARY 19 2017...

CLIMATE NORMAL PERIOD 1981 TO 2010
CLIMATE RECORD PERIOD 1874 TO 2017


WEATHER ITEM   OBSERVED TIME   RECORD YEAR NORMAL DEPARTURE LAST
                VALUE   (LST)  VALUE       VALUE  FROM      YEAR
                                                  NORMAL
..................................................................
TEMPERATURE (F)
 YESTERDAY
  MAXIMUM         54   1026 PM  76    1951  51      3       37
  MINIMUM         46    635 AM   0    1940  31     15       23
  AVERAGE         50                        41      9       30

PRECIPITATION (IN)
  YESTERDAY        0.36          3.01 1935   0.11   0.25      T
  MONTH TO DATE    1.21                      2.23  -1.02     1.54
  SINCE DEC 1      5.60                      7.20  -1.60     9.92
  SINCE JAN 1      1.21                      2.23  -1.02     1.54

SNOWFALL (IN)
  YESTERDAY       MM             5.0  1918   0.1   MM        0.0
  MONTH TO DATE    0.2                       1.0   -0.8       T
  SINCE DEC 1      0.2                       1.2   -1.0       T
  SINCE JUL 1      0.2                       1.2   -1.0       T
  SNOW DEPTH       0

DEGREE DAYS
 HEATING
  YESTERDAY       15                        24     -9       35
  MONTH TO DATE  391                       456    -65      457
  SINCE DEC 1   1058                      1139    -81      865
  SINCE JUL 1   1397                      1653   -256     1189

 COOLING
  YESTERDAY        0                         0      0        0
  MONTH TO DATE    0                         0      0        0
  SINCE DEC 1      2                         2      0       11
  SINCE JAN 1      0                         0      0        0
..................................................................


WIND (MPH)
  HIGHEST WIND SPEED    12   HIGHEST WIND DIRECTION    SW (210)
  HIGHEST GUST SPEED    16   HIGHEST GUST DIRECTION    SW (210)
  AVERAGE WIND SPEED     3.5


SKY COVER
  POSSIBLE SUNSHINE  MM
  AVERAGE SKY COVER 1.0


WEATHER CONDITIONS
 THE FOLLOWING WEATHER WAS RECORDED YESTERDAY.
  RAIN
  LIGHT RAIN
  FOG


RELATIVE HUMIDITY (PERCENT)
 HIGHEST   100           100 AM
 LOWEST    100           100 AM
 AVERAGE   100

..........................................................


THE LITTLE ROCK ADAMS FIELD CLIMATE NORMALS FOR TODAY
                         NORMAL    RECORD    YEAR
 MAXIMUM TEMPERATURE (F)   51        75      1972
 MINIMUM TEMPERATURE (F)   31        -2      1985


SUNRISE AND SUNSET
JANUARY 20 2017.......SUNRISE   714 AM CST   SUNSET   526 PM CST
JANUARY 21 2017.......SUNRISE   714 AM CST   SUNSET   527 PM CST


-  INDICATES NEGATIVE NUMBERS.
R  INDICATES RECORD WAS SET OR TIED.
MM INDICATES DATA IS MISSING.
T  INDICATES TRACE AMOUNT.




$$
