503
CDUS44 KLZK 220908
CLILIT


CLIMATE REPORT
NATIONAL WEATHER SERVICE LITTLE ROCK AR
408 AM CDT FRI MAY 22 2015


...................................

...THE LITTLE ROCK ADAMS FIELD CLIMATE SUMMARY FOR MAY 21 2015...

CLIMATE NORMAL PERIOD 1981 TO 2010
CLIMATE RECORD PERIOD 1874 TO 2015


WEATHER ITEM   OBSERVED TIME   RECORD YEAR NORMAL DEPARTURE LAST
                VALUE   (LST)  VALUE       VALUE  FROM      YEAR
                                                  NORMAL
..................................................................
TEMPERATURE (F)
 YESTERDAY
  MAXIMUM         68    443 PM  95    1962  82    -14       86
  MINIMUM         54   1151 PM  46    1954  63     -9       66
                                      1892
  AVERAGE         61                        73    -12       76

PRECIPITATION (IN)
  YESTERDAY        0.00          3.17 1898   0.14  -0.14     0.00
  MONTH TO DATE    5.54                      3.48   2.06     3.25
  SINCE MAR 1     19.07                     13.30   5.77    13.49
  SINCE JAN 1     25.88                     20.51   5.37    19.06

SNOWFALL (IN)
  YESTERDAY        0.0          MM      MM   0.0    0.0      0.0
  MONTH TO DATE    0.0                       0.0    0.0      0.0
  SINCE MAR 1      5.7                       0.4    5.3      2.2
  SINCE JUL 1     11.1                       3.5    7.6      6.2
  SNOW DEPTH       0

DEGREE DAYS
 HEATING
  YESTERDAY        4                         0      4        0
  MONTH TO DATE    8                        18    -10       53
  SINCE MAR 1    480                       537    -57      691
  SINCE JUL 1   3126                      3050     76     3464

 COOLING
  YESTERDAY        0                         8     -8       11
  MONTH TO DATE  150                       116     34      105
  SINCE MAR 1    240                       186     54      158
  SINCE JAN 1    240                       188     52      158
..................................................................


WIND (MPH)
  HIGHEST WIND SPEED     8   HIGHEST WIND DIRECTION     E (110)
  HIGHEST GUST SPEED     9   HIGHEST GUST DIRECTION     E (110)
  AVERAGE WIND SPEED     9.2


SKY COVER
  POSSIBLE SUNSHINE  MM
  AVERAGE SKY COVER 0.7


WEATHER CONDITIONS
 THE FOLLOWING WEATHER WAS RECORDED YESTERDAY.
  NO SIGNIFICANT WEATHER WAS OBSERVED.


RELATIVE HUMIDITY (PERCENT)
 HIGHEST    83          1000 PM
 LOWEST     49           400 PM
 AVERAGE    66

..........................................................


THE LITTLE ROCK ADAMS FIELD CLIMATE NORMALS FOR TODAY
                         NORMAL    RECORD    YEAR
 MAXIMUM TEMPERATURE (F)   83        94      2010
                                             1972
                                             1970
 MINIMUM TEMPERATURE (F)   63        44      1883


SUNRISE AND SUNSET
MAY 22 2015...........SUNRISE   601 AM CDT   SUNSET   810 PM CDT
MAY 23 2015...........SUNRISE   601 AM CDT   SUNSET   811 PM CDT


-  INDICATES NEGATIVE NUMBERS.
R  INDICATES RECORD WAS SET OR TIED.
MM INDICATES DATA IS MISSING.
T  INDICATES TRACE AMOUNT.




$$
