000
CDUS44 KLZK 261005
CLILIT


CLIMATE REPORT
NATIONAL WEATHER SERVICE LITTLE ROCK AR
404 AM CST FRI DEC 26 2014


...................................

...THE LITTLE ROCK ADAMS FIELD CLIMATE SUMMARY FOR DECEMBER 25 2014...

CLIMATE NORMAL PERIOD 1981 TO 2010
CLIMATE RECORD PERIOD 1874 TO 2014


WEATHER ITEM   OBSERVED TIME   RECORD YEAR NORMAL DEPARTURE LAST
                VALUE   (LST)  VALUE       VALUE  FROM      YEAR
                                                  NORMAL
..................................................................
TEMPERATURE (F)
 YESTERDAY
  MAXIMUM         59    250 PM  73    1942  50      9       53
  MINIMUM         30    711 AM   0    1983  32     -2       24
  AVERAGE         45                        41      4       39

PRECIPITATION (IN)
  YESTERDAY        0.00          2.35 1987   0.15  -0.15     0.00
  MONTH TO DATE    2.17                      4.14  -1.97     6.94
  SINCE DEC 1      2.17                      4.14  -1.97     6.94
  SINCE JAN 1     47.14                     48.92  -1.78    52.78

SNOWFALL (IN)
  YESTERDAY        0.0           9.0  2012   0.0    0.0      0.0
  MONTH TO DATE    0.0                       0.1   -0.1      1.2
  SINCE DEC 1      0.0                       0.1   -0.1      1.2
  SINCE JUL 1      0.1                       0.1    0.0      1.2
  SNOW DEPTH       0

DEGREE DAYS
 HEATING
  YESTERDAY       20                        24     -4       26
  MONTH TO DATE  458                       538    -80      535
  SINCE DEC 1    458                       538    -80      535
  SINCE JUL 1   1029                      1052    -23     1119

 COOLING
  YESTERDAY        0                         0      0        0
  MONTH TO DATE    0                         0      0        5
  SINCE DEC 1      0                         0      0        5
  SINCE JAN 1   2050                      2204   -154     2207
..................................................................


WIND (MPH)
  HIGHEST WIND SPEED    17   HIGHEST WIND DIRECTION     S (170)
  HIGHEST GUST SPEED    23   HIGHEST GUST DIRECTION     S (180)
  AVERAGE WIND SPEED     7.6


SKY COVER
  POSSIBLE SUNSHINE  MM
  AVERAGE SKY COVER 0.3


WEATHER CONDITIONS
 THE FOLLOWING WEATHER WAS RECORDED YESTERDAY.
  NO SIGNIFICANT WEATHER WAS OBSERVED.


RELATIVE HUMIDITY (PERCENT)
 HIGHEST    85           500 AM
 LOWEST     31           200 PM
 AVERAGE    58

..........................................................


THE LITTLE ROCK ADAMS FIELD CLIMATE NORMALS FOR TODAY
                         NORMAL    RECORD    YEAR
 MAXIMUM TEMPERATURE (F)   50        74      1889
 MINIMUM TEMPERATURE (F)   32         5      1983


SUNRISE AND SUNSET
DECEMBER 26 2014......SUNRISE   715 AM CST   SUNSET   505 PM CST
DECEMBER 27 2014......SUNRISE   715 AM CST   SUNSET   505 PM CST


-  INDICATES NEGATIVE NUMBERS.
R  INDICATES RECORD WAS SET OR TIED.
MM INDICATES DATA IS MISSING.
T  INDICATES TRACE AMOUNT.




$$
