000
CDUS44 KLZK 110646
CLILIT


CLIMATE REPORT
NATIONAL WEATHER SERVICE LITTLE ROCK AR
1245 AM CST THU FEB 11 2016


...................................

...THE LITTLE ROCK ADAMS FIELD CLIMATE SUMMARY FOR FEBRUARY 10 2016...

CLIMATE NORMAL PERIOD 1981 TO 2010
CLIMATE RECORD PERIOD 1874 TO 2016


WEATHER ITEM   OBSERVED TIME   RECORD YEAR NORMAL DEPARTURE LAST
                VALUE   (LST)  VALUE       VALUE  FROM      YEAR
                                                  NORMAL
..................................................................
TEMPERATURE (F)
 YESTERDAY
  MAXIMUM         54    446 PM  79    1954  54      0       51
  MINIMUM         27    718 AM   7    1899  33     -6       36
  AVERAGE         41                        44     -3       44

PRECIPITATION (IN)
  YESTERDAY        0.00          1.78 1998   0.12  -0.12     0.00
  MONTH TO DATE    T                         1.22  -1.22     0.55
  SINCE DEC 1     11.93                      9.74   2.19     6.68
  SINCE JAN 1      3.55                      4.77  -1.22     3.52

SNOWFALL (IN)
  YESTERDAY        0.0           3.4  1946   0.0    0.0      0.0
  MONTH TO DATE    0.0                       0.5   -0.5      0.0
  SINCE DEC 1      5.7                       2.3    3.4       T
  SINCE JUL 1      5.7                       2.3    3.4      0.1
  SNOW DEPTH       0

DEGREE DAYS
 HEATING
  YESTERDAY       24                        22      2       21
  MONTH TO DATE  187                       225    -38      202
  SINCE DEC 1   1299                      1657   -358     1531
  SINCE JUL 1   1623                      2171   -548     2102

 COOLING
  YESTERDAY        0                         0      0        0
  MONTH TO DATE    0                         0      0        0
  SINCE DEC 1     12                         3      9        0
  SINCE JAN 1      1                         1      0        0
..................................................................


WIND (MPH)
  HIGHEST WIND SPEED    18   HIGHEST WIND DIRECTION    SW (220)
  HIGHEST GUST SPEED    23   HIGHEST GUST DIRECTION     S (200)
  AVERAGE WIND SPEED     7.7


SKY COVER
  POSSIBLE SUNSHINE  MM
  AVERAGE SKY COVER 0.1


WEATHER CONDITIONS
 THE FOLLOWING WEATHER WAS RECORDED YESTERDAY.
  NO SIGNIFICANT WEATHER WAS OBSERVED.


RELATIVE HUMIDITY (PERCENT)
 HIGHEST    59          1100 PM
 LOWEST     26           100 PM
 AVERAGE    43

..........................................................


THE LITTLE ROCK ADAMS FIELD CLIMATE NORMALS FOR TODAY
                         NORMAL    RECORD    YEAR
 MAXIMUM TEMPERATURE (F)   54        78      1922
 MINIMUM TEMPERATURE (F)   33        -2      1899


SUNRISE AND SUNSET
FEBRUARY 11 2016......SUNRISE   659 AM CST   SUNSET   548 PM CST
FEBRUARY 12 2016......SUNRISE   658 AM CST   SUNSET   549 PM CST


-  INDICATES NEGATIVE NUMBERS.
R  INDICATES RECORD WAS SET OR TIED.
MM INDICATES DATA IS MISSING.
T  INDICATES TRACE AMOUNT.




$$
