000
CDUS44 KLZK 031009
CLILIT


CLIMATE REPORT
NATIONAL WEATHER SERVICE LITTLE ROCK AR
409 AM CST TUE MAR 3 2015


...................................

...THE LITTLE ROCK ADAMS FIELD CLIMATE SUMMARY FOR MARCH 2 2015...

CLIMATE NORMAL PERIOD 1981 TO 2010
CLIMATE RECORD PERIOD 1874 TO 2015


WEATHER ITEM   OBSERVED TIME   RECORD YEAR NORMAL DEPARTURE LAST
                VALUE   (LST)  VALUE       VALUE  FROM      YEAR
                                                  NORMAL
..................................................................
TEMPERATURE (F)
 YESTERDAY
  MAXIMUM         40   1207 AM  83    2012  59    -19       55
                                      1904
  MINIMUM         34   1038 AM  15    1943  39     -5       27
  AVERAGE         37                        49    -12       41

PRECIPITATION (IN)
  YESTERDAY        0.01          2.09 2014   0.14  -0.13     2.09
  MONTH TO DATE    0.20                      0.28  -0.08     2.09
  SINCE MAR 1      0.20                      0.28  -0.08     2.09
  SINCE JAN 1      7.01                      7.49  -0.48     7.66

SNOWFALL (IN)
  YESTERDAY        0.0           5.2  1971   0.0    0.0      1.8
  MONTH TO DATE    0.0                       0.0    0.0      1.8
  SINCE MAR 1      0.0                       0.0    0.0      1.8
  SINCE JUL 1      5.4                       3.1    2.3      5.8
  SNOW DEPTH       0

DEGREE DAYS
 HEATING
  YESTERDAY       28                        16     12       24
  MONTH TO DATE   58                        32     26       35
  SINCE MAR 1     58                        32     26       35
  SINCE JUL 1   2704                      2545    159     2808

 COOLING
  YESTERDAY        0                         0      0        0
  MONTH TO DATE    0                         0      0        0
  SINCE MAR 1      0                         0      0        0
  SINCE JAN 1      0                         2     -2        0
..................................................................


WIND (MPH)
  HIGHEST WIND SPEED    18   HIGHEST WIND DIRECTION    NE (50)
  HIGHEST GUST SPEED    23   HIGHEST GUST DIRECTION    NE (40)
  AVERAGE WIND SPEED     9.6


SKY COVER
  POSSIBLE SUNSHINE  MM
  AVERAGE SKY COVER 1.0


WEATHER CONDITIONS
 THE FOLLOWING WEATHER WAS RECORDED YESTERDAY.
  LIGHT RAIN
  FOG


RELATIVE HUMIDITY (PERCENT)
 HIGHEST    89          1000 PM
 LOWEST     70           900 AM
 AVERAGE    80

..........................................................


THE LITTLE ROCK ADAMS FIELD CLIMATE NORMALS FOR TODAY
                         NORMAL    RECORD    YEAR
 MAXIMUM TEMPERATURE (F)   60        83      1974
 MINIMUM TEMPERATURE (F)   39        11      1943


SUNRISE AND SUNSET
MARCH  3 2015.........SUNRISE   636 AM CST   SUNSET   606 PM CST
MARCH  4 2015.........SUNRISE   635 AM CST   SUNSET   607 PM CST


-  INDICATES NEGATIVE NUMBERS.
R  INDICATES RECORD WAS SET OR TIED.
MM INDICATES DATA IS MISSING.
T  INDICATES TRACE AMOUNT.




$$
