000
CDUS45 KPIH 102342
CLILLJ


CLIMATE REPORT
NATIONAL WEATHER SERVICE POCATELLO ID
439 PM MST SUN DEC 10 2017


...................................

...THE CHALLIS ID CLIMATE SUMMARY FOR DECEMBER 10 2017...
VALID TODAY AS OF 0400 PM LOCAL TIME.

CLIMATE NORMAL PERIOD 1981 TO 2010
CLIMATE RECORD PERIOD 1898 TO 2017


WEATHER ITEM   OBSERVED TIME   RECORD YEAR NORMAL DEPARTURE LAST
                VALUE   (LST)  VALUE       VALUE  FROM      YEAR
                                                  NORMAL
..................................................................
TEMPERATURE (F)
 TODAY
  MAXIMUM         28    359 PM  56    1939  28      0       41
  MINIMUM          1    629 AM -25    1972  10     -9        9
  AVERAGE         15                        19     -4       25

PRECIPITATION (IN)
  TODAY            0.00          1.00 1929   0.03  -0.03     0.03
  MONTH TO DATE    0.06                      0.25  -0.19     0.27
  SINCE OCT 1      1.02                      1.44  -0.42     2.35
  SINCE JAN 1      8.10                      9.57  -1.47     6.33

SNOWFALL (IN)
  TODAY           MM
  MONTH TO DATE   MM
  SINCE DEC 1     MM
  SINCE JUL 1     MM
  SNOW DEPTH      MM

DEGREE DAYS
 HEATING
  TODAY           50                        46      4       40
  MONTH TO DATE  430                       447    -17      460
  SINCE DEC 1    430                       447    -17      460
  SINCE JUL 1   2336                      2490   -154     2247

 COOLING
  TODAY            0                         0      0        0
  MONTH TO DATE    0                         0      0        0
  SINCE DEC 1      0                         0      0        0
  SINCE JAN 1    378                       248    130      277
..................................................................


WIND (MPH)
  HIGHEST WIND SPEED     6   HIGHEST WIND DIRECTION    NW (320)
  HIGHEST GUST SPEED     8   HIGHEST GUST DIRECTION     W (290)
  AVERAGE WIND SPEED     0.7


SKY COVER
  POSSIBLE SUNSHINE  MM
  AVERAGE SKY COVER 0.0


WEATHER CONDITIONS
 THE FOLLOWING WEATHER WAS RECORDED TODAY.
  NO SIGNIFICANT WEATHER WAS OBSERVED.


RELATIVE HUMIDITY (PERCENT)
 HIGHEST    88           100 AM
 LOWEST     50           400 PM
 AVERAGE    69

..........................................................


THE CHALLIS ID CLIMATE NORMALS FOR TOMORROW
                         NORMAL    RECORD    YEAR
 MAXIMUM TEMPERATURE (F)   27        57      1933
 MINIMUM TEMPERATURE (F)    9       -28      1932


SUNRISE AND SUNSET
DECEMBER 10 2017......SUNRISE   803 AM MST   SUNSET   457 PM MST
DECEMBER 11 2017......SUNRISE   804 AM MST   SUNSET   457 PM MST


-  INDICATES NEGATIVE NUMBERS.
R  INDICATES RECORD WAS SET OR TIED.
MM INDICATES DATA IS MISSING.
T  INDICATES TRACE AMOUNT.




$$
