000
CDUS45 KPIH 260730
CLILLJ


CLIMATE REPORT
NATIONAL WEATHER SERVICE POCATELLO ID
130 AM MDT SAT JUL 26 2014


...................................

...THE CHALLIS ID CLIMATE SUMMARY FOR JULY 25 2014...

CLIMATE NORMAL PERIOD 1981 TO 2010
CLIMATE RECORD PERIOD 1898 TO 2014


WEATHER ITEM   OBSERVED TIME   RECORD YEAR NORMAL DEPARTURE LAST
                VALUE   (LST)  VALUE       VALUE  FROM      YEAR
                                                  NORMAL
..................................................................
TEMPERATURE (F)
 YESTERDAY
  MAXIMUM         86    342 PM 100    1933  88     -2       90
  MINIMUM         41R   440 AM  41    1900  52    -11       51
  AVERAGE         64                        70     -6       71

PRECIPITATION (IN)
  YESTERDAY        0.00          0.71 1977   0.03  -0.03      T
  MONTH TO DATE    0.04                      0.67  -0.63     0.54
  SINCE OCT 1      3.85                      8.37  -4.52     4.35
  SINCE JAN 1      3.12                      6.44  -3.32     2.28

SNOWFALL (IN)
  YESTERDAY       MM
  MONTH TO DATE   MM
  SINCE JUN 1     MM
  SINCE JUL 1     MM
  SNOW DEPTH      MM

DEGREE DAYS
 HEATING
  YESTERDAY        1                         0      1        0
  MONTH TO DATE    1                        18    -17        0
  SINCE JUN 1    167                       183    -16      121
  SINCE JUL 1      1                        18    -17        0

 COOLING
  YESTERDAY        0                         5     -5        6
  MONTH TO DATE  200                       100    100      179
  SINCE JUN 1    206                       122     84      242
  SINCE JAN 1    206                       124     82      244
..................................................................


WIND (MPH)
  HIGHEST WIND SPEED    20   HIGHEST WIND DIRECTION     W (250)
  HIGHEST GUST SPEED    24   HIGHEST GUST DIRECTION     W (250)
  AVERAGE WIND SPEED     4.7


SKY COVER
  POSSIBLE SUNSHINE  MM
  AVERAGE SKY COVER 0.0


WEATHER CONDITIONS
 THE FOLLOWING WEATHER WAS RECORDED YESTERDAY.
  NO SIGNIFICANT WEATHER WAS OBSERVED.


RELATIVE HUMIDITY (PERCENT)
 HIGHEST    50           700 AM
 LOWEST      4           300 PM
 AVERAGE    27

..........................................................


THE CHALLIS ID CLIMATE NORMALS FOR TODAY
                         NORMAL    RECORD    YEAR
 MAXIMUM TEMPERATURE (F)   88       103      1964
 MINIMUM TEMPERATURE (F)   52        39      1951
                                             1900


SUNRISE AND SUNSET
JULY 26 2014..........SUNRISE   617 AM MDT   SUNSET   909 PM MDT
JULY 27 2014..........SUNRISE   618 AM MDT   SUNSET   908 PM MDT


-  INDICATES NEGATIVE NUMBERS.
R  INDICATES RECORD WAS SET OR TIED.
MM INDICATES DATA IS MISSING.
T  INDICATES TRACE AMOUNT.




$$
