000
CDUS45 KPIH 172333
CLILLJ


CLIMATE REPORT
NATIONAL WEATHER SERVICE POCATELLO ID
528 PM MDT WED SEP 17 2014


...................................

...THE CHALLIS ID CLIMATE SUMMARY FOR SEPTEMBER 17 2014...
VALID TODAY AS OF 0500 PM LOCAL TIME.

CLIMATE NORMAL PERIOD 1981 TO 2010
CLIMATE RECORD PERIOD 1898 TO 2014


WEATHER ITEM   OBSERVED TIME   RECORD YEAR NORMAL DEPARTURE LAST
                VALUE   (LST)  VALUE       VALUE  FROM      YEAR
                                                  NORMAL
..................................................................
TEMPERATURE (F)
 TODAY
  MAXIMUM         81    343 PM  90    1929  72      9       72
  MINIMUM         47    621 AM  20    1965  39      8       47
  AVERAGE         64                        56      8       60

PRECIPITATION (IN)
  TODAY            0.00          0.79 1946   0.03  -0.03     0.01
  MONTH TO DATE    T                         0.45  -0.45     0.56
  SINCE OCT 1      5.55                      9.77  -4.22     5.14
  SINCE JAN 1      4.82                      7.84  -3.02     3.07

SNOWFALL (IN)
  TODAY           MM
  MONTH TO DATE   MM
  SINCE SEP 1     MM
  SINCE JUL 1     MM
  SNOW DEPTH      MM

DEGREE DAYS
 HEATING
  TODAY            1                        10     -9        5
  MONTH TO DATE   86                       119    -33       18
  SINCE SEP 1     86                       119    -33       18
  SINCE JUL 1    154                       192    -38       24

 COOLING
  TODAY            0                         0      0        0
  MONTH TO DATE    0                         4     -4       30
  SINCE SEP 1      0                         4     -4       30
  SINCE JAN 1    305                       246     59      420
..................................................................


WIND (MPH)
  HIGHEST WIND SPEED     9   HIGHEST WIND DIRECTION    SW (210)
  HIGHEST GUST SPEED    12   HIGHEST GUST DIRECTION    SW (210)
  AVERAGE WIND SPEED     2.8


SKY COVER
  POSSIBLE SUNSHINE  MM
  AVERAGE SKY COVER 0.1


WEATHER CONDITIONS
 THE FOLLOWING WEATHER WAS RECORDED TODAY.
  NO SIGNIFICANT WEATHER WAS OBSERVED.


RELATIVE HUMIDITY (PERCENT)
 HIGHEST    82           600 AM
 LOWEST     25           400 PM
 AVERAGE    54

..........................................................


THE CHALLIS ID CLIMATE NORMALS FOR TOMORROW
                         NORMAL    RECORD    YEAR
 MAXIMUM TEMPERATURE (F)   72        90      1981
 MINIMUM TEMPERATURE (F)   38        17      1965


SUNRISE AND SUNSET
SEPTEMBER 17 2014.....SUNRISE   718 AM MDT   SUNSET   744 PM MDT
SEPTEMBER 18 2014.....SUNRISE   719 AM MDT   SUNSET   742 PM MDT


-  INDICATES NEGATIVE NUMBERS.
R  INDICATES RECORD WAS SET OR TIED.
MM INDICATES DATA IS MISSING.
T  INDICATES TRACE AMOUNT.




$$
