000
CDUS45 KPIH 172321
CLILLJ


CLIMATE REPORT
NATIONAL WEATHER SERVICE POCATELLO ID
520 PM MDT THU APR 17 2014


...................................

...THE CHALLIS ID CLIMATE SUMMARY FOR APRIL 17 2014...
VALID TODAY AS OF 0500 PM LOCAL TIME.

CLIMATE NORMAL PERIOD 1981 TO 2010
CLIMATE RECORD PERIOD 1898 TO 2014


WEATHER ITEM   OBSERVED TIME   RECORD YEAR NORMAL DEPARTURE LAST
                VALUE   (LST)  VALUE       VALUE  FROM      YEAR
                                                  NORMAL
..................................................................
TEMPERATURE (F)
 TODAY
  MAXIMUM         67    326 PM  79    1994  58      9       43
  MINIMUM         27    557 AM  16    2013  30     -3       16
  AVERAGE         47                        44      3       30

PRECIPITATION (IN)
  TODAY            0.00          0.23 1978   0.03  -0.03     0.00
  MONTH TO DATE    0.58                      0.41   0.17     0.01
  SINCE OCT 1      2.99                      4.18  -1.19     2.53
  SINCE JAN 1      2.26                      2.25   0.01     0.46

SNOWFALL (IN)
  TODAY           MM
  MONTH TO DATE   MM
  SINCE MAR 1     MM
  SINCE JUL 1     MM
  SNOW DEPTH      MM

DEGREE DAYS
 HEATING
  TODAY           18                        21     -3       35
  MONTH TO DATE  370                       390    -20      399
  SINCE MAR 1   1223                      1286    -63     1291
  SINCE JUL 1   6972                      7335   -363     6999

 COOLING
  TODAY            0                         0      0        0
  MONTH TO DATE    0                         0      0        0
  SINCE MAR 1      0                         0      0        0
  SINCE JAN 1      0                         0      0        0
..................................................................


WIND (MPH)
  HIGHEST WIND SPEED    21   HIGHEST WIND DIRECTION    SW (230)
  HIGHEST GUST SPEED    27   HIGHEST GUST DIRECTION    SW (220)
  AVERAGE WIND SPEED     4.4


SKY COVER
  POSSIBLE SUNSHINE  MM
  AVERAGE SKY COVER 0.3


WEATHER CONDITIONS
 THE FOLLOWING WEATHER WAS RECORDED TODAY.
  NO SIGNIFICANT WEATHER WAS OBSERVED.


RELATIVE HUMIDITY (PERCENT)
 HIGHEST    68           600 AM
 LOWEST     20           300 PM
 AVERAGE    44

..........................................................


THE CHALLIS ID CLIMATE NORMALS FOR TOMORROW
                         NORMAL    RECORD    YEAR
 MAXIMUM TEMPERATURE (F)   58        80      1994
 MINIMUM TEMPERATURE (F)   30        14      2013


SUNRISE AND SUNSET
APRIL 17 2014.........SUNRISE   649 AM MDT   SUNSET   824 PM MDT
APRIL 18 2014.........SUNRISE   648 AM MDT   SUNSET   825 PM MDT


-  INDICATES NEGATIVE NUMBERS.
R  INDICATES RECORD WAS SET OR TIED.
MM INDICATES DATA IS MISSING.
T  INDICATES TRACE AMOUNT.




$$
