000
CDUS45 KPIH 260732
CLILLJ


CLIMATE REPORT
NATIONAL WEATHER SERVICE POCATELLO ID
131 AM MDT MON JUN 26 2017


...................................

...THE CHALLIS ID CLIMATE SUMMARY FOR JUNE 25 2017...

CLIMATE NORMAL PERIOD 1981 TO 2010
CLIMATE RECORD PERIOD 1898 TO 2017


WEATHER ITEM   OBSERVED TIME   RECORD YEAR NORMAL DEPARTURE LAST
                VALUE   (LST)  VALUE       VALUE  FROM      YEAR
                                                  NORMAL
..................................................................
TEMPERATURE (F)
 YESTERDAY
  MAXIMUM         90    503 PM  97    1988  79     11       81
  MINIMUM         48    451 AM  30    1966  47      1       36
  AVERAGE         69                        63      6       59

PRECIPITATION (IN)
  YESTERDAY        0.00          0.47 1996   0.05  -0.05     0.00
  MONTH TO DATE    1.02                      1.42  -0.40     0.14
  SINCE OCT 1      8.86                      7.49   1.37     5.50
  SINCE JAN 1      5.45                      5.56  -0.11     3.16

SNOWFALL (IN)
  YESTERDAY       MM
  MONTH TO DATE   MM
  SINCE JUN 1     MM
  SINCE JUL 1     MM
  SNOW DEPTH      MM

DEGREE DAYS
 HEATING
  YESTERDAY        0                         3     -3        6
  MONTH TO DATE  119                       153    -34       73
  SINCE JUN 1    119                       153    -34       73
  SINCE JUL 1   8346                      8149    197     7697

 COOLING
  YESTERDAY        4                         1      3        0
  MONTH TO DATE   28                        13     15       36
  SINCE JUN 1     28                        13     15       36
  SINCE JAN 1     30                        15     15       36
..................................................................


WIND (MPH)
  HIGHEST WIND SPEED    10   HIGHEST WIND DIRECTION    NW (300)
  HIGHEST GUST SPEED    12   HIGHEST GUST DIRECTION     N (360)
  AVERAGE WIND SPEED     2.3


SKY COVER
  POSSIBLE SUNSHINE  MM
  AVERAGE SKY COVER 0.0


WEATHER CONDITIONS
 THE FOLLOWING WEATHER WAS RECORDED YESTERDAY.
  NO SIGNIFICANT WEATHER WAS OBSERVED.


RELATIVE HUMIDITY (PERCENT)
 HIGHEST    66           500 AM
 LOWEST     13           600 PM
 AVERAGE    40

..........................................................


THE CHALLIS ID CLIMATE NORMALS FOR TODAY
                         NORMAL    RECORD    YEAR
 MAXIMUM TEMPERATURE (F)   79        98      2015
 MINIMUM TEMPERATURE (F)   48        28      1976


SUNRISE AND SUNSET
JUNE 26 2017..........SUNRISE   554 AM MDT   SUNSET   926 PM MDT
JUNE 27 2017..........SUNRISE   554 AM MDT   SUNSET   926 PM MDT


-  INDICATES NEGATIVE NUMBERS.
R  INDICATES RECORD WAS SET OR TIED.
MM INDICATES DATA IS MISSING.
T  INDICATES TRACE AMOUNT.




$$
