000
CDUS45 KPIH 170731
CLILLJ


CLIMATE REPORT
NATIONAL WEATHER SERVICE POCATELLO ID
1229 AM MST TUE JAN 17 2017


...................................

...THE CHALLIS ID CLIMATE SUMMARY FOR JANUARY 16 2017...

CLIMATE NORMAL PERIOD 1981 TO 2010
CLIMATE RECORD PERIOD 1898 TO 2017


WEATHER ITEM   OBSERVED TIME   RECORD YEAR NORMAL DEPARTURE LAST
                VALUE   (LST)  VALUE       VALUE  FROM      YEAR
                                                  NORMAL
..................................................................
TEMPERATURE (F)
 YESTERDAY
  MAXIMUM         -6    412 PM  48    1976  30    -36       21
  MINIMUM        -29R   834 AM -24    1916   9    -38       -1
  AVERAGE        -17                        19    -36       10

PRECIPITATION (IN)
  YESTERDAY        0.00          0.30 1898   0.02  -0.02     0.03
  MONTH TO DATE    1.31                      0.30   1.01     0.31
  SINCE OCT 1      4.72                      2.23   2.49     2.65
  SINCE JAN 1      1.31                      0.30   1.01     0.31

SNOWFALL (IN)
  YESTERDAY       MM
  MONTH TO DATE   MM
  SINCE DEC 1     MM
  SINCE JUL 1     MM
  SNOW DEPTH      MM

DEGREE DAYS
 HEATING
  YESTERDAY       82                        46     36       55
  MONTH TO DATE 1091                       750    341      841
  SINCE DEC 1   2769                      2203    566     2271
  SINCE JUL 1   4556                      4246    310     4137

 COOLING
  YESTERDAY        0                         0      0        0
  MONTH TO DATE    0                         0      0        0
  SINCE DEC 1      0                         0      0        0
  SINCE JAN 1      0                         0      0        0
..................................................................


WIND (MPH)
  HIGHEST WIND SPEED     6   HIGHEST WIND DIRECTION     S (160)
  HIGHEST GUST SPEED    23   HIGHEST GUST DIRECTION     E (70)
  AVERAGE WIND SPEED     0.3


SKY COVER
  POSSIBLE SUNSHINE  MM
  AVERAGE SKY COVER 0.0


WEATHER CONDITIONS
 THE FOLLOWING WEATHER WAS RECORDED YESTERDAY.
  FOG
  HAZE


RELATIVE HUMIDITY (PERCENT)
 HIGHEST    92           400 AM
 LOWEST     64           100 PM
 AVERAGE    78

..........................................................


THE CHALLIS ID CLIMATE NORMALS FOR TODAY
                         NORMAL    RECORD    YEAR
 MAXIMUM TEMPERATURE (F)   30        55      1961
 MINIMUM TEMPERATURE (F)    9       -26      1930


SUNRISE AND SUNSET
JANUARY 17 2017.......SUNRISE   809 AM MST   SUNSET   526 PM MST
JANUARY 18 2017.......SUNRISE   808 AM MST   SUNSET   527 PM MST


-  INDICATES NEGATIVE NUMBERS.
R  INDICATES RECORD WAS SET OR TIED.
MM INDICATES DATA IS MISSING.
T  INDICATES TRACE AMOUNT.




$$
