000
CDUS45 KPIH 010736
CLILLJ


CLIMATE REPORT
NATIONAL WEATHER SERVICE POCATELLO ID
132 AM MDT SAT AUG 1 2015


...................................

...THE CHALLIS ID CLIMATE SUMMARY FOR JULY 31 2015...

CLIMATE NORMAL PERIOD 1981 TO 2010
CLIMATE RECORD PERIOD 1898 TO 2015


WEATHER ITEM   OBSERVED TIME   RECORD YEAR NORMAL DEPARTURE LAST
                VALUE   (LST)  VALUE       VALUE  FROM      YEAR
                                                  NORMAL
..................................................................
TEMPERATURE (F)
 YESTERDAY
  MAXIMUM         92    432 PM  99    2003  88      4       88
  MINIMUM         48    508 AM  37    1937  51     -3       48
  AVERAGE         70                        70      0       68

PRECIPITATION (IN)
  YESTERDAY        0.00          0.50 1985   0.02  -0.02     0.00
  MONTH TO DATE    0.98                      0.83   0.15     0.04
  SINCE OCT 1      5.28                      8.53  -3.25     3.85
  SINCE JAN 1      3.49                      6.60  -3.11     3.12

SNOWFALL (IN)
  YESTERDAY       MM
  MONTH TO DATE   MM
  SINCE JUN 1     MM
  SINCE JUL 1     MM
  SNOW DEPTH      MM

DEGREE DAYS
 HEATING
  YESTERDAY        0                         0      0        0
  MONTH TO DATE   33                        18     15        1
  SINCE JUN 1     80                       186   -106      167
  SINCE JUL 1     33                        21     12        1

 COOLING
  YESTERDAY        5                         5      0        3
  MONTH TO DATE   90                       132    -42      229
  SINCE JUN 1    199                       154     45      235
  SINCE JAN 1    202                       156     46      235
..................................................................


WIND (MPH)
  HIGHEST WIND SPEED    14   HIGHEST WIND DIRECTION     N (360)
  HIGHEST GUST SPEED    16   HIGHEST GUST DIRECTION    NW (310)
  AVERAGE WIND SPEED     2.8


SKY COVER
  POSSIBLE SUNSHINE  MM
  AVERAGE SKY COVER 0.0


WEATHER CONDITIONS
 THE FOLLOWING WEATHER WAS RECORDED YESTERDAY.
  NO SIGNIFICANT WEATHER WAS OBSERVED.


RELATIVE HUMIDITY (PERCENT)
 HIGHEST    63           500 AM
 LOWEST      5           400 PM
 AVERAGE    34

..........................................................


THE CHALLIS ID CLIMATE NORMALS FOR TODAY
                         NORMAL    RECORD    YEAR
 MAXIMUM TEMPERATURE (F)   88        99      2000
 MINIMUM TEMPERATURE (F)   51        39      1975


SUNRISE AND SUNSET
AUGUST  1 2015........SUNRISE   623 AM MDT   SUNSET   902 PM MDT
AUGUST  2 2015........SUNRISE   625 AM MDT   SUNSET   901 PM MDT


-  INDICATES NEGATIVE NUMBERS.
R  INDICATES RECORD WAS SET OR TIED.
MM INDICATES DATA IS MISSING.
T  INDICATES TRACE AMOUNT.




$$
