000
CDUS46 KMFR 010841
CLILMT


CLIMATE REPORT
NATIONAL WEATHER SERVICE MEDFORD, OR
137 AM PDT FRI AUG 1 2014


...................................

...THE KLAMATH FALLS OR CLIMATE SUMMARY FOR JULY 31 2014...

CLIMATE NORMAL PERIOD 1981 TO 2010
CLIMATE RECORD PERIOD 1928 TO 2014


WEATHER ITEM   OBSERVED TIME   RECORD YEAR NORMAL DEPARTURE LAST
                VALUE   (LST)  VALUE       VALUE  FROM      YEAR
                                                  NORMAL
..................................................................
TEMPERATURE (F)
 YESTERDAY
  MAXIMUM         93    443 PM  98    1977  86      7       82
  MINIMUM         52    536 AM  34    2001  49      3       55
  AVERAGE         73                        67      6       69

PRECIPITATION (IN)
  YESTERDAY        T             0.59 1985   0.01  -0.01      T
  MONTH TO DATE    0.09                      0.48  -0.39      T
  SINCE SEP 1      7.33                     14.53  -7.20     8.21
  SINCE JAN 1      6.59                      9.31  -2.72     4.55

SNOWFALL (IN)
  YESTERDAY       MM                        MM     MM       MM
  MONTH TO DATE   MM                        MM     MM       MM
  SINCE JUL 1     MM                        MM     MM       MM
  SNOW DEPTH      MM

DEGREE DAYS
 HEATING
  YESTERDAY        0                         1     -1        0
  MONTH TO DATE   10                        47    -37        1
  SINCE JUN 1    185                       267    -82      179
  SINCE JUL 1     10                        50    -40        1

 COOLING
  YESTERDAY        8                         3      5        4
  MONTH TO DATE  221                        82    139      172
  SINCE JUN 1    228                        93    135      218
  SINCE JAN 1    228                        94    134      218
..................................................................


WIND (MPH)
  HIGHEST WIND SPEED    17   HIGHEST WIND DIRECTION    NW (330)
  HIGHEST GUST SPEED    21   HIGHEST GUST DIRECTION    NW (320)
  AVERAGE WIND SPEED     3.8


SKY COVER
  POSSIBLE SUNSHINE  MM
  AVERAGE SKY COVER 0.1


WEATHER CONDITIONS
 THE FOLLOWING WEATHER WAS RECORDED YESTERDAY.
  THUNDERSTORM
  LIGHT RAIN


RELATIVE HUMIDITY (PERCENT)
 HIGHEST    77           400 AM
 LOWEST     18           300 PM

..........................................................


THE KLAMATH FALLS OR CLIMATE NORMALS FOR TODAY
                         NORMAL    RECORD    YEAR
 MAXIMUM TEMPERATURE (F)   86        97      1977
 MINIMUM TEMPERATURE (F)   49        40      1985


SUNRISE AND SUNSET
AUGUST  1 2014........SUNRISE   600 AM PDT   SUNSET   826 PM PDT
AUGUST  2 2014........SUNRISE   601 AM PDT   SUNSET   825 PM PDT


-  INDICATES NEGATIVE NUMBERS.
R  INDICATES RECORD WAS SET OR TIED.
MM INDICATES DATA IS MISSING.
T  INDICATES TRACE AMOUNT.




$$
