000
CDUS46 KMFR 260836
CLILMT


CLIMATE REPORT
NATIONAL WEATHER SERVICE MEDFORD, OR
136 AM PDT SAT JUL 26 2014


...................................

...THE KLAMATH FALLS OR CLIMATE SUMMARY FOR JULY 25 2014...

CLIMATE NORMAL PERIOD 1981 TO 2010
CLIMATE RECORD PERIOD 1928 TO 2014


WEATHER ITEM   OBSERVED TIME   RECORD YEAR NORMAL DEPARTURE LAST
                VALUE   (LST)  VALUE       VALUE  FROM      YEAR
                                                  NORMAL
..................................................................
TEMPERATURE (F)
 YESTERDAY
  MAXIMUM         85    434 PM  97    1978  86     -1       95
  MINIMUM         47    346 AM  40    1993  49     -2       55
  AVERAGE         66                        67     -1       75

PRECIPITATION (IN)
  YESTERDAY        0.00          0.71 1935   0.01  -0.01     0.00
  MONTH TO DATE    0.09                      0.43  -0.34      T
  SINCE SEP 1      7.33                     14.48  -7.15     8.21
  SINCE JAN 1      6.59                      9.26  -2.67     4.55

SNOWFALL (IN)
  YESTERDAY       MM                        MM     MM       MM
  MONTH TO DATE   MM                        MM     MM       MM
  SINCE JUL 1     MM                        MM     MM       MM
  SNOW DEPTH      MM

DEGREE DAYS
 HEATING
  YESTERDAY        0                         1     -1        0
  MONTH TO DATE   10                        41    -31        1
  SINCE JUN 1    185                       258    -73      179
  SINCE JUL 1     10                        41    -31        1

 COOLING
  YESTERDAY        1                         3     -2       10
  MONTH TO DATE  183                        60    123      152
  SINCE JUN 1    190                        71    119      198
  SINCE JAN 1    190                        72    118      198
..................................................................


WIND (MPH)
  HIGHEST WIND SPEED    18   HIGHEST WIND DIRECTION     N (340)
  HIGHEST GUST SPEED    22   HIGHEST GUST DIRECTION     N (340)
  AVERAGE WIND SPEED     7.9


SKY COVER
  POSSIBLE SUNSHINE  MM
  AVERAGE SKY COVER 0.0


WEATHER CONDITIONS
 THE FOLLOWING WEATHER WAS RECORDED YESTERDAY.
  NO SIGNIFICANT WEATHER WAS OBSERVED.


RELATIVE HUMIDITY (PERCENT)
 HIGHEST    80           500 AM
 LOWEST      5           200 PM

..........................................................


THE KLAMATH FALLS OR CLIMATE NORMALS FOR TODAY
                         NORMAL    RECORD    YEAR
 MAXIMUM TEMPERATURE (F)   86        97      1996
 MINIMUM TEMPERATURE (F)   49        39      1967


SUNRISE AND SUNSET
JULY 26 2014..........SUNRISE   554 AM PDT   SUNSET   832 PM PDT
JULY 27 2014..........SUNRISE   555 AM PDT   SUNSET   831 PM PDT


-  INDICATES NEGATIVE NUMBERS.
R  INDICATES RECORD WAS SET OR TIED.
MM INDICATES DATA IS MISSING.
T  INDICATES TRACE AMOUNT.




$$
