000
CDUS46 KMFR 300835
CLILMT


CLIMATE REPORT
NATIONAL WEATHER SERVICE MEDFORD, OR
135 AM PDT MON MAY 30 2016


...................................

...THE KLAMATH FALLS OR CLIMATE SUMMARY FOR MAY 29 2016...

CLIMATE NORMAL PERIOD 1981 TO 2010
CLIMATE RECORD PERIOD 1928 TO 2016


WEATHER ITEM   OBSERVED TIME   RECORD YEAR NORMAL DEPARTURE LAST
                VALUE   (LST)  VALUE       VALUE  FROM      YEAR
                                                  NORMAL
..................................................................
TEMPERATURE (F)
 YESTERDAY
  MAXIMUM         73    125 PM  93    1986  69      4       83
  MINIMUM         35    452 AM  27    2014  39     -4       44
  AVERAGE         54                        54      0       64

PRECIPITATION (IN)
  YESTERDAY        0.00          0.52 2008   0.02  -0.02     0.01
  MONTH TO DATE    0.81                      1.36  -0.55     1.46
  SINCE OCT 1     10.40                     12.46  -2.06    11.52
  SINCE JAN 1      5.87                      7.77  -1.90     5.06

SNOWFALL (IN)
  YESTERDAY       MM                        MM     MM       MM
  MONTH TO DATE   MM                        MM     MM       MM
  SINCE JUL 1     MM                        MM     MM       MM
  SNOW DEPTH      MM

DEGREE DAYS
 HEATING
  YESTERDAY       11                        11      0        1
  MONTH TO DATE  360                       416    -56      383
  SINCE MAR 1   1585                      1894   -309     1673
  SINCE JUL 1   6075                      6735   -660     5247

 COOLING
  YESTERDAY        0                         0      0        0
  MONTH TO DATE    0                         0      0        0
  SINCE MAR 1      0                         0      0        0
  SINCE JAN 1      0                         0      0        0
..................................................................


WIND (MPH)
  HIGHEST WIND SPEED    20   HIGHEST WIND DIRECTION     N (350)
  HIGHEST GUST SPEED    24   HIGHEST GUST DIRECTION     N (340)
  AVERAGE WIND SPEED     6.6


SKY COVER
  POSSIBLE SUNSHINE  MM
  AVERAGE SKY COVER 0.0


WEATHER CONDITIONS
 THE FOLLOWING WEATHER WAS RECORDED YESTERDAY.
  NO SIGNIFICANT WEATHER WAS OBSERVED.


RELATIVE HUMIDITY (PERCENT)
 HIGHEST    92           400 AM
 LOWEST     24           400 PM

..........................................................


THE KLAMATH FALLS OR CLIMATE NORMALS FOR TODAY
                         NORMAL    RECORD    YEAR
 MAXIMUM TEMPERATURE (F)   69        94      1986
 MINIMUM TEMPERATURE (F)   39        28      1974


SUNRISE AND SUNSET
MAY 30 2016...........SUNRISE   534 AM PDT   SUNSET   835 PM PDT
MAY 31 2016...........SUNRISE   534 AM PDT   SUNSET   836 PM PDT


-  INDICATES NEGATIVE NUMBERS.
R  INDICATES RECORD WAS SET OR TIED.
MM INDICATES DATA IS MISSING.
T  INDICATES TRACE AMOUNT.




$$
