000
CDUS46 KMFR 130839
CLILMT


CLIMATE REPORT
NATIONAL WEATHER SERVICE MEDFORD, OR
1238 AM PST WED DEC 13 2017


...................................

...THE KLAMATH FALLS OR CLIMATE SUMMARY FOR DECEMBER 12 2017...

CLIMATE NORMAL PERIOD 1981 TO 2010
CLIMATE RECORD PERIOD 1928 TO 2017


WEATHER ITEM   OBSERVED TIME   RECORD YEAR NORMAL DEPARTURE LAST
                VALUE   (LST)  VALUE       VALUE  FROM      YEAR
                                                  NORMAL
..................................................................
TEMPERATURE (F)
 YESTERDAY
  MAXIMUM         39    259 PM  55    2010  38      1       39
  MINIMUM         12    722 AM  -1    2013  21     -9       26
  AVERAGE         26                        30     -4       33

PRECIPITATION (IN)
  YESTERDAY        0.00          1.34 1969   0.04  -0.04      T
  MONTH TO DATE    0.21                      0.55  -0.34     0.57
  SINCE OCT 1      2.13                      3.79  -1.66     3.81
  SINCE JAN 1      9.99                     14.06  -4.07    11.04

SNOWFALL (IN)
  YESTERDAY       MM                        MM     MM       MM
  MONTH TO DATE   MM                        MM     MM       MM
  SINCE JUL 1     MM                        MM     MM       MM
  SNOW DEPTH      MM

DEGREE DAYS
 HEATING
  YESTERDAY       39                        36      3       32
  MONTH TO DATE  435                       418     17      404
  SINCE DEC 1    435                       418     17      404
  SINCE JUL 1   2021                      2220   -199     2064

 COOLING
  YESTERDAY        0                         0      0        0
  MONTH TO DATE    0                         0      0        0
  SINCE DEC 1      0                         0      0        0
  SINCE JAN 1    420                       169    251      215
..................................................................


WIND (MPH)
  HIGHEST WIND SPEED     9   HIGHEST WIND DIRECTION    NW (330)
  HIGHEST GUST SPEED    10   HIGHEST GUST DIRECTION     N (340)
  AVERAGE WIND SPEED     1.6


SKY COVER
  POSSIBLE SUNSHINE  MM
  AVERAGE SKY COVER 0.1


WEATHER CONDITIONS
 THE FOLLOWING WEATHER WAS RECORDED YESTERDAY.
  NO SIGNIFICANT WEATHER WAS OBSERVED.


RELATIVE HUMIDITY (PERCENT)
 HIGHEST    96           600 AM
 LOWEST     48           300 PM

..........................................................


THE KLAMATH FALLS OR CLIMATE NORMALS FOR TODAY
                         NORMAL    RECORD    YEAR
 MAXIMUM TEMPERATURE (F)   38        52      2004
                                             1969
 MINIMUM TEMPERATURE (F)   21        -5      1972


SUNRISE AND SUNSET
DECEMBER 13 2017......SUNRISE   727 AM PST   SUNSET   435 PM PST
DECEMBER 14 2017......SUNRISE   728 AM PST   SUNSET   436 PM PST


-  INDICATES NEGATIVE NUMBERS.
R  INDICATES RECORD WAS SET OR TIED.
MM INDICATES DATA IS MISSING.
T  INDICATES TRACE AMOUNT.




$$
