000
CDUS45 KRIW 120741
CLILND


CLIMATE REPORT
NATIONAL WEATHER SERVICE RIVERTON WY
134 AM MDT SAT JUL 12 2014


...................................

...THE LANDER WY CLIMATE SUMMARY FOR JULY 11 2014...

CLIMATE NORMAL PERIOD 1981 TO 2010
CLIMATE RECORD PERIOD 1891 TO 2014


WEATHER ITEM   OBSERVED TIME   RECORD YEAR NORMAL DEPARTURE LAST
                VALUE   (LST)  VALUE       VALUE  FROM      YEAR
                                                  NORMAL
..................................................................
TEMPERATURE (F)
 YESTERDAY
  MAXIMUM         80   1020 AM 101    1954  87     -7       95
  MINIMUM         60   1159 PM  40    1951  55      5       61
  AVERAGE         70                        71     -1       78

PRECIPITATION (IN)
  YESTERDAY        0.08          0.46 1930   0.02   0.06     0.00
  MONTH TO DATE    0.08                      0.21  -0.13     0.18
  SINCE JUN 1      0.68                      1.48  -0.80     0.23
  SINCE JAN 1      4.87                      7.70  -2.83     7.75

SNOWFALL (IN)
  YESTERDAY        0.0                       0.0    0.0      0.0
  MONTH TO DATE    0.0                       0.0    0.0      0.0
  SINCE JUN 1      0.0                       0.1   -0.1      0.0
  SINCE JUL 1      0.0                       0.0    0.0      0.0
  SNOW DEPTH       0

DEGREE DAYS
 HEATING
  YESTERDAY        0                         1     -1        0
  MONTH TO DATE    3                        11     -8        0
  SINCE JUN 1    139                       137      2       54
  SINCE JUL 1      3                        11     -8        0

 COOLING
  YESTERDAY        5                         6     -1       13
  MONTH TO DATE   87                        61     26      110
  SINCE JUN 1    110                       125    -15      224
  SINCE JAN 1    128                       130     -2      233
..................................................................


WIND (MPH)
  HIGHEST WIND SPEED    24   HIGHEST WIND DIRECTION    NE (30)
  HIGHEST GUST SPEED    30   HIGHEST GUST DIRECTION     N (20)
  AVERAGE WIND SPEED     6.2


SKY COVER
  POSSIBLE SUNSHINE  MM
  AVERAGE SKY COVER 0.8


WEATHER CONDITIONS
 THE FOLLOWING WEATHER WAS RECORDED YESTERDAY.
  LIGHT RAIN
  FOG


RELATIVE HUMIDITY (PERCENT)
 HIGHEST    90          1000 PM
 LOWEST     43          1000 AM
 AVERAGE    67

..........................................................


THE LANDER WY CLIMATE NORMALS FOR TODAY
                         NORMAL    RECORD    YEAR
 MAXIMUM TEMPERATURE (F)   87        99      1954
 MINIMUM TEMPERATURE (F)   55        42      1922
                                             1913


SUNRISE AND SUNSET
JULY 12 2014..........SUNRISE   548 AM MDT   SUNSET   853 PM MDT
JULY 13 2014..........SUNRISE   548 AM MDT   SUNSET   853 PM MDT


-  INDICATES NEGATIVE NUMBERS.
R  INDICATES RECORD WAS SET OR TIED.
MM INDICATES DATA IS MISSING.
T  INDICATES TRACE AMOUNT.




$$
