000
CDUS45 KRIW 310734
CLILND


CLIMATE REPORT
NATIONAL WEATHER SERVICE RIVERTON WY
134 AM MDT MON AUG 31 2015


...................................

...THE LANDER WY CLIMATE SUMMARY FOR AUGUST 30 2015...

CLIMATE NORMAL PERIOD 1981 TO 2010
CLIMATE RECORD PERIOD 1891 TO 2015


WEATHER ITEM   OBSERVED TIME   RECORD YEAR NORMAL DEPARTURE LAST
                VALUE   (LST)  VALUE       VALUE  FROM      YEAR
                                                  NORMAL
..................................................................
TEMPERATURE (F)
 YESTERDAY
  MAXIMUM         90   1249 PM  95    1954  81      9       85
  MINIMUM         63   1106 PM  30    1910  51     12       52
  AVERAGE         77                        66     11       69

PRECIPITATION (IN)
  YESTERDAY        T             0.60 2003   0.02  -0.02     0.15
  MONTH TO DATE    0.58                      0.59  -0.01     1.59
  SINCE JUN 1      1.88                      2.64  -0.76     2.81
  SINCE JAN 1     12.40                      8.86   3.54     7.00

SNOWFALL (IN)
  YESTERDAY        0.0                       0.0    0.0      0.0
  MONTH TO DATE    0.0                       0.0    0.0      0.0
  SINCE JUN 1      0.0                       0.1   -0.1      0.0
  SINCE JUL 1      0.0                       0.0    0.0      0.0
  SNOW DEPTH       0

DEGREE DAYS
 HEATING
  YESTERDAY        0                         2     -2        0
  MONTH TO DATE   22                        21      1       36
  SINCE JUN 1     71                       163    -92      175
  SINCE JUL 1     40                        37      3       39

 COOLING
  YESTERDAY       12                         3      9        4
  MONTH TO DATE  184                       163     21      123
  SINCE JUN 1    430                       435     -5      388
  SINCE JAN 1    430                       440    -10      406
..................................................................


WIND (MPH)
  HIGHEST WIND SPEED    36   HIGHEST WIND DIRECTION     S (180)
  HIGHEST GUST SPEED    43   HIGHEST GUST DIRECTION     S (200)
  AVERAGE WIND SPEED    12.2


SKY COVER
  POSSIBLE SUNSHINE  MM
  AVERAGE SKY COVER 0.1


WEATHER CONDITIONS
 THE FOLLOWING WEATHER WAS RECORDED YESTERDAY.
  THUNDERSTORM
  LIGHT RAIN


RELATIVE HUMIDITY (PERCENT)
 HIGHEST    46           600 PM
 LOWEST     17          1100 AM
 AVERAGE    32

..........................................................


THE LANDER WY CLIMATE NORMALS FOR TODAY
                         NORMAL    RECORD    YEAR
 MAXIMUM TEMPERATURE (F)   81        95      1954
 MINIMUM TEMPERATURE (F)   51        29      1908


SUNRISE AND SUNSET
AUGUST 31 2015........SUNRISE   638 AM MDT   SUNSET   751 PM MDT
SEPTEMBER  1 2015.....SUNRISE   639 AM MDT   SUNSET   750 PM MDT


-  INDICATES NEGATIVE NUMBERS.
R  INDICATES RECORD WAS SET OR TIED.
MM INDICATES DATA IS MISSING.
T  INDICATES TRACE AMOUNT.




$$
