000
CDUS45 KRIW 270740
CLILND


CLIMATE REPORT
NATIONAL WEATHER SERVICE RIVERTON WY
130 AM MDT MON MAR 27 2017


...................................

...THE LANDER WY CLIMATE SUMMARY FOR MARCH 26 2017...

CLIMATE NORMAL PERIOD 1981 TO 2010
CLIMATE RECORD PERIOD 1891 TO 2017


WEATHER ITEM   OBSERVED TIME   RECORD YEAR NORMAL DEPARTURE LAST
                VALUE   (LST)  VALUE       VALUE  FROM      YEAR
                                                  NORMAL
..................................................................
TEMPERATURE (F)
 YESTERDAY
  MAXIMUM         54    334 PM  69    1895  51      3       43
  MINIMUM         36    655 AM  -6    1955  27      9       26
  AVERAGE         45                        39      6       35

PRECIPITATION (IN)
  YESTERDAY        0.01          0.67 2009   0.05  -0.04      T
  MONTH TO DATE    1.10                      0.92   0.18     1.62
  SINCE MAR 1      1.10                      0.92   0.18     1.62
  SINCE JAN 1      3.48                      1.91   1.57     2.54

SNOWFALL (IN)
  YESTERDAY        0.0                       0.6   -0.6       T
  MONTH TO DATE    T                        13.1  -13.1     10.1
  SINCE MAR 1      T                        13.1  -13.1     10.1
  SINCE JUL 1     61.0                      66.7   -5.7     47.1
  SNOW DEPTH       0

DEGREE DAYS
 HEATING
  YESTERDAY       20                        26     -6       30
  MONTH TO DATE  593                       787   -194      677
  SINCE MAR 1    593                       787   -194      677
  SINCE JUL 1   6296                      6491   -195     5828

 COOLING
  YESTERDAY        0                         0      0        0
  MONTH TO DATE    0                         0      0        0
  SINCE MAR 1      0                         0      0        0
  SINCE JAN 1      0                         0      0        0
..................................................................


WIND (MPH)
  HIGHEST WIND SPEED    20   HIGHEST WIND DIRECTION    SW (230)
  HIGHEST GUST SPEED    25   HIGHEST GUST DIRECTION    SW (230)
  AVERAGE WIND SPEED     5.9


SKY COVER
  POSSIBLE SUNSHINE  MM
  AVERAGE SKY COVER 0.4


WEATHER CONDITIONS
 THE FOLLOWING WEATHER WAS RECORDED YESTERDAY.
  LIGHT RAIN


RELATIVE HUMIDITY (PERCENT)
 HIGHEST   100           400 AM
 LOWEST     26           600 PM
 AVERAGE    63

..........................................................


THE LANDER WY CLIMATE NORMALS FOR TODAY
                         NORMAL    RECORD    YEAR
 MAXIMUM TEMPERATURE (F)   51        74      2015
 MINIMUM TEMPERATURE (F)   27        -7      1931


SUNRISE AND SUNSET
MARCH 27 2017.........SUNRISE   705 AM MDT   SUNSET   736 PM MDT
MARCH 28 2017.........SUNRISE   704 AM MDT   SUNSET   737 PM MDT


-  INDICATES NEGATIVE NUMBERS.
R  INDICATES RECORD WAS SET OR TIED.
MM INDICATES DATA IS MISSING.
T  INDICATES TRACE AMOUNT.




$$
