000
CDUS45 KRIW 060738
CLILND


CLIMATE REPORT
NATIONAL WEATHER SERVICE RIVERTON WY
1233 AM MST FRI MAR 6 2015


...................................

...THE LANDER WY CLIMATE SUMMARY FOR MARCH 5 2015...

CLIMATE NORMAL PERIOD 1981 TO 2010
CLIMATE RECORD PERIOD 1891 TO 2015


WEATHER ITEM   OBSERVED TIME   RECORD YEAR NORMAL DEPARTURE LAST
                VALUE   (LST)  VALUE       VALUE  FROM      YEAR
                                                  NORMAL
..................................................................
TEMPERATURE (F)
 YESTERDAY
  MAXIMUM         26    444 PM  65    1936  43    -17       54
  MINIMUM         -5    521 AM -14    1945  20    -25       27
                                      1943
  AVERAGE         11                        32    -21       41

PRECIPITATION (IN)
  YESTERDAY        0.00          0.74 1926   0.03  -0.03     0.00
  MONTH TO DATE    0.53                      0.13   0.40     0.23
  SINCE MAR 1      0.53                      0.13   0.40     0.23
  SINCE JAN 1      2.09                      1.12   0.97     1.03

SNOWFALL (IN)
  YESTERDAY        0.0                       0.4   -0.4      0.0
  MONTH TO DATE    8.6                       2.0    6.6      3.4
  SINCE MAR 1      8.6                       2.0    6.6      3.4
  SINCE JUL 1     62.5                      55.6    6.9     58.7
  SNOW DEPTH      11

DEGREE DAYS
 HEATING
  YESTERDAY       54                        33     21       24
  MONTH TO DATE  257                       170     87      202
  SINCE MAR 1    257                       170     87      202
  SINCE JUL 1   5381                      5874   -493     5938

 COOLING
  YESTERDAY        0                         0      0        0
  MONTH TO DATE    0                         0      0        0
  SINCE MAR 1      0                         0      0        0
  SINCE JAN 1      0                         0      0        0
..................................................................


WIND (MPH)
  HIGHEST WIND SPEED    10   HIGHEST WIND DIRECTION    NW (330)
  HIGHEST GUST SPEED    13   HIGHEST GUST DIRECTION    NW (330)
  AVERAGE WIND SPEED     2.0


SKY COVER
  POSSIBLE SUNSHINE  MM
  AVERAGE SKY COVER 0.0


WEATHER CONDITIONS
 THE FOLLOWING WEATHER WAS RECORDED YESTERDAY.
  FOG
  HAZE


RELATIVE HUMIDITY (PERCENT)
 HIGHEST    95           900 AM
 LOWEST     55           400 PM
 AVERAGE    75

..........................................................


THE LANDER WY CLIMATE NORMALS FOR TODAY
                         NORMAL    RECORD    YEAR
 MAXIMUM TEMPERATURE (F)   44        62      2005
                                             1936
 MINIMUM TEMPERATURE (F)   20       -21      1943


SUNRISE AND SUNSET
MARCH  6 2015.........SUNRISE   643 AM MST   SUNSET   610 PM MST
MARCH  7 2015.........SUNRISE   641 AM MST   SUNSET   612 PM MST


-  INDICATES NEGATIVE NUMBERS.
R  INDICATES RECORD WAS SET OR TIED.
MM INDICATES DATA IS MISSING.
T  INDICATES TRACE AMOUNT.




$$
