000
CDUS45 KRIW 290740
CLILND


CLIMATE REPORT
NATIONAL WEATHER SERVICE RIVERTON WY
137 AM MDT FRI MAY 29 2015


...................................

...THE LANDER WY CLIMATE SUMMARY FOR MAY 28 2015...

CLIMATE NORMAL PERIOD 1981 TO 2010
CLIMATE RECORD PERIOD 1891 TO 2015


WEATHER ITEM   OBSERVED TIME   RECORD YEAR NORMAL DEPARTURE LAST
                VALUE   (LST)  VALUE       VALUE  FROM      YEAR
                                                  NORMAL
..................................................................
TEMPERATURE (F)
 YESTERDAY
  MAXIMUM         66    312 PM  90    2003  70     -4       87
  MINIMUM         46    538 AM  27    1947  43      3       51
  AVERAGE         56                        57     -1       69

PRECIPITATION (IN)
  YESTERDAY        0.15          1.24 1956   0.06   0.09      T
  MONTH TO DATE    6.09                      2.01   4.08     1.50
  SINCE MAR 1      8.95                      5.04   3.91     3.38
  SINCE JAN 1     10.51                      6.03   4.48     4.18

SNOWFALL (IN)
  YESTERDAY        0.0                       0.1   -0.1      0.0
  MONTH TO DATE    0.8                       4.8   -4.0      2.2
  SINCE MAR 1     20.0                      37.7  -17.7     20.4
  SINCE JUL 1     73.9                      91.3  -17.4     75.7
  SNOW DEPTH       0

DEGREE DAYS
 HEATING
  YESTERDAY        9                         8      1        0
  MONTH TO DATE  439                       344     95      325
  SINCE MAR 1   1797                      1894    -97     1841
  SINCE JUL 1   6921                      7598   -677     7577

 COOLING
  YESTERDAY        0                         0      0        4
  MONTH TO DATE    0                         0      0       10
  SINCE MAR 1      0                         0      0       10
  SINCE JAN 1      0                         0      0       10
..................................................................


WIND (MPH)
  HIGHEST WIND SPEED    26   HIGHEST WIND DIRECTION    NW (310)
  HIGHEST GUST SPEED    37   HIGHEST GUST DIRECTION    NW (300)
  AVERAGE WIND SPEED     6.4


SKY COVER
  POSSIBLE SUNSHINE  MM
  AVERAGE SKY COVER 0.4


WEATHER CONDITIONS
 THE FOLLOWING WEATHER WAS RECORDED YESTERDAY.
  THUNDERSTORM
  RAIN
  LIGHT RAIN


RELATIVE HUMIDITY (PERCENT)
 HIGHEST    86          1100 PM
 LOWEST     39           300 PM
 AVERAGE    63

..........................................................


THE LANDER WY CLIMATE NORMALS FOR TODAY
                         NORMAL    RECORD    YEAR
 MAXIMUM TEMPERATURE (F)   71        93      2003
 MINIMUM TEMPERATURE (F)   44        24      1947


SUNRISE AND SUNSET
MAY 29 2015...........SUNRISE   541 AM MDT   SUNSET   844 PM MDT
MAY 30 2015...........SUNRISE   540 AM MDT   SUNSET   845 PM MDT


-  INDICATES NEGATIVE NUMBERS.
R  INDICATES RECORD WAS SET OR TIED.
MM INDICATES DATA IS MISSING.
T  INDICATES TRACE AMOUNT.




$$
