000
CDUS45 KRIW 280731
CLILND


CLIMATE REPORT
NATIONAL WEATHER SERVICE RIVERTON WY
130 AM MDT WED JUN 28 2017


...................................

...THE LANDER WY CLIMATE SUMMARY FOR JUNE 27 2017...

CLIMATE NORMAL PERIOD 1981 TO 2010
CLIMATE RECORD PERIOD 1891 TO 2017


WEATHER ITEM   OBSERVED TIME   RECORD YEAR NORMAL DEPARTURE LAST
                VALUE   (LST)  VALUE       VALUE  FROM      YEAR
                                                  NORMAL
..................................................................
TEMPERATURE (F)
 YESTERDAY
  MAXIMUM         83   1241 PM  96    2013  82      1       87
                                      1990
                                      1970
  MINIMUM         49   1140 PM  39    1969  52     -3       53
                                      1915
                                      1914
  AVERAGE         66                        67     -1       70

PRECIPITATION (IN)
  YESTERDAY        T             0.74 1927   0.02  -0.02     0.00
  MONTH TO DATE    0.26                      1.20  -0.94     0.47
  SINCE JUN 1      0.26                      1.20  -0.94     0.47
  SINCE JAN 1     12.75                      7.42   5.33    15.62

SNOWFALL (IN)
  YESTERDAY        0.0                       0.0    0.0      0.0
  MONTH TO DATE    0.0                       0.1   -0.1      0.0
  SINCE JUN 1      0.0                       0.1   -0.1      0.0
  SINCE JUL 1     90.9                      91.4   -0.5     75.2
  SNOW DEPTH       0

DEGREE DAYS
 HEATING
  YESTERDAY        0                         2     -2        0
  MONTH TO DATE   62                       121    -59       22
  SINCE JUN 1     62                       121    -59       22
  SINCE JUL 1   7529                      7743   -214     7015

 COOLING
  YESTERDAY        1                         4     -3        5
  MONTH TO DATE   44                        53     -9      111
  SINCE JUN 1     44                        53     -9      111
  SINCE JAN 1     44                        58    -14      111
..................................................................


WIND (MPH)
  HIGHEST WIND SPEED    52   HIGHEST WIND DIRECTION    NW (320)
  HIGHEST GUST SPEED    65   HIGHEST GUST DIRECTION    NW (330)
  AVERAGE WIND SPEED     9.6


SKY COVER
  POSSIBLE SUNSHINE  MM
  AVERAGE SKY COVER 0.1


WEATHER CONDITIONS
 THE FOLLOWING WEATHER WAS RECORDED YESTERDAY.
  THUNDERSTORM
  LIGHT RAIN


RELATIVE HUMIDITY (PERCENT)
 HIGHEST    66          1100 PM
 LOWEST     20           100 PM
 AVERAGE    43

..........................................................


THE LANDER WY CLIMATE NORMALS FOR TODAY
                         NORMAL    RECORD    YEAR
 MAXIMUM TEMPERATURE (F)   83        97      2002
 MINIMUM TEMPERATURE (F)   52        34      1945
                                             1908


SUNRISE AND SUNSET
JUNE 28 2017..........SUNRISE   539 AM MDT   SUNSET   857 PM MDT
JUNE 29 2017..........SUNRISE   539 AM MDT   SUNSET   857 PM MDT


-  INDICATES NEGATIVE NUMBERS.
R  INDICATES RECORD WAS SET OR TIED.
MM INDICATES DATA IS MISSING.
T  INDICATES TRACE AMOUNT.




$$
