000
CDUS45 KRIW 060736
CLILND


CLIMATE REPORT
NATIONAL WEATHER SERVICE RIVERTON WY
127 AM MDT FRI MAY 6 2016


...................................

...THE LANDER WY CLIMATE SUMMARY FOR MAY 5 2016...

CLIMATE NORMAL PERIOD 1981 TO 2010
CLIMATE RECORD PERIOD 1891 TO 2016


WEATHER ITEM   OBSERVED TIME   RECORD YEAR NORMAL DEPARTURE LAST
                VALUE   (LST)  VALUE       VALUE  FROM      YEAR
                                                  NORMAL
..................................................................
TEMPERATURE (F)
 YESTERDAY
  MAXIMUM         78    326 PM  82    1966  63     15       70
                                      1934
                                      1911
  MINIMUM         50    533 AM  18    1912  37     13       44
  AVERAGE         64                        50     14       57

PRECIPITATION (IN)
  YESTERDAY        0.00          1.45 2007   0.08  -0.08      T
  MONTH TO DATE    T                         0.38  -0.38      T
  SINCE MAR 1      9.20                      3.41   5.79     2.86
  SINCE JAN 1     10.12                      4.40   5.72     4.42

SNOWFALL (IN)
  YESTERDAY        0.0                       0.3   -0.3      0.0
  MONTH TO DATE    0.0                       1.7   -1.7      0.0
  SINCE MAR 1     37.6                      34.6    3.0     19.2
  SINCE JUL 1     74.6                      88.2  -13.6     73.1
  SNOW DEPTH       0

DEGREE DAYS
 HEATING
  YESTERDAY        1                        15    -14        8
  MONTH TO DATE   59                        79    -20       40
  SINCE MAR 1   1485                      1629   -144     1398
  SINCE JUL 1   6636                      7333   -697     6522

 COOLING
  YESTERDAY        0                         0      0        0
  MONTH TO DATE    0                         0      0        0
  SINCE MAR 1      0                         0      0        0
  SINCE JAN 1      0                         0      0        0
..................................................................


WIND (MPH)
  HIGHEST WIND SPEED    23   HIGHEST WIND DIRECTION     S (170)
  HIGHEST GUST SPEED    27   HIGHEST GUST DIRECTION     S (170)
  AVERAGE WIND SPEED     6.3


SKY COVER
  POSSIBLE SUNSHINE  MM
  AVERAGE SKY COVER 0.0


WEATHER CONDITIONS
 THE FOLLOWING WEATHER WAS RECORDED YESTERDAY.
  NO SIGNIFICANT WEATHER WAS OBSERVED.


RELATIVE HUMIDITY (PERCENT)
 HIGHEST    54           700 AM
 LOWEST     23           300 PM
 AVERAGE    39

..........................................................


THE LANDER WY CLIMATE NORMALS FOR TODAY
                         NORMAL    RECORD    YEAR
 MAXIMUM TEMPERATURE (F)   63        85      1992
 MINIMUM TEMPERATURE (F)   37        19      1917
                                             1909


SUNRISE AND SUNSET
MAY  6 2016...........SUNRISE   602 AM MDT   SUNSET   822 PM MDT
MAY  7 2016...........SUNRISE   601 AM MDT   SUNSET   823 PM MDT


-  INDICATES NEGATIVE NUMBERS.
R  INDICATES RECORD WAS SET OR TIED.
MM INDICATES DATA IS MISSING.
T  INDICATES TRACE AMOUNT.




$$
