000
CDUS43 KOAX 240637
CLILNK


CLIMATE REPORT
NATIONAL WEATHER SERVICE OMAHA NEBRASKA
136 AM CDT MON APR 24 2017


...................................

...THE LINCOLN, NEBRASKA CLIMATE SUMMARY FOR APRIL 23 2017...

CLIMATE NORMAL PERIOD 1981 TO 2010
CLIMATE RECORD PERIOD 1887 TO 2017


WEATHER ITEM   OBSERVED TIME   RECORD YEAR NORMAL DEPARTURE LAST
                VALUE   (LST)  VALUE       VALUE  FROM      YEAR
                                                  NORMAL
..................................................................
TEMPERATURE (F)
 YESTERDAY
  MAXIMUM         73    420 PM  89    2009  67      6       82
                                      1921
  MINIMUM         32    407 AM  26    1996  42    -10       47
  AVERAGE         53                        54     -1       65

PRECIPITATION (IN)
  YESTERDAY        0.00          1.73 1897   0.11  -0.11     0.00
  MONTH TO DATE    1.62                      1.92  -0.30     2.28
  SINCE MAR 1      3.24                      3.85  -0.61     3.21
  SINCE JAN 1      4.89                      5.26  -0.37     4.80

SNOWFALL (IN)
  YESTERDAY        0.0                       0.1   -0.1      0.0
  MONTH TO DATE    0.0                       1.3   -1.3      0.0
  SINCE JUL 1      7.5                      25.8  -18.3     20.5
  SNOW DEPTH       0

DEGREE DAYS
 HEATING
  YESTERDAY       12                        11      1        0
  MONTH TO DATE  222                       346   -124      239
  SINCE MAR 1    876                      1119   -243      777
  SINCE JUL 1   4759                      5822  -1063     4694

 COOLING
  YESTERDAY        0                         1     -1        0
  MONTH TO DATE   12                         6      6        3
  SINCE MAR 1     13                         7      6        4
  SINCE JAN 1     13                         7      6        4
..................................................................


WIND (MPH)
  HIGHEST WIND SPEED    24   HIGHEST WIND DIRECTION     S (190)
  HIGHEST GUST SPEED    33   HIGHEST GUST DIRECTION     S (180)
  AVERAGE WIND SPEED     9.9


SKY COVER
  POSSIBLE SUNSHINE  MM
  AVERAGE SKY COVER 0.0


WEATHER CONDITIONS
 THE FOLLOWING WEATHER WAS RECORDED YESTERDAY.
  NO SIGNIFICANT WEATHER WAS OBSERVED.


RELATIVE HUMIDITY (PERCENT)
 HIGHEST    89           400 AM
 LOWEST     20           200 PM
 AVERAGE    55

..........................................................


THE LINCOLN, NEBRASKA CLIMATE NORMALS FOR TODAY
                         NORMAL    RECORD    YEAR
 MAXIMUM TEMPERATURE (F)   67        94      1989
 MINIMUM TEMPERATURE (F)   42        22      2013


SUNRISE AND SUNSET
APRIL 24 2017.........SUNRISE   634 AM CDT   SUNSET   816 PM CDT
APRIL 25 2017.........SUNRISE   633 AM CDT   SUNSET   817 PM CDT


-  INDICATES NEGATIVE NUMBERS.
R  INDICATES RECORD WAS SET OR TIED.
MM INDICATES DATA IS MISSING.
T  INDICATES TRACE AMOUNT.




$$
