000
CDUS43 KOAX 222206
CLILNK


CLIMATE REPORT
NATIONAL WEATHER SERVICE OMAHA NEBRASKA
504 PM CDT SAT JUL 22 2017


...................................

...THE LINCOLN, NEBRASKA CLIMATE SUMMARY FOR JULY 22 2017...
VALID TODAY AS OF 400 PM LOCAL TIME.

CLIMATE NORMAL PERIOD 1981 TO 2010
CLIMATE RECORD PERIOD 1887 TO 2017


WEATHER ITEM   OBSERVED TIME   RECORD YEAR NORMAL DEPARTURE LAST
                VALUE   (LST)  VALUE       VALUE  FROM      YEAR
                                                  NORMAL
..................................................................
TEMPERATURE (F)
 TODAY
  MAXIMUM         93    220 PM 105    2012  89      4       96
                                      1941
                                      1934
  MINIMUM         77    536 AM  53    1947  66     11       77
                                      1942
                                      1915
  AVERAGE         85                        78      7       87

PRECIPITATION (IN)
  TODAY            0.00          1.47 1971   0.10  -0.10     0.00
  MONTH TO DATE    3.16                      2.48   0.68     4.21
  SINCE JUN 1     10.51                      6.83   3.68     4.79
  SINCE JAN 1     23.62                     17.17   6.45    17.10

SNOWFALL (IN)
  TODAY            0.0                       0.0    0.0      0.0
  MONTH TO DATE    0.0                       0.0    0.0      0.0
  SINCE JUL 1      0.0                       0.0    0.0      0.0
  SNOW DEPTH       0

DEGREE DAYS
 HEATING
  TODAY            0                         0      0        0
  MONTH TO DATE    0                         0      0        0
  SINCE JUN 1      2                        16    -14        0
  SINCE JUL 1      0                         0      0        0

 COOLING
  TODAY           20                        13      7       22
  MONTH TO DATE  336                       279     57      292
  SINCE JUN 1    642                       521    121      712
  SINCE JAN 1    725                       600    125      783
..................................................................


WIND (MPH)
  HIGHEST WIND SPEED    16   HIGHEST WIND DIRECTION     N (20)
  HIGHEST GUST SPEED    20   HIGHEST GUST DIRECTION     N (20)
  AVERAGE WIND SPEED     9.9


SKY COVER
  POSSIBLE SUNSHINE  MM
  AVERAGE SKY COVER 0.3


WEATHER CONDITIONS
 THE FOLLOWING WEATHER WAS RECORDED TODAY.
  FOG


RELATIVE HUMIDITY (PERCENT)
 HIGHEST    97           700 AM
 LOWEST     55          1200 AM
 AVERAGE    76

..........................................................


THE LINCOLN, NEBRASKA CLIMATE NORMALS FOR TOMORROW
                         NORMAL    RECORD    YEAR
 MAXIMUM TEMPERATURE (F)   89       106      1941
 MINIMUM TEMPERATURE (F)   66        48      1948


SUNRISE AND SUNSET
JULY 22 2017..........SUNRISE   614 AM CDT   SUNSET   852 PM CDT
JULY 23 2017..........SUNRISE   615 AM CDT   SUNSET   851 PM CDT


-  INDICATES NEGATIVE NUMBERS.
R  INDICATES RECORD WAS SET OR TIED.
MM INDICATES DATA IS MISSING.
T  INDICATES TRACE AMOUNT.




$$

Klish
