148
CDUS43 KOAX 100627
CLILNK


CLIMATE REPORT
NATIONAL WEATHER SERVICE OMAHA NEBRASKA
1225 AM CST SAT DEC 10 2016


...................................

...THE LINCOLN, NEBRASKA CLIMATE SUMMARY FOR DECEMBER 9 2016...

CLIMATE NORMAL PERIOD 1981 TO 2010
CLIMATE RECORD PERIOD 1887 TO 2016


WEATHER ITEM   OBSERVED TIME   RECORD YEAR NORMAL DEPARTURE LAST
                VALUE   (LST)  VALUE       VALUE  FROM      YEAR
                                                  NORMAL
..................................................................
TEMPERATURE (F)
 YESTERDAY
  MAXIMUM         23   1159 PM  66    1957  38    -15       63
                                      1939
  MINIMUM          3    619 AM -17    1919  18    -15       30
  AVERAGE         13                        28    -15       47

PRECIPITATION (IN)
  YESTERDAY        0.00          0.73 1911   0.03  -0.03     0.00
  MONTH TO DATE    0.53                      0.32   0.21      T
  SINCE DEC 1      0.53                      0.32   0.21      T
  SINCE JAN 1     27.81                     28.32  -0.51    36.74

SNOWFALL (IN)
  YESTERDAY        0.0                       0.2   -0.2      0.0
  MONTH TO DATE    1.5                       1.6   -0.1       T
  SINCE JUL 1      1.5                       4.4   -2.9      1.3
  SNOW DEPTH       0

DEGREE DAYS
 HEATING
  YESTERDAY       52                        37     15       18
  MONTH TO DATE  336                       320     16      225
  SINCE DEC 1    336                       320     16      225
  SINCE JUL 1   1144                      1581   -437     1125

 COOLING
  YESTERDAY        0                         0      0        0
  MONTH TO DATE    0                         0      0        0
  SINCE DEC 1      0                         0      0        0
  SINCE JAN 1   1449                      1173    276     1243
..................................................................


WIND (MPH)
  HIGHEST WIND SPEED    10   HIGHEST WIND DIRECTION    SE (120)
  HIGHEST GUST SPEED    13   HIGHEST GUST DIRECTION    SE (150)
  AVERAGE WIND SPEED     3.6


SKY COVER
  POSSIBLE SUNSHINE  MM
  AVERAGE SKY COVER 0.6


WEATHER CONDITIONS
 THE FOLLOWING WEATHER WAS RECORDED YESTERDAY.
  NO SIGNIFICANT WEATHER WAS OBSERVED.


RELATIVE HUMIDITY (PERCENT)
 HIGHEST    87           300 AM
 LOWEST     62           200 PM
 AVERAGE    75

..........................................................


THE LINCOLN, NEBRASKA CLIMATE NORMALS FOR TODAY
                         NORMAL    RECORD    YEAR
 MAXIMUM TEMPERATURE (F)   38        71      1890
 MINIMUM TEMPERATURE (F)   17       -20      1919


SUNRISE AND SUNSET
DECEMBER 10 2016......SUNRISE   741 AM CST   SUNSET   459 PM CST
DECEMBER 11 2016......SUNRISE   742 AM CST   SUNSET   459 PM CST


-  INDICATES NEGATIVE NUMBERS.
R  INDICATES RECORD WAS SET OR TIED.
MM INDICATES DATA IS MISSING.
T  INDICATES TRACE AMOUNT.




$$
