000
CDUS43 KOAX 200633
CLILNK


CLIMATE REPORT
NATIONAL WEATHER SERVICE OMAHA NEBRASKA
131 AM CDT SUN APR 20 2014


...................................

...THE LINCOLN, NEBRASKA CLIMATE SUMMARY FOR APRIL 19 2014...

CLIMATE NORMAL PERIOD 1981 TO 2010
CLIMATE RECORD PERIOD 1887 TO 2014


WEATHER ITEM   OBSERVED TIME   RECORD YEAR NORMAL DEPARTURE LAST
                VALUE   (LST)  VALUE       VALUE  FROM      YEAR
                                                  NORMAL
..................................................................
TEMPERATURE (F)
 YESTERDAY
  MAXIMUM         82    219 PM  92    1987  66     16       49
  MINIMUM         53    551 AM  25    2013  40     13       25
                                      1989
  AVERAGE         68                        53     15       37

PRECIPITATION (IN)
  YESTERDAY        0.00          1.54 1916   0.09  -0.09     0.00
  MONTH TO DATE    1.48                      1.50  -0.02     2.47
  SINCE MAR 1      1.61                      3.43  -1.82     4.59
  SINCE JAN 1      2.47                      4.84  -2.37     5.86

SNOWFALL (IN)
  YESTERDAY        0.0                       0.0    0.0      0.0
  MONTH TO DATE    0.5                       1.1   -0.6      0.6
  SINCE JUL 1     18.2                      25.6   -7.4     24.8
  SNOW DEPTH       0

DEGREE DAYS
 HEATING
  YESTERDAY        0                        13    -13       28
  MONTH TO DATE  302                       299      3      409
  SINCE MAR 1   1159                      1072     87     1338
  SINCE JUL 1   6276                      5775    501     5966

 COOLING
  YESTERDAY        3                         1      2        0
  MONTH TO DATE    8                         2      6        0
  SINCE MAR 1      8                         3      5        0
  SINCE JAN 1      8                         3      5        0
..................................................................


WIND (MPH)
  HIGHEST WIND SPEED    29   HIGHEST WIND DIRECTION     S (200)
  HIGHEST GUST SPEED    35   HIGHEST GUST DIRECTION     S (170)
  AVERAGE WIND SPEED    17.1


SKY COVER
  POSSIBLE SUNSHINE  MM
  AVERAGE SKY COVER 0.3


WEATHER CONDITIONS
 THE FOLLOWING WEATHER WAS RECORDED YESTERDAY.
  NO SIGNIFICANT WEATHER WAS OBSERVED.


RELATIVE HUMIDITY (PERCENT)
 HIGHEST    59           500 AM
 LOWEST     30           300 PM
 AVERAGE    45

..........................................................


THE LINCOLN, NEBRASKA CLIMATE NORMALS FOR TODAY
                         NORMAL    RECORD    YEAR
 MAXIMUM TEMPERATURE (F)   66        95      1902
 MINIMUM TEMPERATURE (F)   41        20      2013


SUNRISE AND SUNSET
APRIL 20 2014.........SUNRISE   641 AM CDT   SUNSET   812 PM CDT
APRIL 21 2014.........SUNRISE   639 AM CDT   SUNSET   813 PM CDT


-  INDICATES NEGATIVE NUMBERS.
R  INDICATES RECORD WAS SET OR TIED.
MM INDICATES DATA IS MISSING.
T  INDICATES TRACE AMOUNT.




$$
