000
CDUS43 KOAX 240633
CLILNK


CLIMATE REPORT
NATIONAL WEATHER SERVICE OMAHA NEBRASKA
132 AM CDT FRI OCT 24 2014


...................................

...THE LINCOLN, NEBRASKA CLIMATE SUMMARY FOR OCTOBER 23 2014...

CLIMATE NORMAL PERIOD 1981 TO 2010
CLIMATE RECORD PERIOD 1887 TO 2014


WEATHER ITEM   OBSERVED TIME   RECORD YEAR NORMAL DEPARTURE LAST
                VALUE   (LST)  VALUE       VALUE  FROM      YEAR
                                                  NORMAL
..................................................................
TEMPERATURE (F)
 YESTERDAY
  MAXIMUM         73    322 PM  84    1915  63     10       55
                                      1899
  MINIMUM         50    549 AM  20    1981  38     12       27
  AVERAGE         62                        50     12       41

PRECIPITATION (IN)
  YESTERDAY        0.00          1.18 1932   0.06  -0.06     0.00
  MONTH TO DATE    2.46                      1.54   0.92     2.59
  SINCE SEP 1      9.35                      4.56   4.79     4.58
  SINCE JAN 1     33.05                     26.14   6.91    25.03

SNOWFALL (IN)
  YESTERDAY        0.0                       0.1   -0.1      0.0
  MONTH TO DATE    0.0                       0.4   -0.4      0.0
  SINCE JUL 1      0.0                       0.4   -0.4      0.0
  SNOW DEPTH       0

DEGREE DAYS
 HEATING
  YESTERDAY        3                        15    -12       24
  MONTH TO DATE  215                       248    -33      256
  SINCE SEP 1    308                       340    -32      284
  SINCE JUL 1    310                       346    -36      287

 COOLING
  YESTERDAY        0                         0      0        0
  MONTH TO DATE    6                        12     -6       18
  SINCE SEP 1    122                       135    -13      221
  SINCE JAN 1   1233                      1170     63     1236
..................................................................


WIND (MPH)
  HIGHEST WIND SPEED    10   HIGHEST WIND DIRECTION    SW (210)
  HIGHEST GUST SPEED    13   HIGHEST GUST DIRECTION    SW (220)
  AVERAGE WIND SPEED     3.7


SKY COVER
  POSSIBLE SUNSHINE  MM
  AVERAGE SKY COVER 0.5


WEATHER CONDITIONS
 THE FOLLOWING WEATHER WAS RECORDED YESTERDAY.
  FOG
  FOG W/VISIBILITY <= 1/4 MILE


RELATIVE HUMIDITY (PERCENT)
 HIGHEST   100           600 AM
 LOWEST     47           300 PM
 AVERAGE    74

..........................................................


THE LINCOLN, NEBRASKA CLIMATE NORMALS FOR TODAY
                         NORMAL    RECORD    YEAR
 MAXIMUM TEMPERATURE (F)   62        89      1927
 MINIMUM TEMPERATURE (F)   38        17      1887


SUNRISE AND SUNSET
OCTOBER 24 2014.......SUNRISE   748 AM CDT   SUNSET   633 PM CDT
OCTOBER 25 2014.......SUNRISE   749 AM CDT   SUNSET   632 PM CDT


-  INDICATES NEGATIVE NUMBERS.
R  INDICATES RECORD WAS SET OR TIED.
MM INDICATES DATA IS MISSING.
T  INDICATES TRACE AMOUNT.




$$
