000
CDUS43 KOAX 020714
CLILNK


CLIMATE REPORT
NATIONAL WEATHER SERVICE OMAHA NEBRASKA
213 AM CDT TUE JUN 2 2015


...................................

...THE LINCOLN, NEBRASKA CLIMATE SUMMARY FOR JUNE 1 2015...

CLIMATE NORMAL PERIOD 1981 TO 2010
CLIMATE RECORD PERIOD 1887 TO 2015


WEATHER ITEM   OBSERVED TIME   RECORD YEAR NORMAL DEPARTURE LAST
                VALUE   (LST)  VALUE       VALUE  FROM      YEAR
                                                  NORMAL
..................................................................
TEMPERATURE (F)
 YESTERDAY
  MAXIMUM         77    353 PM  96    1934  80     -3       91
  MINIMUM         54    517 AM  40    1979  56     -2       62
  AVERAGE         66                        68     -2       77

PRECIPITATION (IN)
  YESTERDAY        0.00          3.02 1951   0.15  -0.15     0.73
  MONTH TO DATE    0.00                      0.15  -0.15     0.73
  SINCE JUN 1      0.00                      0.15  -0.15     0.73
  SINCE JAN 1     15.50                     10.49   5.01    10.48

SNOWFALL (IN)
  YESTERDAY        0.0                       0.0    0.0      0.0
  MONTH TO DATE    0.0                       0.0    0.0      0.0
  SINCE JUL 1     21.9                      25.9   -4.0     18.2
  SNOW DEPTH       0

DEGREE DAYS
 HEATING
  YESTERDAY        0                         2     -2        0
  MONTH TO DATE    0                         2     -2        0
  SINCE JUN 1      0                         2     -2        0
  SINCE JUL 1   5829                      6042   -213     6482

 COOLING
  YESTERDAY        1                         4     -3       12
  MONTH TO DATE    1                         4     -3       12
  SINCE JUN 1      1                         4     -3       12
  SINCE JAN 1     53                        83    -30      172
..................................................................


WIND (MPH)
  HIGHEST WIND SPEED    20   HIGHEST WIND DIRECTION     S (160)
  HIGHEST GUST SPEED    24   HIGHEST GUST DIRECTION     S (160)
  AVERAGE WIND SPEED     9.6


SKY COVER
  POSSIBLE SUNSHINE  MM
  AVERAGE SKY COVER 0.3


WEATHER CONDITIONS
 THE FOLLOWING WEATHER WAS RECORDED YESTERDAY.
  NO SIGNIFICANT WEATHER WAS OBSERVED.


RELATIVE HUMIDITY (PERCENT)
 HIGHEST    78          1100 PM
 LOWEST     46           100 PM
 AVERAGE    62

..........................................................


THE LINCOLN, NEBRASKA CLIMATE NORMALS FOR TODAY
                         NORMAL    RECORD    YEAR
 MAXIMUM TEMPERATURE (F)   80       100      1911
 MINIMUM TEMPERATURE (F)   57        43      1978
                                             1964


SUNRISE AND SUNSET
JUNE  2 2015..........SUNRISE   557 AM CDT   SUNSET   853 PM CDT
JUNE  3 2015..........SUNRISE   557 AM CDT   SUNSET   854 PM CDT


-  INDICATES NEGATIVE NUMBERS.
R  INDICATES RECORD WAS SET OR TIED.
MM INDICATES DATA IS MISSING.
T  INDICATES TRACE AMOUNT.




$$
