305
CDUS43 KOAX 252141
CLILNK


CLIMATE REPORT
NATIONAL WEATHER SERVICE OMAHA NEBRASKA
440 PM CDT MON JUL 25 2016


...................................

...THE LINCOLN, NEBRASKA CLIMATE SUMMARY FOR JULY 25 2016...
VALID TODAY AS OF 0400 PM LOCAL TIME.

CLIMATE NORMAL PERIOD 1981 TO 2010
CLIMATE RECORD PERIOD 1887 TO 2016


WEATHER ITEM   OBSERVED TIME   RECORD YEAR NORMAL DEPARTURE LAST
                VALUE   (LST)  VALUE       VALUE  FROM      YEAR
                                                  NORMAL
..................................................................
TEMPERATURE (F)
 TODAY
  MAXIMUM         89    210 PM 115    1936  89      0       84
  MINIMUM         64    516 AM  51    2004  66     -2       72
  AVERAGE         77                        78     -1       78

PRECIPITATION (IN)
  TODAY            0.00          5.42 1990   0.10  -0.10     0.12
  MONTH TO DATE    4.21                      2.78   1.43     2.35
  SINCE JUN 1      4.79                      7.13  -2.34    10.01
  SINCE JAN 1     17.10                     17.47  -0.37    25.51

SNOWFALL (IN)
  TODAY            0.0                       0.0    0.0      0.0
  MONTH TO DATE    0.0                       0.0    0.0      0.0
  SINCE JUL 1      0.0                       0.0    0.0      0.0
  SNOW DEPTH       0

DEGREE DAYS
 HEATING
  TODAY            0                         0      0        0
  MONTH TO DATE    0                         0      0        1
  SINCE JUN 1      0                        16    -16        1
  SINCE JUL 1      0                         0      0        1

 COOLING
  TODAY           12                        13     -1       13
  MONTH TO DATE  336                       318     18      296
  SINCE JUN 1    756                       560    196      559
  SINCE JAN 1    827                       639    188      611
..................................................................


WIND (MPH)
  HIGHEST WIND SPEED    12   HIGHEST WIND DIRECTION     E (090)
  HIGHEST GUST SPEED    18   HIGHEST GUST DIRECTION     E (080)
  AVERAGE WIND SPEED     4.6


SKY COVER
  POSSIBLE SUNSHINE  MM
  AVERAGE SKY COVER 0.2


WEATHER CONDITIONS
 THE FOLLOWING WEATHER WAS RECORDED TODAY.
  NO SIGNIFICANT WEATHER WAS OBSERVED.


RELATIVE HUMIDITY (PERCENT)
 HIGHEST    93           100 AM
 LOWEST     36           200 PM
 AVERAGE    65

..........................................................


THE LINCOLN, NEBRASKA CLIMATE NORMALS FOR TOMORROW
                         NORMAL    RECORD    YEAR
 MAXIMUM TEMPERATURE (F)   89       109      1936
 MINIMUM TEMPERATURE (F)   66        49      2004


SUNRISE AND SUNSET
JULY 25 2016..........SUNRISE   617 AM CDT   SUNSET   849 PM CDT
JULY 26 2016..........SUNRISE   618 AM CDT   SUNSET   848 PM CDT


-  INDICATES NEGATIVE NUMBERS.
R  INDICATES RECORD WAS SET OR TIED.
MM INDICATES DATA IS MISSING.
T  INDICATES TRACE AMOUNT.




$$
