000
CDUS43 KLOT 240633
CLILOT


CLIMATE REPORT
NATIONAL WEATHER SERVICE CHICAGO IL
133 AM CDT WED AUG 24 2016


...................................

...THE ROMEOVILLE  WFO CLIMATE SUMMARY FOR AUGUST 23 2016...

CLIMATE NORMAL PERIOD 1981 TO 2010
CLIMATE RECORD PERIOD 1992 TO 2016


WEATHER ITEM   OBSERVED RECORD YEAR NORMAL DEPARTURE LAST
                VALUE   VALUE       VALUE  FROM      YEAR
                                           NORMAL
...........................................................
TEMPERATURE (F)
 YESTERDAY
  MAXIMUM         80     91    2012  82     -2       76
  MINIMUM         61     51    1997  62     -1       58
  AVERAGE         71                 72     -1       67

PRECIPITATION (IN)
  YESTERDAY        0.00   2.15 2007   0.12  -0.12      T
  MONTH TO DATE    5.17               3.05   2.12     2.86
  SINCE JUN 1     14.93              12.10   2.83    15.51
  SINCE JAN 1     27.16              26.80   0.36    27.42

DEGREE DAYS
 HEATING
  YESTERDAY        0                  0      0
  MONTH TO DATE    0                  0      0
  SINCE JUN 1      9                 35    -26
  SINCE JUL 1      2                  2      0

 COOLING
  YESTERDAY        6                  7     -1
  MONTH TO DATE  236                179     57
  SINCE JUN 1    765                641    124
  SINCE JAN 1    858                699    159
...........................................................







THE ROMEOVILLE  WFO CLIMATE NORMALS FOR TODAY
                         NORMAL    RECORD    YEAR
 MAXIMUM TEMPERATURE (F)   82        93      2012
 MINIMUM TEMPERATURE (F)   62        53      2015


SUNRISE AND SUNSET
AUGUST 24 2016........SUNRISE   611 AM CDT   SUNSET   738 PM CDT
AUGUST 25 2016........SUNRISE   612 AM CDT   SUNSET   736 PM CDT


-  INDICATES NEGATIVE NUMBERS.
R  INDICATES RECORD WAS SET OR TIED.
MM INDICATES DATA IS MISSING.
T  INDICATES TRACE AMOUNT.




$$
