000
CDUS43 KLOT 230633
CLILOT


CLIMATE REPORT
NATIONAL WEATHER SERVICE CHICAGO IL
133 AM CDT THU MAR 23 2017


...................................

...THE ROMEOVILLE  WFO CLIMATE SUMMARY FOR MARCH 22 2017...

CLIMATE NORMAL PERIOD 1981 TO 2010
CLIMATE RECORD PERIOD 1992 TO 2017


WEATHER ITEM   OBSERVED RECORD YEAR NORMAL DEPARTURE LAST
                VALUE   VALUE       VALUE  FROM      YEAR
                                           NORMAL
...........................................................
TEMPERATURE (F)
 YESTERDAY
  MAXIMUM         38     83    2012  51    -13       66
  MINIMUM         27     13    2002  32     -5       42
  AVERAGE         33                 41     -8       54

PRECIPITATION (IN)
  YESTERDAY        0.00   1.09 1993   0.10  -0.10     0.00
  MONTH TO DATE    1.36               1.95  -0.59     2.01
  SINCE MAR 1      1.36               1.95  -0.59     2.01
  SINCE JAN 1      7.07               5.66   1.41     4.08

SNOWFALL (IN)
  YESTERDAY        0.0    1.7  1993   0.1   -0.1      0.0
  MONTH TO DATE    4.9                3.9    1.0      2.0
  SINCE MAR 1      4.9                3.9    1.0      2.0
  SINCE JUL 1     24.3               31.3   -7.0     21.9
  SNOW DEPTH       0

DEGREE DAYS
 HEATING
  YESTERDAY       32                 24      8
  MONTH TO DATE  631                618     13
  SINCE MAR 1    631                618     13
  SINCE JUL 1   4606               5346   -740

 COOLING
  YESTERDAY        0                  0      0
  MONTH TO DATE    0                  0      0
  SINCE MAR 1      0                  0      0
  SINCE JAN 1      0                  0      0
...........................................................







THE ROMEOVILLE  WFO CLIMATE NORMALS FOR TODAY
                         NORMAL    RECORD    YEAR
 MAXIMUM TEMPERATURE (F)   51        78      1994
 MINIMUM TEMPERATURE (F)   32        17      1992


SUNRISE AND SUNSET
MARCH 23 2017.........SUNRISE   650 AM CDT   SUNSET   708 PM CDT
MARCH 24 2017.........SUNRISE   648 AM CDT   SUNSET   709 PM CDT


-  INDICATES NEGATIVE NUMBERS.
R  INDICATES RECORD WAS SET OR TIED.
MM INDICATES DATA IS MISSING.
T  INDICATES TRACE AMOUNT.




$$
