000
CDUS43 KLOT 292135
CLILOT


CLIMATE REPORT
NATIONAL WEATHER SERVICE CHICAGO IL
435 PM CDT SAT APR 29 2017


...................................

...THE ROMEOVILLE  WFO CLIMATE SUMMARY FOR APRIL 29 2017...
VALID TODAY AS OF 0400 PM LOCAL TIME.

CLIMATE NORMAL PERIOD 1981 TO 2010
CLIMATE RECORD PERIOD 1992 TO 2017


WEATHER ITEM   OBSERVED TIME   RECORD YEAR NORMAL DEPARTURE
                VALUE   (LST)  VALUE       VALUE  FROM
                                                  NORMAL
...............................................................
TEMPERATURE (F)
 TODAY
  MAXIMUM         47        MM  81    2007  66    -19
  MINIMUM         39    200 PM  32    2008  44     -5
  AVERAGE         43                        55    -12

PRECIPITATION (IN)
  TODAY            0.47R         0.45 1996   0.17   0.30
  MONTH TO DATE    3.79                      3.79   0.00
  SINCE MAR 1      8.71                      6.56   2.15
  SINCE JAN 1     14.42                     10.27   4.15

SNOWFALL (IN)
  TODAY            0.0           0.0  2011   0.0    0.0
                                      2010
                                      2009
  MONTH TO DATE    T                         0.5   -0.5
  SINCE MAR 1      4.9                       4.9    0.0
  SINCE JUL 1     24.3                      32.3   -8.0

DEGREE DAYS
 HEATING
  TODAY           22                        10     12
  MONTH TO DATE  324                       440   -116
  SINCE MAR 1   1119                      1257   -138
  SINCE JUL 1   5094                      5985   -891

 COOLING
  TODAY            0                         0      0
  MONTH TO DATE   11                         0     11
  SINCE MAR 1     11                         0     11
  SINCE JAN 1     11                         0     11
...............................................................







THE ROMEOVILLE  WFO CLIMATE NORMALS FOR TOMORROW
                         NORMAL    RECORD    YEAR
 MAXIMUM TEMPERATURE (F)   66        87      2001
 MINIMUM TEMPERATURE (F)   45        34      2008
                                             2005
                                             1994


SUNRISE AND SUNSET
APRIL 29 2017.........SUNRISE   551 AM CDT   SUNSET   748 PM CDT
APRIL 30 2017.........SUNRISE   550 AM CDT   SUNSET   750 PM CDT


-  INDICATES NEGATIVE NUMBERS.
R  INDICATES RECORD WAS SET OR TIED.
MM INDICATES DATA IS MISSING.
T  INDICATES TRACE AMOUNT.




$$
