000
CDUS43 KLOT 220633
CLILOT


CLIMATE REPORT
NATIONAL WEATHER SERVICE CHICAGO IL
1232 AM CST WED FEB 22 2017


...................................

...THE ROMEOVILLE  WFO CLIMATE SUMMARY FOR FEBRUARY 21 2017...

CLIMATE NORMAL PERIOD 1981 TO 2010
CLIMATE RECORD PERIOD 1992 TO 2017


WEATHER ITEM   OBSERVED RECORD YEAR NORMAL DEPARTURE LAST
                VALUE   VALUE       VALUE  FROM      YEAR
                                           NORMAL
...........................................................
TEMPERATURE (F)
 YESTERDAY
  MAXIMUM         64R    48    2003  38     26       44
  MINIMUM         48      8    2008  22     26       33
  AVERAGE         56                 30     26       39

PRECIPITATION (IN)
  YESTERDAY        0.12   2.69 1997   0.06   0.06     0.00
  MONTH TO DATE    0.66               1.22  -0.56     0.98
  SINCE DEC 1      4.85               5.40  -0.55     7.86
  SINCE JAN 1      3.33               3.15   0.18     2.01

SNOWFALL (IN)
  YESTERDAY        0.0    3.2  2009   0.2   -0.2      0.0
  MONTH TO DATE    1.3                4.9   -3.6      3.9
  SINCE DEC 1     19.4               25.0   -5.6     15.0
  SINCE JUL 1     19.4               25.9   -6.5     19.7
  SNOW DEPTH       0

DEGREE DAYS
 HEATING
  YESTERDAY        9                 35    -26
  MONTH TO DATE  596                810   -214
  SINCE DEC 1   2963               3272   -309
  SINCE JUL 1   3819               4491   -672

 COOLING
  YESTERDAY        0                  0      0
  MONTH TO DATE    0                  0      0
  SINCE DEC 1      0                  0      0
  SINCE JAN 1      0                  0      0
...........................................................







THE ROMEOVILLE  WFO CLIMATE NORMALS FOR TODAY
                         NORMAL    RECORD    YEAR
 MAXIMUM TEMPERATURE (F)   38        60      2000
 MINIMUM TEMPERATURE (F)   22         4      2015


SUNRISE AND SUNSET
FEBRUARY 22 2017......SUNRISE   637 AM CST   SUNSET   535 PM CST
FEBRUARY 23 2017......SUNRISE   636 AM CST   SUNSET   536 PM CST


-  INDICATES NEGATIVE NUMBERS.
R  INDICATES RECORD WAS SET OR TIED.
MM INDICATES DATA IS MISSING.
T  INDICATES TRACE AMOUNT.




$$
