000
CDUS43 KLOT 190636
CLILOT


CLIMATE REPORT
NATIONAL WEATHER SERVICE CHICAGO IL
136 AM CDT SAT AUG 19 2017


...................................

...THE ROMEOVILLE  WFO CLIMATE SUMMARY FOR AUGUST 18 2017...

CLIMATE NORMAL PERIOD 1981 TO 2010
CLIMATE RECORD PERIOD 1992 TO 2017


WEATHER ITEM   OBSERVED RECORD YEAR NORMAL DEPARTURE LAST
                VALUE   VALUE       VALUE  FROM      YEAR
                                           NORMAL
...........................................................
TEMPERATURE (F)
 YESTERDAY
  MAXIMUM         81     90    1995  82     -1       83
  MINIMUM         63     53    2012  63      0       70
                               2002
  AVERAGE         72                 72      0       77

PRECIPITATION (IN)
  YESTERDAY        0.00   1.01 2015   0.13  -0.13     0.04
  MONTH TO DATE    0.82               2.45  -1.63     4.15
  SINCE JUN 1      9.62              11.50  -1.88    13.91
  SINCE JAN 1     31.84              26.20   5.64    26.14

DEGREE DAYS
 HEATING
  YESTERDAY        0                  0      0
  MONTH TO DATE    4                  0      4
  SINCE JUN 1     14                 35    -21
  SINCE JUL 1      4                  2      2

 COOLING
  YESTERDAY        7                  8     -1
  MONTH TO DATE  101                144    -43
  SINCE JUN 1    605                606     -1
  SINCE JAN 1    642                664    -22
...........................................................







THE ROMEOVILLE  WFO CLIMATE NORMALS FOR TODAY
                         NORMAL    RECORD    YEAR
 MAXIMUM TEMPERATURE (F)   82        91      1995
 MINIMUM TEMPERATURE (F)   63        51      1992


SUNRISE AND SUNSET
AUGUST 19 2017........SUNRISE   605 AM CDT   SUNSET   746 PM CDT
AUGUST 20 2017........SUNRISE   606 AM CDT   SUNSET   744 PM CDT


-  INDICATES NEGATIVE NUMBERS.
R  INDICATES RECORD WAS SET OR TIED.
MM INDICATES DATA IS MISSING.
T  INDICATES TRACE AMOUNT.




$$
