000
CDUS43 KLOT 060643
CLILOT


CLIMATE REPORT
NATIONAL WEATHER SERVICE CHICAGO IL
1242 AM CST SAT FEB 6 2016


...................................

...THE ROMEOVILLE  WFO CLIMATE SUMMARY FOR FEBRUARY 5 2016...

CLIMATE NORMAL PERIOD 1981 TO 2010
CLIMATE RECORD PERIOD 1992 TO 2016


WEATHER ITEM   OBSERVED RECORD YEAR NORMAL DEPARTURE LAST
                VALUE   VALUE       VALUE  FROM      YEAR
                                           NORMAL
...........................................................
TEMPERATURE (F)
 YESTERDAY
  MAXIMUM         31     56    2005  32     -1       14
  MINIMUM         23    -10    2007  17      6       -6
  AVERAGE         27                 25      2        4

PRECIPITATION (IN)
  YESTERDAY        T      0.34 2008   0.06  -0.06     0.00
  MONTH TO DATE    0.79               0.28   0.51     1.14
  SINCE DEC 1      7.67               4.46   3.21     3.70
  SINCE JAN 1      1.82               2.21  -0.39     2.65

SNOWFALL (IN)
  YESTERDAY        T      4.1  2014   0.3   -0.3      0.0
  MONTH TO DATE    T                  1.4   -1.4     15.1
  SINCE DEC 1     11.1               21.5  -10.4     25.9
  SINCE JUL 1     15.8               22.4   -6.6     27.3
  SNOW DEPTH       T

DEGREE DAYS
 HEATING
  YESTERDAY       38                 40     -2
  MONTH TO DATE  170                203    -33
  SINCE DEC 1   2211               2665   -454
  SINCE JUL 1   3213               3884   -671

 COOLING
  YESTERDAY        0                  0      0
  MONTH TO DATE    0                  0      0
  SINCE DEC 1      0                  0      0
  SINCE JAN 1      0                  0      0
...........................................................







THE ROMEOVILLE  WFO CLIMATE NORMALS FOR TODAY
                         NORMAL    RECORD    YEAR
 MAXIMUM TEMPERATURE (F)   33        46      2005
 MINIMUM TEMPERATURE (F)   17        -8      2014


SUNRISE AND SUNSET
FEBRUARY  6 2016......SUNRISE   659 AM CST   SUNSET   514 PM CST
FEBRUARY  7 2016......SUNRISE   658 AM CST   SUNSET   515 PM CST


-  INDICATES NEGATIVE NUMBERS.
R  INDICATES RECORD WAS SET OR TIED.
MM INDICATES DATA IS MISSING.
T  INDICATES TRACE AMOUNT.




$$
