000
CDUS43 KLOT 260632
CLILOT


CLIMATE REPORT
NATIONAL WEATHER SERVICE CHICAGO IL
1232 AM CST WED NOV 26 2014


...................................

...THE ROMEOVILLE  WFO CLIMATE SUMMARY FOR NOVEMBER 25 2014...

CLIMATE NORMAL PERIOD 1981 TO 2010
CLIMATE RECORD PERIOD 1992 TO 2014


WEATHER ITEM   OBSERVED RECORD YEAR NORMAL DEPARTURE LAST
                VALUE   VALUE       VALUE  FROM      YEAR
                                           NORMAL
...........................................................
TEMPERATURE (F)
 YESTERDAY
  MAXIMUM         27     60    2006  43    -16       30
  MINIMUM         18     10    2005  28    -10       20
  AVERAGE         23                 36    -13       25

PRECIPITATION (IN)
  YESTERDAY        T      0.37 1993   0.12  -0.12     0.04
  MONTH TO DATE    1.51               2.83  -1.32     2.87
  SINCE SEP 1      9.02               9.37  -0.35    10.03
  SINCE JAN 1     47.68              37.19  10.49    39.35

SNOWFALL (IN)
  YESTERDAY        0.1    0.5  2013   0.0    0.1      0.5
  MONTH TO DATE    1.3                0.5    0.8      0.9
  SINCE SEP 1      1.3                0.5    0.8      0.9
  SINCE JUL 1      1.3                0.5    0.8      0.9
  SNOW DEPTH       0

DEGREE DAYS
 HEATING
  YESTERDAY       42                 29     13
  MONTH TO DATE  761                579    182
  SINCE SEP 1   1287               1058    229
  SINCE JUL 1   1299               1066    233

 COOLING
  YESTERDAY        0                  0      0
  MONTH TO DATE    0                  0      0
  SINCE SEP 1     77                109    -32
  SINCE JAN 1    748                862   -114
...........................................................







THE ROMEOVILLE  WFO CLIMATE NORMALS FOR TODAY
                         NORMAL    RECORD    YEAR
 MAXIMUM TEMPERATURE (F)   43        63      2006
 MINIMUM TEMPERATURE (F)   28        13      1996


SUNRISE AND SUNSET
NOVEMBER 26 2014......SUNRISE   654 AM CST   SUNSET   425 PM CST
NOVEMBER 27 2014......SUNRISE   655 AM CST   SUNSET   424 PM CST


-  INDICATES NEGATIVE NUMBERS.
R  INDICATES RECORD WAS SET OR TIED.
MM INDICATES DATA IS MISSING.
T  INDICATES TRACE AMOUNT.




$$
