000
CDUS43 KLOT 012141
CLILOT


CLIMATE REPORT
NATIONAL WEATHER SERVICE CHICAGO IL
438 PM CDT SUN MAY 1 2016


...................................

...THE ROMEOVILLE  WFO CLIMATE SUMMARY FOR MAY 1 2016...
VALID TODAY AS OF 0400 PM LOCAL TIME.

CLIMATE NORMAL PERIOD 1981 TO 2010
CLIMATE RECORD PERIOD 1992 TO 2016


WEATHER ITEM   OBSERVED TIME   RECORD YEAR NORMAL DEPARTURE
                VALUE   (LST)  VALUE       VALUE  FROM
                                                  NORMAL
...............................................................
TEMPERATURE (F)
 TODAY
  MAXIMUM         51    300 PM  88    1992  67    -16
  MINIMUM         44        MM  32    2005  45     -1
  AVERAGE         48                        56     -8

PRECIPITATION (IN)
  TODAY            0.00          0.88 2003   0.14  -0.14
  MONTH TO DATE    0.00                      0.14  -0.14
  SINCE MAR 1      6.63                      6.87  -0.24
  SINCE JAN 1      8.70                     10.58  -1.88

SNOWFALL (IN)
  TODAY            0.0          MM      MM   0.0    0.0
  MONTH TO DATE    0.0                       0.0    0.0
  SINCE MAR 1      2.4                       4.9   -2.5
  SINCE JUL 1     22.3                      32.3  -10.0

DEGREE DAYS
 HEATING
  TODAY           17                        10      7
  MONTH TO DATE   17                        10      7
  SINCE MAR 1   1116                      1276   -160
  SINCE JUL 1   5149                      6004   -855

 COOLING
  TODAY            0                         0      0
  MONTH TO DATE    0                         0      0
  SINCE MAR 1     11                         5      6
  SINCE JAN 1     11                         5      6
...............................................................







THE ROMEOVILLE  WFO CLIMATE NORMALS FOR TOMORROW
                         NORMAL    RECORD    YEAR
 MAXIMUM TEMPERATURE (F)   67        83      2001
 MINIMUM TEMPERATURE (F)   45        32      2005


SUNRISE AND SUNSET
MAY  1 2016...........SUNRISE   549 AM CDT   SUNSET   751 PM CDT
MAY  2 2016...........SUNRISE   547 AM CDT   SUNSET   752 PM CDT


-  INDICATES NEGATIVE NUMBERS.
R  INDICATES RECORD WAS SET OR TIED.
MM INDICATES DATA IS MISSING.
T  INDICATES TRACE AMOUNT.




$$
