000
CDUS43 KLOT 260653
CLILOT


CLIMATE REPORT
NATIONAL WEATHER SERVICE CHICAGO IL
151 AM CDT TUE JUL 26 2016


...................................

...THE ROMEOVILLE  WFO CLIMATE SUMMARY FOR JULY 25 2016...

CLIMATE NORMAL PERIOD 1981 TO 2010
CLIMATE RECORD PERIOD 1992 TO 2016


WEATHER ITEM   OBSERVED RECORD YEAR NORMAL DEPARTURE LAST
                VALUE   VALUE       VALUE  FROM      YEAR
                                           NORMAL
...........................................................
TEMPERATURE (F)
 YESTERDAY
  MAXIMUM         86     99    2012  84      2       92
  MINIMUM         71     54    2014  64      7       69
                               2013
  AVERAGE         79                 74      5       81

PRECIPITATION (IN)
  YESTERDAY        0.00   0.82 1993   0.16  -0.16     0.00
  MONTH TO DATE    6.88               3.73   3.15     3.72
  SINCE JUN 1      9.07               8.07   1.00    12.22
  SINCE JAN 1     21.30              22.77  -1.47    24.13

DEGREE DAYS
 HEATING
  YESTERDAY        0                  0      0
  MONTH TO DATE    2                  0      2
  SINCE JUN 1      9                 33    -24
  SINCE JUL 1      2                  0      2

 COOLING
  YESTERDAY       14                  9      5
  MONTH TO DATE  244                225     19
  SINCE JUN 1    462                405     57
  SINCE JAN 1    555                463     92
...........................................................







THE ROMEOVILLE  WFO CLIMATE NORMALS FOR TODAY
                         NORMAL    RECORD    YEAR
 MAXIMUM TEMPERATURE (F)   84        97      1997
 MINIMUM TEMPERATURE (F)   64        54      1994


SUNRISE AND SUNSET
JULY 26 2016..........SUNRISE   541 AM CDT   SUNSET   816 PM CDT
JULY 27 2016..........SUNRISE   542 AM CDT   SUNSET   815 PM CDT


-  INDICATES NEGATIVE NUMBERS.
R  INDICATES RECORD WAS SET OR TIED.
MM INDICATES DATA IS MISSING.
T  INDICATES TRACE AMOUNT.




$$
