000
CDUS43 KLOT 010637
CLILOT


CLIMATE REPORT
NATIONAL WEATHER SERVICE CHICAGO IL
136 AM CDT TUE SEP 1 2015


...................................

...THE ROMEOVILLE  WFO CLIMATE SUMMARY FOR AUGUST 31 2015...

CLIMATE NORMAL PERIOD 1981 TO 2010
CLIMATE RECORD PERIOD 1992 TO 2015


WEATHER ITEM   OBSERVED RECORD YEAR NORMAL DEPARTURE LAST
                VALUE   VALUE       VALUE  FROM      YEAR
                                           NORMAL
...........................................................
TEMPERATURE (F)
 YESTERDAY
  MAXIMUM         86     93    2000  80      6       84
  MINIMUM         61     47    2009  61      0       66
  AVERAGE         74                 71      3       75

PRECIPITATION (IN)
  YESTERDAY        0.00   0.84 2003   0.14  -0.14     0.00
  MONTH TO DATE    3.10               4.07  -0.97     9.73
  SINCE JUN 1     15.75              13.12   2.63    23.29
  SINCE JAN 1     27.66              27.82  -0.16    38.66

DEGREE DAYS
 HEATING
  YESTERDAY        0                  0      0
  MONTH TO DATE    9                  0      9
  SINCE JUN 1     47                 41      6
  SINCE JUL 1     20                  8     12

 COOLING
  YESTERDAY        9                  6      3
  MONTH TO DATE  196                233    -37
  SINCE JUN 1    570                695   -125
  SINCE JAN 1    646                753   -107
...........................................................







THE ROMEOVILLE  WFO CLIMATE NORMALS FOR TODAY
                         NORMAL    RECORD    YEAR
 MAXIMUM TEMPERATURE (F)   80        93      2000
 MINIMUM TEMPERATURE (F)   60        47      2009
                                             1992


SUNRISE AND SUNSET
SEPTEMBER  1 2015.....SUNRISE   618 AM CDT   SUNSET   726 PM CDT
SEPTEMBER  2 2015.....SUNRISE   619 AM CDT   SUNSET   724 PM CDT


-  INDICATES NEGATIVE NUMBERS.
R  INDICATES RECORD WAS SET OR TIED.
MM INDICATES DATA IS MISSING.
T  INDICATES TRACE AMOUNT.




$$
