000
CDUS43 KLOT 290636
CLILOT


CLIMATE REPORT
NATIONAL WEATHER SERVICE CHICAGO IL
1236 AM CST THU JAN 29 2015


...................................

...THE ROMEOVILLE  WFO CLIMATE SUMMARY FOR JANUARY 28 2015...

CLIMATE NORMAL PERIOD 1981 TO 2010
CLIMATE RECORD PERIOD 1992 TO 2015


WEATHER ITEM   OBSERVED RECORD YEAR NORMAL DEPARTURE LAST
                VALUE   VALUE       VALUE  FROM      YEAR
                                           NORMAL
...........................................................
TEMPERATURE (F)
 YESTERDAY
  MAXIMUM         34     56    2002  31      3        3
  MINIMUM         19    -15    2014  16      3      -15
  AVERAGE         27                 24      3       -6

PRECIPITATION (IN)
  YESTERDAY        T      0.57 2006   0.06  -0.06     0.00
  MONTH TO DATE    1.27               1.78  -0.51     2.55
  SINCE DEC 1      2.32               4.03  -1.71     3.89
  SINCE JAN 1      1.27               1.78  -0.51     2.55

SNOWFALL (IN)
  YESTERDAY        0.0    1.5  2009   0.3   -0.3      0.0
  MONTH TO DATE    9.4                9.8   -0.4     29.2
  SINCE DEC 1      9.4               19.1   -9.7     41.4
  SINCE JUL 1     10.8               20.0   -9.2     42.3
  SNOW DEPTH       0

DEGREE DAYS
 HEATING
  YESTERDAY       38                 41     -3
  MONTH TO DATE 1216               1172     44
  SINCE DEC 1   2243               2339    -96
  SINCE JUL 1   3719               3558    161

 COOLING
  YESTERDAY        0                  0      0
  MONTH TO DATE    0                  0      0
  SINCE DEC 1      0                  0      0
  SINCE JAN 1      0                  0      0
...........................................................







THE ROMEOVILLE  WFO CLIMATE NORMALS FOR TODAY
                         NORMAL    RECORD    YEAR
 MAXIMUM TEMPERATURE (F)   31        62      2013
 MINIMUM TEMPERATURE (F)   16        -8      2014


SUNRISE AND SUNSET
JANUARY 29 2015.......SUNRISE   707 AM CST   SUNSET   504 PM CST
JANUARY 30 2015.......SUNRISE   706 AM CST   SUNSET   505 PM CST


-  INDICATES NEGATIVE NUMBERS.
R  INDICATES RECORD WAS SET OR TIED.
MM INDICATES DATA IS MISSING.
T  INDICATES TRACE AMOUNT.




$$
