000
CDUS43 KLOT 130633
CLILOT


CLIMATE REPORT
NATIONAL WEATHER SERVICE CHICAGO IL
1232 AM CST WED DEC 13 2017


...................................

...THE ROMEOVILLE  WFO CLIMATE SUMMARY FOR DECEMBER 12 2017...

CLIMATE NORMAL PERIOD 1981 TO 2010
CLIMATE RECORD PERIOD 1992 TO 2017


WEATHER ITEM   OBSERVED RECORD YEAR NORMAL DEPARTURE LAST
                VALUE   VALUE       VALUE  FROM      YEAR
                                           NORMAL
...........................................................
TEMPERATURE (F)
 YESTERDAY
  MAXIMUM         30     60    2015  36     -6       32
  MINIMUM         16     -9    2013  21     -5        9
  AVERAGE         23                 28     -5       21

PRECIPITATION (IN)
  YESTERDAY        T      0.20 2001   0.07  -0.07      T
  MONTH TO DATE    0.05               0.90  -0.85     1.02
  SINCE DEC 1      0.05               0.90  -0.85     1.02
  SINCE JAN 1     45.59              38.72   6.87    39.12

SNOWFALL (IN)
  YESTERDAY        T      1.0  2010   0.3   -0.3       T
  MONTH TO DATE    0.8                2.9   -2.1     13.7
  SINCE DEC 1      0.8                2.9   -2.1     13.7
  SINCE JUL 1      0.8                3.8   -3.0     13.7
  SNOW DEPTH       0

DEGREE DAYS
 HEATING
  YESTERDAY       42                 37      5
  MONTH TO DATE  389                417    -28
  SINCE DEC 1    389                417    -28
  SINCE JUL 1   1500               1636   -136

 COOLING
  YESTERDAY        0                  0      0
  MONTH TO DATE    0                  0      0
  SINCE DEC 1      0                  0      0
  SINCE JAN 1    875                862     13
...........................................................







THE ROMEOVILLE  WFO CLIMATE NORMALS FOR TODAY
                         NORMAL    RECORD    YEAR
 MAXIMUM TEMPERATURE (F)   35        62      2015
 MINIMUM TEMPERATURE (F)   20        -8      2000


SUNRISE AND SUNSET
DECEMBER 13 2017......SUNRISE   711 AM CST   SUNSET   423 PM CST
DECEMBER 14 2017......SUNRISE   711 AM CST   SUNSET   423 PM CST


-  INDICATES NEGATIVE NUMBERS.
R  INDICATES RECORD WAS SET OR TIED.
MM INDICATES DATA IS MISSING.
T  INDICATES TRACE AMOUNT.




$$
