000
CDUS43 KLMK 250631
CLILOU


CLIMATE REPORT
NATIONAL WEATHER SERVICE LOUISVILLE KY
231 AM EDT SAT MAR 25 2017


...................................

...THE LOUISVILLE BOWMAN KY CLIMATE SUMMARY FOR MARCH 24 2017...

CLIMATE NORMAL PERIOD 1981 TO 2010
CLIMATE RECORD PERIOD 9999 TO 9999


WEATHER ITEM   OBSERVED TIME   RECORD YEAR NORMAL DEPARTURE LAST
                VALUE   (LST)  VALUE       VALUE  FROM      YEAR
                                                  NORMAL
..................................................................
TEMPERATURE (F)
 YESTERDAY
  MAXIMUM         79    142 PM  MM      MM  60     19       68
  MINIMUM         56   1215 AM  MM      MM  40     16       49
  AVERAGE         68                        50     18       59

PRECIPITATION (IN)
  YESTERDAY        0.00         MM      MM   0.14  -0.14     0.53
  MONTH TO DATE    2.21                      3.10  -0.89     3.63
  SINCE MAR 1      2.21                      3.10  -0.89     3.63
  SINCE JAN 1      8.23                      9.66  -1.43     9.52

SNOWFALL (IN)
  YESTERDAY       MM            MM      MM  MM     MM       MM
  MONTH TO DATE   MM                        MM     MM       MM
  SINCE MAR 1     MM                        MM     MM       MM
  SINCE JUL 1     MM                        MM     MM       MM
  SNOW DEPTH      MM

DEGREE DAYS
 HEATING
  YESTERDAY        0                        16    -16        6
  MONTH TO DATE  454                       462     -8      291
  SINCE MAR 1    454                       462     -8      291
  SINCE JUL 1   3016                      3823   -807     3078

 COOLING
  YESTERDAY        3                         0      3        0
  MONTH TO DATE    3                         0      3        4
  SINCE MAR 1      3                         0      3        4
  SINCE JAN 1      6                         0      6        4
..................................................................


WIND (MPH)
  HIGHEST WIND SPEED    21   HIGHEST WIND DIRECTION     S (200)
  HIGHEST GUST SPEED    30   HIGHEST GUST DIRECTION     S (190)
  AVERAGE WIND SPEED    10.8


SKY COVER
  POSSIBLE SUNSHINE  MM
  AVERAGE SKY COVER 0.2


WEATHER CONDITIONS
 THE FOLLOWING WEATHER WAS RECORDED YESTERDAY.
  NO SIGNIFICANT WEATHER WAS OBSERVED.


RELATIVE HUMIDITY (PERCENT)
 HIGHEST    57           700 AM
 LOWEST     39           200 PM
 AVERAGE    48

..........................................................


THE LOUISVILLE BOWMAN KY CLIMATE NORMALS FOR TODAY
                         NORMAL
 MAXIMUM TEMPERATURE (F)   60
 MINIMUM TEMPERATURE (F)   40


SUNRISE AND SUNSET
MARCH 25 2017.........SUNRISE   738 AM EDT   SUNSET   800 PM EDT
MARCH 26 2017.........SUNRISE   737 AM EDT   SUNSET   800 PM EDT


-  INDICATES NEGATIVE NUMBERS.
R  INDICATES RECORD WAS SET OR TIED.
MM INDICATES DATA IS MISSING.
T  INDICATES TRACE AMOUNT.




$$
