000
CDUS43 KLMK 262026 RRA
CLILOU

CLIMATE REPORT
NATIONAL WEATHER SERVICE LOUISVILLE KY
426 PM EDT FRI MAY 26 2017


...................................

...THE LOUISVILLE BOWMAN KY CLIMATE SUMMARY FOR MAY 26 2017...
VALID TODAY AS OF 0400 PM LOCAL TIME.

CLIMATE NORMAL PERIOD 1981 TO 2010
CLIMATE RECORD PERIOD 9999 TO 9999


WEATHER ITEM   OBSERVED TIME   RECORD YEAR NORMAL DEPARTURE LAST
                VALUE   (LST)  VALUE       VALUE  FROM      YEAR
                                                  NORMAL
..................................................................
TEMPERATURE (F)
 TODAY
  MAXIMUM         80    234 PM  MM      MM  79      1       81
  MINIMUM         53    500 AM  MM      MM  59     -6       66
  AVERAGE         67                        69     -2       74

PRECIPITATION (IN)
  TODAY            0.00         MM      MM   0.14  -0.14     0.31
  MONTH TO DATE    4.82                      4.37   0.45     4.96
  SINCE MAR 1     13.51                     12.61   0.90    13.64
  SINCE JAN 1     19.53                     19.17   0.36    19.53

SNOWFALL (IN)
  TODAY           MM            MM      MM  MM     MM       MM
  MONTH TO DATE   MM                        MM     MM       MM
  SINCE MAR 1     MM                        MM     MM       MM
  SINCE JUL 1     MM                        MM     MM       MM
  SNOW DEPTH      MM

DEGREE DAYS
 HEATING
  TODAY            0                         1     -1        0
  MONTH TO DATE   81                        69     12      106
  SINCE MAR 1    663                       899   -236      701
  SINCE JUL 1   3225                      4260  -1035     3488

 COOLING
  TODAY            2                         5     -3        9
  MONTH TO DATE  109                        83     26       53
  SINCE MAR 1    206                       117     89       91
  SINCE JAN 1    209                       117     92       91
..................................................................


WIND (MPH)
  HIGHEST WIND SPEED    15   HIGHEST WIND DIRECTION     S (160)
  HIGHEST GUST SPEED    20   HIGHEST GUST DIRECTION    SW (230)
  AVERAGE WIND SPEED     4.6


SKY COVER
  POSSIBLE SUNSHINE  MM
  AVERAGE SKY COVER 0.1


WEATHER CONDITIONS
 THE FOLLOWING WEATHER WAS RECORDED TODAY.
  FOG


RELATIVE HUMIDITY (PERCENT)
 HIGHEST   100          1200 AM
 LOWEST     56          1200 PM
 AVERAGE    78

..........................................................




SUNRISE AND SUNSET
MAY 26 2017...........SUNRISE   624 AM EDT   SUNSET   856 PM EDT
MAY 27 2017...........SUNRISE   623 AM EDT   SUNSET   857 PM EDT


-  INDICATES NEGATIVE NUMBERS.
R  INDICATES RECORD WAS SET OR TIED.
MM INDICATES DATA IS MISSING.
T  INDICATES TRACE AMOUNT.




$$
