000
CDUS43 KJKL 220619
CLILOZ

CLIMATE REPORT
NATIONAL WEATHER SERVICE JACKSON KY
219 AM EDT MON MAY 22 2017

...................................

...THE LONDON KY CLIMATE SUMMARY FOR MAY 21 2017...

CLIMATE NORMAL PERIOD 1981 TO 2010
CLIMATE RECORD PERIOD 1954 TO 2017

WEATHER ITEM   OBSERVED TIME   RECORD YEAR NORMAL DEPARTURE LAST
                VALUE   (LST)  VALUE       VALUE  FROM      YEAR
                                                  NORMAL
..................................................................
TEMPERATURE (F)
 YESTERDAY
  MAXIMUM         76    455 PM  88    1962  77     -1       68
  MINIMUM         65   1149 PM  38    2002  55     10       56
  AVERAGE         71                        66      5       62

PRECIPITATION (IN)
  YESTERDAY        0.95          1.26 2001   0.17   0.78     0.02
  MONTH TO DATE    5.87                      3.49   2.38     4.66
  SINCE MAR 1     16.23                     11.59   4.64     9.69

SNOWFALL (IN)
  YESTERDAY       MM
  MONTH TO DATE   MM
  SINCE MAR 1     MM
  SINCE JUL 1     MM
  SNOW DEPTH      MM

DEGREE DAYS
 HEATING
  YESTERDAY        0                         2     -2        3
  MONTH TO DATE   75                        78     -3      123
  SINCE MAR 1    712                       903   -191      753
  SINCE JUL 1   3307                      4179   -872     3669

 COOLING
  YESTERDAY        6                         3      3        0
  MONTH TO DATE   68                        45     23       25
  SINCE MAR 1    125                        71     54       47
  SINCE JAN 1    125                        71     54       47
..................................................................

WIND (MPH)
  HIGHEST WIND SPEED    16   HIGHEST WIND DIRECTION    SE (130)
  HIGHEST GUST SPEED    23   HIGHEST GUST DIRECTION    SE (130)
  AVERAGE WIND SPEED     5.8

SKY COVER
  POSSIBLE SUNSHINE  MM
  AVERAGE SKY COVER 0.7

WEATHER CONDITIONS
 THE FOLLOWING WEATHER WAS RECORDED YESTERDAY.
  THUNDERSTORM
  HEAVY RAIN
  LIGHT RAIN
  FOG
  FOG W/VISIBILITY <= 1/4 MILE

RELATIVE HUMIDITY (PERCENT)
 HIGHEST    87          1200 AM
 LOWEST     64           500 PM
 AVERAGE    76
..........................................................

THE LONDON KY CLIMATE NORMALS FOR TODAY
                         NORMAL    RECORD    YEAR
 MAXIMUM TEMPERATURE (F)   78        88      1956
 MINIMUM TEMPERATURE (F)   55        33      2002

SUNRISE AND SUNSET
MAY 22 2017...........SUNRISE   623 AM EDT   SUNSET   844 PM EDT
MAY 23 2017...........SUNRISE   622 AM EDT   SUNSET   844 PM EDT

-  INDICATES NEGATIVE NUMBERS.
R  INDICATES RECORD WAS SET OR TIED.
MM INDICATES DATA IS MISSING.
T  INDICATES TRACE AMOUNT.

$$

GEOGERIAN
