000
CDUS43 KJKL 212021
CLILOZ

CLIMATE REPORT
NATIONAL WEATHER SERVICE JACKSON KY
421 PM EDT SAT OCT 21 2017

...................................

...THE LONDON KY CLIMATE SUMMARY FOR OCTOBER 21 2017...
VALID TODAY AS OF 0400 PM LOCAL TIME.

CLIMATE NORMAL PERIOD 1981 TO 2010
CLIMATE RECORD PERIOD 1954 TO 2017

WEATHER ITEM   OBSERVED TIME   RECORD YEAR NORMAL DEPARTURE LAST
                VALUE   (LST)  VALUE       VALUE  FROM      YEAR
                                                  NORMAL
..................................................................
TEMPERATURE (F)
 TODAY
  MAXIMUM         76    259 PM  83    1979  68      8       62
  MINIMUM         45    601 AM  26    1974  44      1       49
  AVERAGE         61                        56      5       56

PRECIPITATION (IN)
  TODAY            0.00          0.67 1985   0.09  -0.09     0.44
  MONTH TO DATE    3.45                      1.97   1.48     0.90
  SINCE SEP 1      5.24                      5.34  -0.10     2.08

SNOWFALL (IN)
  TODAY           MM
  MONTH TO DATE   MM
  SINCE SEP 1     MM
  SINCE JUL 1     MM
  SNOW DEPTH      MM

DEGREE DAYS
 HEATING
  TODAY            4                        10     -6        9
  MONTH TO DATE   66                       148    -82       55
  SINCE SEP 1    107                       194    -87       76
  SINCE JUL 1    107                       195    -88       76

 COOLING
  TODAY            0                         0      0        0
  MONTH TO DATE   42                        17     25       43
  SINCE SEP 1    166                       160      6      275
  SINCE JAN 1   1135                      1184    -49     1498
..................................................................

WIND (MPH)
  HIGHEST WIND SPEED    12   HIGHEST WIND DIRECTION    SW (210)
  HIGHEST GUST SPEED    17   HIGHEST GUST DIRECTION    SW (210)
  AVERAGE WIND SPEED     1.4

SKY COVER
  POSSIBLE SUNSHINE  MM
  AVERAGE SKY COVER 0.0

WEATHER CONDITIONS
 THE FOLLOWING WEATHER WAS RECORDED TODAY.
  FOG

RELATIVE HUMIDITY (PERCENT)
 HIGHEST    93          1200 AM
 LOWEST     33           300 PM
 AVERAGE    63

..........................................................

THE LONDON KY CLIMATE NORMALS FOR TOMORROW
                         NORMAL    RECORD    YEAR
 MAXIMUM TEMPERATURE (F)   68        81      1978
 MINIMUM TEMPERATURE (F)   43        21      1987

SUNRISE AND SUNSET
OCTOBER 21 2017.......SUNRISE   750 AM EDT   SUNSET   651 PM EDT
OCTOBER 22 2017.......SUNRISE   751 AM EDT   SUNSET   650 PM EDT

-  INDICATES NEGATIVE NUMBERS.
R  INDICATES RECORD WAS SET OR TIED.
MM INDICATES DATA IS MISSING.
T  INDICATES TRACE AMOUNT.

$$

CARICO
