000
CDUS43 KJKL 260533
CLILOZ

CLIMATE REPORT
NATIONAL WEATHER SERVICE JACKSON KY
133 AM EDT WED APR 26 2017

...................................

...THE LONDON KY CLIMATE SUMMARY FOR APRIL 25 2017...

CLIMATE NORMAL PERIOD 1981 TO 2010
CLIMATE RECORD PERIOD 1954 TO 2017

WEATHER ITEM   OBSERVED TIME   RECORD YEAR NORMAL DEPARTURE LAST
                VALUE   (LST)  VALUE       VALUE  FROM      YEAR
                                                  NORMAL
..................................................................
TEMPERATURE (F)
 YESTERDAY
  MAXIMUM         75    316 PM  88    2009  71      4       82
  MINIMUM         51    632 AM  31    1967  47      4       50
  AVERAGE         63                        59      4       66

PRECIPITATION (IN)
  YESTERDAY        0.00          1.60 1975   0.15  -0.15     0.00
  MONTH TO DATE    5.09                      3.35   1.74     1.23
  SINCE MAR 1     10.12                      7.40   2.72     3.36

SNOWFALL (IN)
  YESTERDAY       MM
  MONTH TO DATE   MM
  SINCE MAR 1     MM
  SINCE JUL 1     MM
  SNOW DEPTH      MM

DEGREE DAYS
 HEATING
  YESTERDAY        2                         7     -5        0
  MONTH TO DATE  124                       246   -122      228
  SINCE MAR 1    637                       795   -158      627
  SINCE JUL 1   3232                      4071   -839     3543

 COOLING
  YESTERDAY        0                         1     -1        1
  MONTH TO DATE   28                        17     11       10
  SINCE MAR 1     31                        20     11       10
  SINCE JAN 1     31                        20     11       10
..................................................................

WIND (MPH)
  HIGHEST WIND SPEED    10   HIGHEST WIND DIRECTION     W (290)
  HIGHEST GUST SPEED    13   HIGHEST GUST DIRECTION     W (270)
  AVERAGE WIND SPEED     2.4

SKY COVER
  POSSIBLE SUNSHINE  MM
  AVERAGE SKY COVER 0.5

WEATHER CONDITIONS
 THE FOLLOWING WEATHER WAS RECORDED YESTERDAY.
  FOG

RELATIVE HUMIDITY (PERCENT)
 HIGHEST    96           700 AM
 LOWEST     49           300 PM
 AVERAGE    73
..........................................................

THE LONDON KY CLIMATE NORMALS FOR TODAY
                         NORMAL    RECORD    YEAR
 MAXIMUM TEMPERATURE (F)   72        87      1984
 MINIMUM TEMPERATURE (F)   48        33      1968

SUNRISE AND SUNSET
APRIL 26 2017.........SUNRISE   647 AM EDT   SUNSET   821 PM EDT
APRIL 27 2017.........SUNRISE   646 AM EDT   SUNSET   822 PM EDT

-  INDICATES NEGATIVE NUMBERS.
R  INDICATES RECORD WAS SET OR TIED.
MM INDICATES DATA IS MISSING.
T  INDICATES TRACE AMOUNT.

$$

GEOGERIAN
