000
CDUS44 KCRP 270931
CLILRD

CLIMATE REPORT
NATIONAL WEATHER SERVICE CORPUS CHRISTI TX
324 AM CST SAT DEC 27 2014


...................................

...THE LAREDO CLIMATE SUMMARY FOR DECEMBER 26 2014...

CLIMATE NORMAL PERIOD 1981 TO 2010
CLIMATE RECORD PERIOD 1900 TO 2014


WEATHER ITEM   OBSERVED TIME   RECORD YEAR NORMAL DEPARTURE LAST
                VALUE   (LST)  VALUE       VALUE  FROM      YEAR
                                                  NORMAL
..................................................................
TEMPERATURE (F)
 YESTERDAY
  MAXIMUM         77    442 PM  89    2005  66     11       57
  MINIMUM         45    719 AM  19    1983  46     -1       46
  AVERAGE         61                        56      5       52

PRECIPITATION (IN)
  YESTERDAY        0.00          0.98 1938   0.03  -0.03     0.66
  MONTH TO DATE    0.14                      0.72  -0.58     0.67
  SINCE DEC 1      0.14                      0.72  -0.58     0.67
  SINCE JAN 1     15.81                     20.04  -4.23    21.07

SNOWFALL (IN)
  YESTERDAY        0.0
  MONTH TO DATE    0.0
  SINCE DEC 1      0.0
  SINCE JUL 1      0.0

DEGREE DAYS
 HEATING
  YESTERDAY        4                        10     -6       13
  MONTH TO DATE  104                       225   -121      238
  SINCE DEC 1    104                       225   -121      238
  SINCE JUL 1    262                       340    -78      403

 COOLING
  YESTERDAY        0                         1     -1        0
  MONTH TO DATE   36                        30      6       37
  SINCE DEC 1     36                        30      6       37
  SINCE JAN 1   4511                      4285    226     4519
..................................................................


WIND (MPH)
  HIGHEST WIND SPEED    14   HIGHEST WIND DIRECTION    SE (150)
  HIGHEST GUST SPEED    16   HIGHEST GUST DIRECTION    SE (150)
  AVERAGE WIND SPEED     6.0


SKY COVER
  POSSIBLE SUNSHINE  MM
  AVERAGE SKY COVER 0.0


WEATHER CONDITIONS
 THE FOLLOWING WEATHER WAS RECORDED YESTERDAY.
  NO SIGNIFICANT WEATHER WAS OBSERVED.


RELATIVE HUMIDITY (PERCENT)
 HIGHEST   100           800 AM
 LOWEST     46           300 PM

..........................................................


THE LAREDO CLIMATE NORMALS FOR TODAY
                         NORMAL    RECORD    YEAR
 MAXIMUM TEMPERATURE (F)   66        90      2005
 MINIMUM TEMPERATURE (F)   46        22      1983


SUNRISE AND SUNSET
DECEMBER 27 2014......SUNRISE   727 AM CST   SUNSET   551 PM CST
DECEMBER 28 2014......SUNRISE   727 AM CST   SUNSET   552 PM CST


-  INDICATES NEGATIVE NUMBERS.
R  INDICATES RECORD WAS SET OR TIED.
MM INDICATES DATA IS MISSING.
T  INDICATES TRACE AMOUNT.

$$

CB
