000
CDUS44 KCRP 072351
CLILRD

CLIMATE REPORT
NATIONAL WEATHER SERVICE CORPUS CHRISTI TX
649 PM CDT TUE JUL 7 2015

...................................

...THE LAREDO CLIMATE SUMMARY FOR JULY 7 2015...
VALID TODAY AS OF 649 PM LOCAL TIME.

CLIMATE NORMAL PERIOD 1981 TO 2010
CLIMATE RECORD PERIOD 1900 TO 2015


WEATHER ITEM   OBSERVED TIME   RECORD YEAR NORMAL DEPARTURE LAST
                VALUE   (LST)  VALUE       VALUE  FROM      YEAR
                                                  NORMAL
..................................................................
TEMPERATURE (F)
 TODAY
  MAXIMUM         99    330 PM 110    1998  99      0       99
  MINIMUM         78    659 AM  69    1906  77      1       76
  AVERAGE         89                        88      1       88

PRECIPITATION (IN)
  TODAY            0.00          2.55 1906   0.08  -0.08     0.00
  MONTH TO DATE    T                         0.56  -0.56     0.40
  SINCE JUN 1      1.20                      2.79  -1.59     0.95
  SINCE JAN 1     19.90                      9.66  10.24     5.98

SNOWFALL (IN)
  TODAY            0.0
  MONTH TO DATE    0.0
  SINCE JUN 1      0.0
  SINCE JUL 1      0.0

DEGREE DAYS
 HEATING
  TODAY            0                         0      0        0
  MONTH TO DATE    0                         0      0        0
  SINCE JUN 1      0                         0      0        0
  SINCE JUL 1      0                         0      0        0

 COOLING
  TODAY           24                        23      1       23
  MONTH TO DATE  148                       161    -13      161
  SINCE JUN 1    748                       821    -73      897
  SINCE JAN 1   1690                      1964   -274     2022
..................................................................


WIND (MPH)
  HIGHEST WIND SPEED    28   HIGHEST WIND DIRECTION     S (160)
  HIGHEST GUST SPEED    33   HIGHEST GUST DIRECTION    SE (140)


SKY COVER
  POSSIBLE SUNSHINE  MM
  AVERAGE SKY COVER 0.1


WEATHER CONDITIONS
 THE FOLLOWING WEATHER WAS RECORDED TODAY.
  NO SIGNIFICANT WEATHER WAS OBSERVED.


RELATIVE HUMIDITY (PERCENT)
 HIGHEST    82           700 AM
 LOWEST     39           300 PM
 AVERAGE    61

..........................................................


THE LAREDO CLIMATE NORMALS FOR TOMORROW
                         NORMAL    RECORD    YEAR
 MAXIMUM TEMPERATURE (F)   99       109      1998
 MINIMUM TEMPERATURE (F)   77        66      1981


SUNRISE AND SUNSET
JULY  7 2015..........SUNRISE   648 AM CDT   SUNSET   837 PM CDT
JULY  8 2015..........SUNRISE   649 AM CDT   SUNSET   837 PM CDT


-  INDICATES NEGATIVE NUMBERS.
R  INDICATES RECORD WAS SET OR TIED.
MM INDICATES DATA IS MISSING.
T  INDICATES TRACE AMOUNT.




$$
