000
CDUS44 KCRP 031053
CLILRD

CLIMATE REPORT
NATIONAL WEATHER SERVICE CORPUS CHRISTI TX
450 AM CST SAT DEC 3 2016

...THE LAREDO CLIMATE SUMMARY FOR DECEMBER 2 2016...

CLIMATE NORMAL PERIOD 1981 TO 2010
CLIMATE RECORD PERIOD 1900 TO 2016


WEATHER ITEM   OBSERVED TIME   RECORD YEAR NORMAL DEPARTURE LAST
                VALUE   (LST)  VALUE       VALUE  FROM      YEAR
                                                  NORMAL
..................................................................
TEMPERATURE (F)
 YESTERDAY
  MAXIMUM         77        MM  91    1921  70      7       67
  MINIMUM         65        MM  30    1911  49     16       48
  AVERAGE         71                        60     11       58

PRECIPITATION (IN)
  YESTERDAY        0.23          1.17 1989   0.03   0.20     0.00
  MONTH TO DATE    0.23                      0.06   0.17     0.00
  SINCE DEC 1      0.23                      0.06   0.17     0.00
  SINCE JAN 1     23.11                     19.38   3.73    25.97

SNOWFALL (IN)
  YESTERDAY        0.0
  MONTH TO DATE    0.0
  SINCE DEC 1      0.0
  SINCE JUL 1      0.0

DEGREE DAYS
 HEATING
  YESTERDAY        0                         7     -7        7
  MONTH TO DATE    2                        14    -12       15
  SINCE DEC 1      2                        14    -12       15
  SINCE JUL 1     19                       129   -110       86

 COOLING
  YESTERDAY        6                         2      4        0
  MONTH TO DATE    6                         4      2        0
  SINCE DEC 1      6                         4      2        0
  SINCE JAN 1   4732                      4259    473     4325
..................................................................


WIND (MPH)
  HIGHEST WIND SPEED    15   HIGHEST WIND DIRECTION     E (70)
  HIGHEST GUST SPEED    MM   HIGHEST GUST DIRECTION    MM
  AVERAGE WIND SPEED     9.5


SKY COVER
  POSSIBLE SUNSHINE  MM
  AVERAGE SKY COVER 1.0


WEATHER CONDITIONS
 THE FOLLOWING WEATHER WAS RECORDED YESTERDAY.
  THUNDERSTORM
  HEAVY RAIN
  RAIN
  LIGHT RAIN
  FOG


RELATIVE HUMIDITY (PERCENT)
 HIGHEST    93           900 AM
 LOWEST     73          1200 AM

..........................................................


THE LAREDO CLIMATE NORMALS FOR TODAY
                         NORMAL    RECORD    YEAR
 MAXIMUM TEMPERATURE (F)   70        95      1942
 MINIMUM TEMPERATURE (F)   49        28      1976


SUNRISE AND SUNSET
DECEMBER  3 2016......SUNRISE   713 AM CST   SUNSET   543 PM CST
DECEMBER  4 2016......SUNRISE   714 AM CST   SUNSET   543 PM CST


-  INDICATES NEGATIVE NUMBERS.
R  INDICATES RECORD WAS SET OR TIED.
MM INDICATES DATA IS MISSING.
T  INDICATES TRACE AMOUNT.

$$

87
