000
CDUS44 KCRP 160801 RRB
CLILRD

CLIMATE REPORT
NATIONAL WEATHER SERVICE CORPUS CHRISTI TX
159 AM CST SAT DEC 16 2017


...................................

...THE LAREDO CLIMATE SUMMARY FOR DECEMBER 15 2017...

CLIMATE NORMAL PERIOD 1981 TO 2010
CLIMATE RECORD PERIOD 1900 TO 2017


WEATHER ITEM   OBSERVED TIME   RECORD YEAR NORMAL DEPARTURE LAST
                VALUE   (LST)  VALUE       VALUE  FROM      YEAR
                                                  NORMAL
..................................................................
TEMPERATURE (F)
 YESTERDAY
  MAXIMUM         57        MM  88    1948  68    -11       63
  MINIMUM         46        MM  23    1901  47     -1       58
  AVERAGE         52                        57     -5       61

PRECIPITATION (IN)
  YESTERDAY        0.16          1.00 1910   0.03   0.13     0.00
  MONTH TO DATE    2.08                      0.39   1.69     1.56
  SINCE DEC 1      2.08                      0.39   1.69     1.56
  SINCE JAN 1     24.35                     19.71   4.64    24.44

SNOWFALL (IN)
  YESTERDAY       MM
  MONTH TO DATE    1.3
  SINCE DEC 1      1.3
  SINCE JUL 1      1.3

DEGREE DAYS
 HEATING
  YESTERDAY       13                         9      4        4
  MONTH TO DATE  139                       119     20      111
  SINCE DEC 1    139                       119     20      111
  SINCE JUL 1    208                       234    -26      128

 COOLING
  YESTERDAY        0                         1     -1        0
  MONTH TO DATE   37                        19     18        6
  SINCE DEC 1     37                        19     18        6
  SINCE JAN 1   4871                      4274    597     4732
..................................................................


WIND (MPH)
  HIGHEST WIND SPEED    MM   HIGHEST WIND DIRECTION    MM
  HIGHEST GUST SPEED    MM   HIGHEST GUST DIRECTION    MM
  AVERAGE WIND SPEED    MM


SKY COVER
  POSSIBLE SUNSHINE  MM
  AVERAGE SKY COVER 0.8


WEATHER CONDITIONS
 THE FOLLOWING WEATHER WAS RECORDED YESTERDAY.
  LIGHT RAIN


RELATIVE HUMIDITY (PERCENT)
 HIGHEST    86           500 AM
 LOWEST     66

..........................................................


THE LAREDO CLIMATE NORMALS FOR TODAY
                         NORMAL    RECORD    YEAR
 MAXIMUM TEMPERATURE (F)   67        90      1977
 MINIMUM TEMPERATURE (F)   46        24      1901


SUNRISE AND SUNSET
DECEMBER 16 2017......SUNRISE   721 AM CST   SUNSET   546 PM CST
DECEMBER 17 2017......SUNRISE   722 AM CST   SUNSET   546 PM CST


-  INDICATES NEGATIVE NUMBERS.
R  INDICATES RECORD WAS SET OR TIED.
MM INDICATES DATA IS MISSING.
T  INDICATES TRACE AMOUNT.

$$

GW
