000
CDUS44 KCRP 062146 RRA
CLILRD

CLIMATE REPORT
NATIONAL WEATHER SERVICE CORPUS CHRISTI TX
444 PM CDT FRI MAY 6 2016


...................................

...THE LAREDO CLIMATE SUMMARY FOR MAY 6 2016...
VALID TODAY AS OF 0400 PM LOCAL TIME.

CLIMATE NORMAL PERIOD 1981 TO 2010
CLIMATE RECORD PERIOD 1900 TO 2016


WEATHER ITEM   OBSERVED TIME   RECORD YEAR NORMAL DEPARTURE LAST
                VALUE   (LST)  VALUE       VALUE  FROM      YEAR
                                                  NORMAL
..................................................................
TEMPERATURE (F)
 TODAY
  MAXIMUM         95    300 PM 109    1998  92      3       84
  MINIMUM         65    600 AM  41    1917  69     -4       75
  AVERAGE         80                        81     -1       80

PRECIPITATION (IN)
  TODAY            0.00          2.24 1963   0.08  -0.08      T
  MONTH TO DATE    T                         0.45  -0.45     0.04
  SINCE MAR 1      5.88                      2.99   2.89     8.12
  SINCE JAN 1      7.77                      4.83   2.94     9.00

SNOWFALL (IN)
  TODAY            0.0
  MONTH TO DATE    0.0
  SINCE MAR 1      0.0
  SINCE JUL 1      0.0

DEGREE DAYS
 HEATING
  TODAY            0                         0      0        0
  MONTH TO DATE    0                         0      0        0
  SINCE MAR 1     18                        82    -64      129
  SINCE JUL 1    594                       926   -332     1064

 COOLING
  TODAY           15                        15      0       15
  MONTH TO DATE   71                        89    -18       69
  SINCE MAR 1    712                       604    108      472
  SINCE JAN 1    830                       689    141      520
..................................................................


WIND (MPH)
  HIGHEST WIND SPEED    15   HIGHEST WIND DIRECTION    SE (120)
  HIGHEST GUST SPEED    16   HIGHEST GUST DIRECTION    SE (120)


SKY COVER
  POSSIBLE SUNSHINE  MM
  AVERAGE SKY COVER 0.0


WEATHER CONDITIONS
 THE FOLLOWING WEATHER WAS RECORDED TODAY.
  NO SIGNIFICANT WEATHER WAS OBSERVED.


RELATIVE HUMIDITY (PERCENT)
 HIGHEST    73           600 AM
 LOWEST     16           300 PM
 AVERAGE    45

..........................................................


THE LAREDO CLIMATE NORMALS FOR TOMORROW
                         NORMAL    RECORD    YEAR
 MAXIMUM TEMPERATURE (F)   92       115      1927
 MINIMUM TEMPERATURE (F)   70        37      1917


SUNRISE AND SUNSET
MAY  6 2016...........SUNRISE   654 AM CDT   SUNSET   815 PM CDT
MAY  7 2016...........SUNRISE   654 AM CDT   SUNSET   815 PM CDT


-  INDICATES NEGATIVE NUMBERS.
R  INDICATES RECORD WAS SET OR TIED.
MM INDICATES DATA IS MISSING.
T  INDICATES TRACE AMOUNT.

$$

GW
