000
CDUS44 KCRP 200744
CLILRD

CLIMATE REPORT
NATIONAL WEATHER SERVICE CORPUS CHRISTI TX
238 AM CDT WED SEP 20 2017


...................................

...THE LAREDO CLIMATE SUMMARY FOR SEPTEMBER 19 2017...

CLIMATE NORMAL PERIOD 1981 TO 2010
CLIMATE RECORD PERIOD 1900 TO 2017


WEATHER ITEM   OBSERVED TIME   RECORD YEAR NORMAL DEPARTURE LAST
                VALUE   (LST)  VALUE       VALUE  FROM      YEAR
                                                  NORMAL
..................................................................
TEMPERATURE (F)
 YESTERDAY
  MAXIMUM        102        MM 105    1912  92     10      103
  MINIMUM         79        MM  51    1981  72      7       78
  AVERAGE         91                        82      9       91

PRECIPITATION (IN)
  YESTERDAY        0.00          2.10 1905   0.09  -0.09     0.00
  MONTH TO DATE    0.46                      1.98  -1.52     1.17
  SINCE SEP 1      0.46                      1.98  -1.52     1.17
  SINCE JAN 1     13.05                     14.97  -1.92    18.25

SNOWFALL (IN)
  YESTERDAY        0.0
  MONTH TO DATE    0.0
  SINCE SEP 1      0.0
  SINCE JUL 1      0.0

DEGREE DAYS
 HEATING
  YESTERDAY        0                         0      0        0
  MONTH TO DATE    0                         0      0        0
  SINCE SEP 1      0                         0      0        0
  SINCE JUL 1      0                         0      0        0

 COOLING
  YESTERDAY       26                        17      9       26
  MONTH TO DATE  381                       368     13      427
  SINCE SEP 1    381                       368     13      427
  SINCE JAN 1   4106                      3611    495     3846
..................................................................


WIND (MPH)
  HIGHEST WIND SPEED    22   HIGHEST WIND DIRECTION     S (160)
  HIGHEST GUST SPEED    25   HIGHEST GUST DIRECTION     S (160)
  AVERAGE WIND SPEED    13.9


SKY COVER
  POSSIBLE SUNSHINE  MM
  AVERAGE SKY COVER 0.2


WEATHER CONDITIONS
 THE FOLLOWING WEATHER WAS RECORDED YESTERDAY.
  NO SIGNIFICANT WEATHER WAS OBSERVED.


RELATIVE HUMIDITY (PERCENT)
 HIGHEST    85           600 AM
 LOWEST     33           400 PM

..........................................................


THE LAREDO CLIMATE NORMALS FOR TODAY
                         NORMAL    RECORD    YEAR
 MAXIMUM TEMPERATURE (F)   92       106      1932
 MINIMUM TEMPERATURE (F)   72        53      1913


SUNRISE AND SUNSET
SEPTEMBER 20 2017.....SUNRISE   726 AM CDT   SUNSET   736 PM CDT
SEPTEMBER 21 2017.....SUNRISE   726 AM CDT   SUNSET   735 PM CDT


-  INDICATES NEGATIVE NUMBERS.
R  INDICATES RECORD WAS SET OR TIED.
MM INDICATES DATA IS MISSING.
T  INDICATES TRACE AMOUNT.




$$
