000
CDUS43 KARX 010632
CLILSE


CLIMATE REPORT
NATIONAL WEATHER SERVICE LA CROSSE WI
132 AM CDT SAT OCT 1 2016


...................................

...THE LA CROSSE WI CLIMATE SUMMARY FOR SEPTEMBER 30 2016...

CLIMATE NORMAL PERIOD 1981 TO 2010
CLIMATE RECORD PERIOD 1873 TO 2016


WEATHER ITEM   OBSERVED TIME   RECORD YEAR NORMAL DEPARTURE LAST
                VALUE   (LST)  VALUE       VALUE  FROM      YEAR
                                                  NORMAL
..................................................................
TEMPERATURE (F)
 YESTERDAY
  MAXIMUM         70   1247 PM  87    1996  67      3       65
  MINIMUM         52    537 AM  24    1899  46      6       38
  AVERAGE         61                        56      5       52

PRECIPITATION (IN)
  YESTERDAY        0.00          1.43 1925   0.09  -0.09     0.00
  MONTH TO DATE   10.46                      3.56   6.90     2.73
  SINCE SEP 1     10.46                      3.56   6.90     2.73
  SINCE JAN 1     39.18                     27.52  11.66    25.44

SNOWFALL (IN)
  YESTERDAY        0.0           0.0  2002   0.0    0.0      0.0
                                      2001
  MONTH TO DATE    0.0                       0.0    0.0      0.0
  SINCE JUL 1      0.0                       0.0    0.0      0.0
  SNOW DEPTH       0

DEGREE DAYS
 HEATING
  YESTERDAY        4                         9     -5       13
  MONTH TO DATE   20                       139   -119       49
  SINCE JUL 1     20                       160   -140       63

 COOLING
  YESTERDAY        0                         1     -1        0
  MONTH TO DATE  111                        74     37      187
  SINCE JAN 1   1020                       774    246      878
..................................................................


WIND (MPH)
  HIGHEST WIND SPEED    13   HIGHEST WIND DIRECTION     E (80)
  HIGHEST GUST SPEED    19   HIGHEST GUST DIRECTION     E (90)
  AVERAGE WIND SPEED     6.0


SKY COVER
  POSSIBLE SUNSHINE  MM
  AVERAGE SKY COVER 0.8


WEATHER CONDITIONS
 THE FOLLOWING WEATHER WAS RECORDED YESTERDAY.
  FOG


RELATIVE HUMIDITY (PERCENT)
 HIGHEST    93          1200 AM
 LOWEST     61           100 PM
 AVERAGE    77

..........................................................


THE LA CROSSE WI CLIMATE NORMALS FOR TODAY
                         NORMAL    RECORD    YEAR
 MAXIMUM TEMPERATURE (F)   67        92      1976
 MINIMUM TEMPERATURE (F)   46        28      2003
                                             1974


SUNRISE AND SUNSET
OCTOBER  1 2016.......SUNRISE   703 AM CDT   SUNSET   645 PM CDT
OCTOBER  2 2016.......SUNRISE   704 AM CDT   SUNSET   643 PM CDT


-  INDICATES NEGATIVE NUMBERS.
R  INDICATES RECORD WAS SET OR TIED.
MM INDICATES DATA IS MISSING.
T  INDICATES TRACE AMOUNT.




$$
