000
CDUS46 KMTR 090842
CLILVK


CLIMATE REPORT
NATIONAL WEATHER SERVICE SAN FRANCISCO BAY AREA
1242 AM PST TUE FEB 9 2016


...................................

...THE LIVERMORE AIRPORT CLIMATE SUMMARY FOR FEBRUARY 8 2016...

CLIMATE NORMAL PERIOD 1981 TO 2010
CLIMATE RECORD PERIOD 1930 TO 2016


WEATHER ITEM   OBSERVED TIME   RECORD YEAR NORMAL DEPARTURE LAST
                VALUE   (LST)  VALUE       VALUE  FROM      YEAR
                                                  NORMAL
..................................................................
TEMPERATURE (F)
 YESTERDAY
  MAXIMUM         73R   223 PM  73    1963  59     14       67
  MINIMUM         44    727 AM  27    1940  40      4       50
  AVERAGE         59                        49     10       59

PRECIPITATION (IN)
  YESTERDAY        0.00          1.27 1993   0.10  -0.10     0.69
  MONTH TO DATE    0.04                      0.73  -0.69     2.25
  SINCE OCT 1      8.98                      9.32  -0.34    11.87
  SINCE JAN 1      3.98                      3.74   0.24     2.25

DEGREE DAYS
 HEATING
  YESTERDAY        6                        16    -10        6
  MONTH TO DATE  120                       131    -11       60
  SINCE DEC 1   1102                      1257   -155      775
  SINCE JUL 1   1517                      1729   -212     1006

 COOLING
  YESTERDAY        0                         0      0        0
  MONTH TO DATE    0                         0      0        0
  SINCE DEC 1      0                         0      0        0
  SINCE JAN 1      0                         0      0        0
..................................................................


WIND (MPH)
  RESULTANT WIND SPEED   4   RESULTANT WIND DIRECTION   E (70)
  HIGHEST WIND SPEED    16   HIGHEST WIND DIRECTION    NE (60)
  HIGHEST GUST SPEED    22   HIGHEST GUST DIRECTION    NE (30)
  AVERAGE WIND SPEED     4.1


SKY COVER
  POSSIBLE SUNSHINE  MM
  AVERAGE SKY COVER 0.0


WEATHER CONDITIONS
 THE FOLLOWING WEATHER WAS RECORDED YESTERDAY.
  NO SIGNIFICANT WEATHER WAS OBSERVED.


RELATIVE HUMIDITY (PERCENT)
 HIGHEST    89           600 AM
 LOWEST     31           200 PM
 AVERAGE    60

..........................................................


THE LIVERMORE AIRPORT CLIMATE NORMALS FOR TODAY
                         NORMAL    RECORD    YEAR
 MAXIMUM TEMPERATURE (F)   59        72      1988
 MINIMUM TEMPERATURE (F)   40        26      1971


SUNRISE AND SUNSET
FEBRUARY  9 2016......SUNRISE   704 AM PST   SUNSET   540 PM PST
FEBRUARY 10 2016......SUNRISE   703 AM PST   SUNSET   541 PM PST


-  INDICATES NEGATIVE NUMBERS.
R  INDICATES RECORD WAS SET OR TIED.
MM INDICATES DATA IS MISSING.
T  INDICATES TRACE AMOUNT.




$$
