000
CDUS46 KMTR 280044
CLILVK


CLIMATE REPORT
NATIONAL WEATHER SERVICE SAN FRANCISCO BAY AREA
443 PM PST THU NOV 27 2014


...................................

...THE LIVERMORE AIRPORT CLIMATE SUMMARY FOR NOVEMBER 27 2014...
VALID TODAY AS OF 0400 PM LOCAL TIME.

CLIMATE NORMAL PERIOD 1981 TO 2010
CLIMATE RECORD PERIOD 1930 TO 2014


WEATHER ITEM   OBSERVED TIME   RECORD YEAR NORMAL DEPARTURE LAST
                VALUE   (LST)  VALUE       VALUE  FROM      YEAR
                                                  NORMAL
..................................................................
TEMPERATURE (F)
 TODAY
  MAXIMUM         73R   355 PM  73    1959  60     13       63
  MINIMUM         42    722 AM  27    1948  40      2       43
  AVERAGE         58                        50      8       53

PRECIPITATION (IN)
  TODAY            0.00          0.66 1984   0.06  -0.06     0.00
  MONTH TO DATE    0.84                      1.78  -0.94     1.52
  SINCE JUL 1      1.24                      2.93  -1.69     1.99
  SINCE JAN 1      6.12                     12.83  -6.71     4.11

DEGREE DAYS
 HEATING
  TODAY            7                        15     -8       12
  MONTH TO DATE  176                       297   -121      209
  SINCE SEP 1    206                       418   -212      288
  SINCE JUL 1    206                       425   -219      288

 COOLING
  TODAY            0                         0      0        0
  MONTH TO DATE    0                         0      0        0
  SINCE SEP 1    354                       204    150      215
  SINCE JAN 1   1268                       829    439     1039
..................................................................


WIND (MPH)
  RESULTANT WIND SPEED   1   RESULTANT WIND DIRECTION   E (70)
  HIGHEST WIND SPEED     7   HIGHEST WIND DIRECTION     E (70)
  HIGHEST GUST SPEED     9   HIGHEST GUST DIRECTION     E (80)
  AVERAGE WIND SPEED     0.8


SKY COVER
  POSSIBLE SUNSHINE  MM
  AVERAGE SKY COVER 0.0


WEATHER CONDITIONS
 THE FOLLOWING WEATHER WAS RECORDED TODAY.
  FOG
  HAZE


RELATIVE HUMIDITY (PERCENT)
 HIGHEST    92           800 AM
 LOWEST     38           300 PM
 AVERAGE    65

..........................................................


THE LIVERMORE AIRPORT CLIMATE NORMALS FOR TOMORROW
                         NORMAL    RECORD    YEAR
 MAXIMUM TEMPERATURE (F)   59        74      1958
 MINIMUM TEMPERATURE (F)   40        27      1952


SUNRISE AND SUNSET
NOVEMBER 27 2014......SUNRISE   700 AM PST   SUNSET   450 PM PST
NOVEMBER 28 2014......SUNRISE   701 AM PST   SUNSET   449 PM PST


-  INDICATES NEGATIVE NUMBERS.
R  INDICATES RECORD WAS SET OR TIED.
MM INDICATES DATA IS MISSING.
T  INDICATES TRACE AMOUNT.




$$
