000
CDUS46 KMTR 310035
CLILVK


CLIMATE REPORT
NATIONAL WEATHER SERVICE SAN FRANCISCO BAY AREA
435 PM PST FRI JAN 30 2015


...................................

...THE LIVERMORE AIRPORT CLIMATE SUMMARY FOR JANUARY 30 2015...
VALID TODAY AS OF 0400 PM LOCAL TIME.

CLIMATE NORMAL PERIOD 1981 TO 2010
CLIMATE RECORD PERIOD 1930 TO 2015


WEATHER ITEM   OBSERVED TIME   RECORD YEAR NORMAL DEPARTURE LAST
                VALUE   (LST)  VALUE       VALUE  FROM      YEAR
                                                  NORMAL
..................................................................
TEMPERATURE (F)
 TODAY
  MAXIMUM         71    216 PM  75    1976  57     14       62
  MINIMUM         39    609 AM  22    1975  39      0       51
  AVERAGE         55                        48      7       57

PRECIPITATION (IN)
  TODAY            0.00          2.52 1968   0.08  -0.08     0.09
  MONTH TO DATE    0.00                      2.93  -2.93     0.09
  SINCE JUL 1      9.83                      8.74   1.09     2.47
  SINCE JAN 1      0.00                      2.93  -2.93     0.09

DEGREE DAYS
 HEATING
  TODAY           10                        17     -7        8
  MONTH TO DATE  406                       552   -146      346
  SINCE DEC 1    708                      1111   -403      879
  SINCE JUL 1    939                      1583   -644     1197

 COOLING
  TODAY            0                         0      0        0
  MONTH TO DATE    0                         0      0        0
  SINCE DEC 1      0                         0      0        0
  SINCE JAN 1      0                         0      0        0
..................................................................


WIND (MPH)
  RESULTANT WIND SPEED   0   RESULTANT WIND DIRECTION  NE (60)
  HIGHEST WIND SPEED     9   HIGHEST WIND DIRECTION     W (280)
  HIGHEST GUST SPEED    12   HIGHEST GUST DIRECTION     W (270)
  AVERAGE WIND SPEED     1.6


SKY COVER
  POSSIBLE SUNSHINE  MM
  AVERAGE SKY COVER 0.0


WEATHER CONDITIONS
 THE FOLLOWING WEATHER WAS RECORDED TODAY.
  NO SIGNIFICANT WEATHER WAS OBSERVED.


RELATIVE HUMIDITY (PERCENT)
 HIGHEST    89           500 AM
 LOWEST     39           200 PM
 AVERAGE    64

..........................................................


THE LIVERMORE AIRPORT CLIMATE NORMALS FOR TOMORROW
                         NORMAL    RECORD    YEAR
 MAXIMUM TEMPERATURE (F)   57        73      1976
 MINIMUM TEMPERATURE (F)   39        22      1972


SUNRISE AND SUNSET
JANUARY 30 2015.......SUNRISE   713 AM PST   SUNSET   529 PM PST
JANUARY 31 2015.......SUNRISE   712 AM PST   SUNSET   530 PM PST


-  INDICATES NEGATIVE NUMBERS.
R  INDICATES RECORD WAS SET OR TIED.
MM INDICATES DATA IS MISSING.
T  INDICATES TRACE AMOUNT.




$$
