000
CDUS46 KMTR 010826
CLILVK


CLIMATE REPORT
NATIONAL WEATHER SERVICE SAN FRANCISCO BAY AREA
126 AM PDT SAT OCT 1 2016


...................................

...THE LIVERMORE AIRPORT CLIMATE SUMMARY FOR SEPTEMBER 30 2016...

CLIMATE NORMAL PERIOD 1981 TO 2010
CLIMATE RECORD PERIOD 1930 TO 2016


WEATHER ITEM   OBSERVED TIME   RECORD YEAR NORMAL DEPARTURE LAST
                VALUE   (LST)  VALUE       VALUE  FROM      YEAR
                                                  NORMAL
..................................................................
TEMPERATURE (F)
 YESTERDAY
  MAXIMUM         69    120 PM 100    2012  81    -12       68
  MINIMUM         52    250 AM  35    1950  53     -1       59
  AVERAGE         61                        67     -6       64

PRECIPITATION (IN)
  YESTERDAY        0.00          1.02 1983   0.03  -0.03     0.02
  MONTH TO DATE    0.00                      0.22  -0.22     0.02
  SINCE OCT 1     15.38                     15.71  -0.33    13.80
  SINCE JAN 1     10.38                     10.13   0.25     4.18

DEGREE DAYS
 HEATING
  YESTERDAY        4                         1      3        1
  MONTH TO DATE   11                        13     -2        1
  SINCE SEP 1     11                        17     -6        1
  SINCE JUL 1     11                        24    -13        1

 COOLING
  YESTERDAY        0                         3     -3        0
  MONTH TO DATE  174                       164     10      290
  SINCE SEP 1    174                       164     10      290
  SINCE JAN 1    940                       789    151     1269
..................................................................


WIND (MPH)
  RESULTANT WIND SPEED  10   RESULTANT WIND DIRECTION   W (260)
  HIGHEST WIND SPEED    20   HIGHEST WIND DIRECTION     W (270)
  HIGHEST GUST SPEED    23   HIGHEST GUST DIRECTION     W (290)
  AVERAGE WIND SPEED    10.4


SKY COVER
  POSSIBLE SUNSHINE  MM
  AVERAGE SKY COVER 0.2


WEATHER CONDITIONS
 THE FOLLOWING WEATHER WAS RECORDED YESTERDAY.
  NO SIGNIFICANT WEATHER WAS OBSERVED.


RELATIVE HUMIDITY (PERCENT)
 HIGHEST    89           400 AM
 LOWEST     35          1200 PM
 AVERAGE    62

..........................................................


THE LIVERMORE AIRPORT CLIMATE NORMALS FOR TODAY
                         NORMAL    RECORD    YEAR
 MAXIMUM TEMPERATURE (F)   81       102      1952
 MINIMUM TEMPERATURE (F)   53        36      1971


SUNRISE AND SUNSET
OCTOBER  1 2016.......SUNRISE   703 AM PDT   SUNSET   649 PM PDT
OCTOBER  2 2016.......SUNRISE   704 AM PDT   SUNSET   648 PM PDT


-  INDICATES NEGATIVE NUMBERS.
R  INDICATES RECORD WAS SET OR TIED.
MM INDICATES DATA IS MISSING.
T  INDICATES TRACE AMOUNT.




$$
