000
CDUS46 KMTR 050037
CLILVK


CLIMATE REPORT
NATIONAL WEATHER SERVICE SAN FRANCISCO BAY AREA
437 PM PST SUN DEC 4 2016


...................................

...THE LIVERMORE AIRPORT CLIMATE SUMMARY FOR DECEMBER 4 2016...
VALID TODAY AS OF 0400 PM LOCAL TIME.

CLIMATE NORMAL PERIOD 1981 TO 2010
CLIMATE RECORD PERIOD 1930 TO 2016


WEATHER ITEM   OBSERVED TIME   RECORD YEAR NORMAL DEPARTURE LAST
                VALUE   (LST)  VALUE       VALUE  FROM      YEAR
                                                  NORMAL
..................................................................
TEMPERATURE (F)
 TODAY
  MAXIMUM         62    212 PM  74    1958  58      4       61
  MINIMUM         33    644 AM  25    1968  39     -6       37
  AVERAGE         48                        48      0       49

PRECIPITATION (IN)
  TODAY            0.00          1.06 1950   0.06  -0.06     0.00
  MONTH TO DATE    0.00                      0.22  -0.22     0.20
  SINCE OCT 1      4.00                      3.12   0.88     2.64
  SINCE JAN 1     14.38                     13.25   1.13     6.82

DEGREE DAYS
 HEATING
  TODAY           17                        17      0       16
  MONTH TO DATE   62                        66     -4       65
  SINCE DEC 1     62                        66     -4       65
  SINCE JUL 1    434                       538   -104      480

 COOLING
  TODAY            0                         0      0        0
  MONTH TO DATE    0                         0      0        0
  SINCE DEC 1      0                         0      0        0
  SINCE JAN 1    955                       830    125     1463
..................................................................


WIND (MPH)
  RESULTANT WIND SPEED   0   RESULTANT WIND DIRECTION  SE (130)
  HIGHEST WIND SPEED     9   HIGHEST WIND DIRECTION     W (270)
  HIGHEST GUST SPEED    11   HIGHEST GUST DIRECTION     W (280)
  AVERAGE WIND SPEED     1.9


SKY COVER
  POSSIBLE SUNSHINE  MM
  AVERAGE SKY COVER 0.0


WEATHER CONDITIONS
 THE FOLLOWING WEATHER WAS RECORDED TODAY.
  NO SIGNIFICANT WEATHER WAS OBSERVED.


RELATIVE HUMIDITY (PERCENT)
 HIGHEST    92           100 AM
 LOWEST     48           200 PM
 AVERAGE    70

..........................................................


THE LIVERMORE AIRPORT CLIMATE NORMALS FOR TOMORROW
                         NORMAL    RECORD    YEAR
 MAXIMUM TEMPERATURE (F)   57        77      1958
 MINIMUM TEMPERATURE (F)   39        21      1972


SUNRISE AND SUNSET
DECEMBER  4 2016......SUNRISE   707 AM PST   SUNSET   448 PM PST
DECEMBER  5 2016......SUNRISE   708 AM PST   SUNSET   448 PM PST


-  INDICATES NEGATIVE NUMBERS.
R  INDICATES RECORD WAS SET OR TIED.
MM INDICATES DATA IS MISSING.
T  INDICATES TRACE AMOUNT.




$$
