000
CDUS45 KBYZ 280935
CLILVM


CLIMATE REPORT
NATIONAL WEATHER SERVICE BILLINGS MT
333 AM MDT TUE MAR 28 2017


...................................

...THE LIVINGSTON MT CLIMATE SUMMARY FOR MARCH 27 2017...

CLIMATE NORMAL PERIOD 1981 TO 2010
CLIMATE RECORD PERIOD 1948 TO 2017


WEATHER ITEM   OBSERVED TIME   RECORD YEAR NORMAL DEPARTURE LAST
                VALUE   (LST)  VALUE       VALUE  FROM      YEAR
                                                  NORMAL
..................................................................
TEMPERATURE (F)
 YESTERDAY
  MAXIMUM         54    134 PM  74    2015  50      4       57
  MINIMUM         37    636 AM   2    1965  26     11       33
  AVERAGE         46                        38      8       45

PRECIPITATION (IN)
  YESTERDAY        0.06          1.11 1981   0.04   0.02     0.18
  MONTH TO DATE    0.69                      0.69   0.00     0.84
  SINCE OCT 1      5.94                      4.05   1.89     4.86
  SINCE JAN 1      2.01                      1.68   0.33     1.16

DEGREE DAYS
 HEATING
  YESTERDAY       19                        27     -8       20
  MONTH TO DATE  633                       805   -172      676
  SINCE MAR 1    633                       805   -172      676
  SINCE JUL 1   5859                      6153   -294     5279

 COOLING
  YESTERDAY        0                         0      0        0
  MONTH TO DATE    0                         0      0        0
  SINCE MAR 1      0                         0      0        0
  SINCE JAN 1      0                         0      0        0
..................................................................


WIND (MPH)
  HIGHEST WIND SPEED    22   HIGHEST WIND DIRECTION     N (340)
  HIGHEST GUST SPEED    28   HIGHEST GUST DIRECTION     N (350)
  AVERAGE WIND SPEED    10.0


SKY COVER
  POSSIBLE SUNSHINE  MM
  AVERAGE SKY COVER 1.0


WEATHER CONDITIONS
 THE FOLLOWING WEATHER WAS RECORDED YESTERDAY.
  RAIN
  LIGHT RAIN


RELATIVE HUMIDITY (PERCENT)
 HIGHEST    85           800 PM
 LOWEST     38           100 PM
 AVERAGE    62

..........................................................


THE LIVINGSTON MT CLIMATE NORMALS FOR TODAY
                         NORMAL    RECORD    YEAR
 MAXIMUM TEMPERATURE (F)   50        74      1986
 MINIMUM TEMPERATURE (F)   26        -6      1965


SUNRISE AND SUNSET
MARCH 28 2017.........SUNRISE   709 AM MDT   SUNSET   745 PM MDT
MARCH 29 2017.........SUNRISE   707 AM MDT   SUNSET   747 PM MDT


-  INDICATES NEGATIVE NUMBERS.
R  INDICATES RECORD WAS SET OR TIED.
MM INDICATES DATA IS MISSING.
T  INDICATES TRACE AMOUNT.





&&

THIS IS AN AUTOMATED...UNATTENDED WEATHER STATION AND MAY
UNDERESTIMATE WINTER PRECIPITATION.

$$
