000
CDUS45 KBYZ 180724
CLILVM


CLIMATE REPORT
NATIONAL WEATHER SERVICE BILLINGS MT
1224 AM MST THU JAN 18 2018


...................................

...THE LIVINGSTON MT CLIMATE SUMMARY FOR JANUARY 17 2018...

CLIMATE NORMAL PERIOD 1981 TO 2010
CLIMATE RECORD PERIOD 1948 TO 2018


WEATHER ITEM   OBSERVED TIME   RECORD YEAR NORMAL DEPARTURE LAST
                VALUE   (LST)  VALUE       VALUE  FROM      YEAR
                                                  NORMAL
..................................................................
TEMPERATURE (F)
 YESTERDAY
  MAXIMUM         44    715 PM  55    1961  37      7       45
  MINIMUM         28    537 AM -12    1950  17     11       30
  AVERAGE         36                        27      9       38

PRECIPITATION (IN)
  YESTERDAY        0.00          0.31 1953   0.01  -0.01     0.00
  MONTH TO DATE    0.40                      0.27   0.13     0.18
  SINCE OCT 1      3.44                      2.64   0.80     4.11
  SINCE JAN 1      0.40                      0.27   0.13     0.18

DEGREE DAYS
 HEATING
  YESTERDAY       29                        38     -9       27
  MONTH TO DATE  602                       650    -48      869
  SINCE DEC 1   1815                      1856    -41     2298
  SINCE JUL 1   3638                      3815   -177     3796

 COOLING
  YESTERDAY        0                         0      0        0
  MONTH TO DATE    0                         0      0        0
  SINCE DEC 1      0                         0      0        0
  SINCE JAN 1      0                         0      0        0
..................................................................


WIND (MPH)
  HIGHEST WIND SPEED    48   HIGHEST WIND DIRECTION    SW (210)
  HIGHEST GUST SPEED    59   HIGHEST GUST DIRECTION    SW (220)
  AVERAGE WIND SPEED    19.1


SKY COVER
  POSSIBLE SUNSHINE  MM
  AVERAGE SKY COVER 0.0


WEATHER CONDITIONS
 THE FOLLOWING WEATHER WAS RECORDED YESTERDAY.
  NO SIGNIFICANT WEATHER WAS OBSERVED.


RELATIVE HUMIDITY (PERCENT)
 HIGHEST    63           900 AM
 LOWEST     49           300 PM
 AVERAGE    56

..........................................................


THE LIVINGSTON MT CLIMATE NORMALS FOR TODAY
                         NORMAL    RECORD    YEAR
 MAXIMUM TEMPERATURE (F)   37        53      2015
 MINIMUM TEMPERATURE (F)   18       -23      1963


SUNRISE AND SUNSET
JANUARY 18 2018.......SUNRISE   757 AM MST   SUNSET   508 PM MST
JANUARY 19 2018.......SUNRISE   756 AM MST   SUNSET   510 PM MST


-  INDICATES NEGATIVE NUMBERS.
R  INDICATES RECORD WAS SET OR TIED.
MM INDICATES DATA IS MISSING.
T  INDICATES TRACE AMOUNT.




$$
