000
CDUS45 KBYZ 121038
CLILVM


CLIMATE REPORT
NATIONAL WEATHER SERVICE BILLINGS MT
336 AM MST FRI FEB 12 2016


...................................

...THE LIVINGSTON MT CLIMATE SUMMARY FOR FEBRUARY 11 2016...

CLIMATE NORMAL PERIOD 1981 TO 2010
CLIMATE RECORD PERIOD 1948 TO 2016


WEATHER ITEM   OBSERVED TIME   RECORD YEAR NORMAL DEPARTURE LAST
                VALUE   (LST)  VALUE       VALUE  FROM      YEAR
                                                  NORMAL
..................................................................
TEMPERATURE (F)
 YESTERDAY
  MAXIMUM         59    241 PM  62    1961  39     20       54
  MINIMUM         41   1017 PM -21    1986  18     23       29
  AVERAGE         50                        28     22       42

PRECIPITATION (IN)
  YESTERDAY        0.00          0.44 1962   0.02  -0.02     0.00
  MONTH TO DATE    T                         0.18  -0.18     0.11
  SINCE OCT 1      3.85                      3.04   0.81     2.44
  SINCE JAN 1      0.15                      0.67  -0.52     0.65

DEGREE DAYS
 HEATING
  YESTERDAY       15                        37    -22       23
  MONTH TO DATE  311                       408    -97      241
  SINCE DEC 1   2513                      2790   -277     2284
  SINCE JUL 1   4190                      4749   -559     4022

 COOLING
  YESTERDAY        0                         0      0        0
  MONTH TO DATE    0                         0      0        0
  SINCE DEC 1      0                         0      0        0
  SINCE JAN 1      0                         0      0        0
..................................................................


WIND (MPH)
  HIGHEST WIND SPEED    40   HIGHEST WIND DIRECTION    SW (240)
  HIGHEST GUST SPEED    53   HIGHEST GUST DIRECTION    SW (230)
  AVERAGE WIND SPEED    18.9


SKY COVER
  POSSIBLE SUNSHINE  MM
  AVERAGE SKY COVER 0.4


WEATHER CONDITIONS
 THE FOLLOWING WEATHER WAS RECORDED YESTERDAY.
  NO SIGNIFICANT WEATHER WAS OBSERVED.


RELATIVE HUMIDITY (PERCENT)
 HIGHEST    49          1000 PM
 LOWEST     21           200 PM
 AVERAGE    35

..........................................................


THE LIVINGSTON MT CLIMATE NORMALS FOR TODAY
                         NORMAL    RECORD    YEAR
 MAXIMUM TEMPERATURE (F)   39        60      1996
 MINIMUM TEMPERATURE (F)   18       -23      1949


SUNRISE AND SUNSET
FEBRUARY 12 2016......SUNRISE   729 AM MST   SUNSET   544 PM MST
FEBRUARY 13 2016......SUNRISE   727 AM MST   SUNSET   545 PM MST


-  INDICATES NEGATIVE NUMBERS.
R  INDICATES RECORD WAS SET OR TIED.
MM INDICATES DATA IS MISSING.
T  INDICATES TRACE AMOUNT.





&&

THIS IS AN AUTOMATED...UNATTENDED WEATHER STATION AND MAY
UNDERESTIMATE WINTER PRECIPITATION.

$$
