000
CDUS45 KBYZ 112222
CLILVM


CLIMATE REPORT
NATIONAL WEATHER SERVICE BILLINGS MT
421 PM MDT FRI JUL 11 2014


...................................

...THE LIVINGSTON MT CLIMATE SUMMARY FOR JULY 11 2014...
VALID TODAY AS OF 0400 PM LOCAL TIME.

CLIMATE NORMAL PERIOD 1981 TO 2010
CLIMATE RECORD PERIOD 1948 TO 2014


WEATHER ITEM   OBSERVED TIME   RECORD YEAR NORMAL DEPARTURE LAST
                VALUE   (LST)  VALUE       VALUE  FROM      YEAR
                                                  NORMAL
..................................................................
TEMPERATURE (F)
 TODAY
  MAXIMUM         81    259 PM  98    2013  84     -3       91
                                      2002
  MINIMUM         52    402 AM  38    1951  49      3       54
  AVERAGE         67                        66      1       73

PRECIPITATION (IN)
  TODAY            0.00          0.81 1987   0.05  -0.05      T
  MONTH TO DATE    T                         0.58  -0.58     1.23
  SINCE OCT 1     11.09                     11.60  -0.51     9.32
  SINCE JAN 1      8.80                      9.23  -0.43     7.02

DEGREE DAYS
 HEATING
  TODAY            0                         2     -2        0
  MONTH TO DATE    9                        27    -18        0
  SINCE JUN 1    204                       234    -30      137
  SINCE JUL 1      9                        27    -18        0

 COOLING
  TODAY            2                         3     -1        8
  MONTH TO DATE   55                        27     28       76
  SINCE JUN 1     57                        46     11      118
  SINCE JAN 1     62                        47     15      126
..................................................................


WIND (MPH)
  HIGHEST WIND SPEED    23   HIGHEST WIND DIRECTION     E (90)
  HIGHEST GUST SPEED    29   HIGHEST GUST DIRECTION     E (80)
  AVERAGE WIND SPEED    12.9


SKY COVER
  POSSIBLE SUNSHINE  MM
  AVERAGE SKY COVER 0.0


WEATHER CONDITIONS
 THE FOLLOWING WEATHER WAS RECORDED TODAY.
  NO SIGNIFICANT WEATHER WAS OBSERVED.


RELATIVE HUMIDITY (PERCENT)
 HIGHEST    66           200 AM
 LOWEST     39           300 PM
 AVERAGE    53

..........................................................


THE LIVINGSTON MT CLIMATE NORMALS FOR TOMORROW
                         NORMAL    RECORD    YEAR
 MAXIMUM TEMPERATURE (F)   84       103      2002
 MINIMUM TEMPERATURE (F)   49        33      2008


SUNRISE AND SUNSET
JULY 11 2014..........SUNRISE   543 AM MDT   SUNSET   911 PM MDT
JULY 12 2014..........SUNRISE   544 AM MDT   SUNSET   910 PM MDT


-  INDICATES NEGATIVE NUMBERS.
R  INDICATES RECORD WAS SET OR TIED.
MM INDICATES DATA IS MISSING.
T  INDICATES TRACE AMOUNT.





&&

THIS IS AN AUTOMATED...UNATTENDED WEATHER STATION AND MAY
UNDERESTIMATE WINTER PRECIPITATION.

$$
