000
CDUS45 KBYZ 251032
CLILVM


CLIMATE REPORT
NATIONAL WEATHER SERVICE BILLINGS MT
331 AM MST SAT FEB 25 2017


...................................

...THE LIVINGSTON MT CLIMATE SUMMARY FOR FEBRUARY 24 2017...

CLIMATE NORMAL PERIOD 1981 TO 2010
CLIMATE RECORD PERIOD 1948 TO 2017


WEATHER ITEM   OBSERVED TIME   RECORD YEAR NORMAL DEPARTURE LAST
                VALUE   (LST)  VALUE       VALUE  FROM      YEAR
                                                  NORMAL
..................................................................
TEMPERATURE (F)
 YESTERDAY
  MAXIMUM         28    516 PM  70    1995  42    -14       48
  MINIMUM         18    434 AM -24    2003  19     -1       24
  AVERAGE         23                        31     -8       36

PRECIPITATION (IN)
  YESTERDAY        0.04          0.40 1996   0.02   0.02     0.00
  MONTH TO DATE    0.90                      0.42   0.48     0.15
  SINCE OCT 1      5.24                      3.28   1.96     4.00
  SINCE JAN 1      1.31                      0.91   0.40     0.30

DEGREE DAYS
 HEATING
  YESTERDAY       42                        34      8       29
  MONTH TO DATE  807                       870    -63      613
  SINCE DEC 1   3569                      3252    317     2815
  SINCE JUL 1   5067                      5211   -144     4492

 COOLING
  YESTERDAY        0                         0      0        0
  MONTH TO DATE    0                         0      0        0
  SINCE DEC 1      0                         0      0        0
  SINCE JAN 1      0                         0      0        0
..................................................................


WIND (MPH)
  HIGHEST WIND SPEED    13   HIGHEST WIND DIRECTION     E (90)
  HIGHEST GUST SPEED    16   HIGHEST GUST DIRECTION     E (90)
  AVERAGE WIND SPEED     4.6


SKY COVER
  POSSIBLE SUNSHINE  MM
  AVERAGE SKY COVER 0.9


WEATHER CONDITIONS
 THE FOLLOWING WEATHER WAS RECORDED YESTERDAY.
  SNOW
  LIGHT SNOW
  FOG
  HAZE


RELATIVE HUMIDITY (PERCENT)
 HIGHEST    92           400 AM
 LOWEST     63           200 PM
 AVERAGE    78

..........................................................


THE LIVINGSTON MT CLIMATE NORMALS FOR TODAY
                         NORMAL    RECORD    YEAR
 MAXIMUM TEMPERATURE (F)   42        63      1983
 MINIMUM TEMPERATURE (F)   20       -20      2011


SUNRISE AND SUNSET
FEBRUARY 25 2017......SUNRISE   707 AM MST   SUNSET   603 PM MST
FEBRUARY 26 2017......SUNRISE   705 AM MST   SUNSET   605 PM MST


-  INDICATES NEGATIVE NUMBERS.
R  INDICATES RECORD WAS SET OR TIED.
MM INDICATES DATA IS MISSING.
T  INDICATES TRACE AMOUNT.





&&

THIS IS AN AUTOMATED...UNATTENDED WEATHER STATION AND MAY
UNDERESTIMATE WINTER PRECIPITATION.

$$
