521
CDUS45 KBYZ 180724
CLILVM


CLIMATE REPORT
NATIONAL WEATHER SERVICE BILLINGS MT
1224 AM MST SAT NOV 18 2017


...................................

...THE LIVINGSTON MT CLIMATE SUMMARY FOR NOVEMBER 17 2017...

CLIMATE NORMAL PERIOD 1981 TO 2010
CLIMATE RECORD PERIOD 1948 TO 2017


WEATHER ITEM   OBSERVED TIME   RECORD YEAR NORMAL DEPARTURE LAST
                VALUE   (LST)  VALUE       VALUE  FROM      YEAR
                                                  NORMAL
..................................................................
TEMPERATURE (F)
 YESTERDAY
  MAXIMUM         42    139 PM  70    1999  43     -1       33
  MINIMUM         28    517 PM  -8    1955  24      4       26
  AVERAGE         35                        33      2       30

PRECIPITATION (IN)
  YESTERDAY        T             0.32 1975   0.02  -0.02      T
  MONTH TO DATE    1.47                      0.33   1.14     0.19
  SINCE OCT 1      1.71                      1.59   0.12     3.51
  SINCE JAN 1     15.61                     14.03   1.58    13.50

DEGREE DAYS
 HEATING
  YESTERDAY       30                        32     -2       35
  MONTH TO DATE  628                       483    145      272
  SINCE SEP 1   1535                      1393    142     1034
  SINCE JUL 1   1558                      1511     47     1122

 COOLING
  YESTERDAY        0                         0      0        0
  MONTH TO DATE    0                         0      0        0
  SINCE SEP 1     53                        15     38       18
  SINCE JAN 1    397                       230    167      330
..................................................................


WIND (MPH)
  HIGHEST WIND SPEED    35   HIGHEST WIND DIRECTION     W (260)
  HIGHEST GUST SPEED    43   HIGHEST GUST DIRECTION     W (270)
  AVERAGE WIND SPEED    14.6


SKY COVER
  POSSIBLE SUNSHINE  MM
  AVERAGE SKY COVER 0.6


WEATHER CONDITIONS
 THE FOLLOWING WEATHER WAS RECORDED YESTERDAY.
  LIGHT SNOW
  FOG


RELATIVE HUMIDITY (PERCENT)
 HIGHEST    85           100 AM
 LOWEST     34           200 PM
 AVERAGE    60

..........................................................


THE LIVINGSTON MT CLIMATE NORMALS FOR TODAY
                         NORMAL    RECORD    YEAR
 MAXIMUM TEMPERATURE (F)   43        71      2008
 MINIMUM TEMPERATURE (F)   23         0      1978


SUNRISE AND SUNSET
NOVEMBER 18 2017......SUNRISE   726 AM MST   SUNSET   448 PM MST
NOVEMBER 19 2017......SUNRISE   727 AM MST   SUNSET   447 PM MST


-  INDICATES NEGATIVE NUMBERS.
R  INDICATES RECORD WAS SET OR TIED.
MM INDICATES DATA IS MISSING.
T  INDICATES TRACE AMOUNT.




$$
