000
CDUS45 KBYZ 260933
CLILVM


CLIMATE REPORT
NATIONAL WEATHER SERVICE BILLINGS MT
331 AM MDT MON SEP 26 2016


...................................

...THE LIVINGSTON MT CLIMATE SUMMARY FOR SEPTEMBER 25 2016...

CLIMATE NORMAL PERIOD 1981 TO 2010
CLIMATE RECORD PERIOD 1948 TO 2016


WEATHER ITEM   OBSERVED TIME   RECORD YEAR NORMAL DEPARTURE LAST
                VALUE   (LST)  VALUE       VALUE  FROM      YEAR
                                                  NORMAL
..................................................................
TEMPERATURE (F)
 YESTERDAY
  MAXIMUM         68    345 PM  93    2015  68      0       93
  MINIMUM         35    622 AM  22    1972  37     -2       45
  AVERAGE         52                        52      0       69

PRECIPITATION (IN)
  YESTERDAY        0.00          0.76 1981   0.04  -0.04     0.00
  MONTH TO DATE    1.64                      0.99   0.65     1.19
  SINCE OCT 1     13.69                     14.59  -0.90    13.09
  SINCE JAN 1      9.99                     12.22  -2.23    11.30

DEGREE DAYS
 HEATING
  YESTERDAY       13                        13      0        0
  MONTH TO DATE  242                       220     22      127
  SINCE SEP 1    242                       220     22      127
  SINCE JUL 1    330                       338     -8      194

 COOLING
  YESTERDAY        0                         0      0        4
  MONTH TO DATE   17                        13      4       35
  SINCE SEP 1     17                        13      4       35
  SINCE JAN 1    329                       228    101      377
..................................................................


WIND (MPH)
  HIGHEST WIND SPEED    29   HIGHEST WIND DIRECTION     W (270)
  HIGHEST GUST SPEED    36   HIGHEST GUST DIRECTION     W (260)
  AVERAGE WIND SPEED    15.4


SKY COVER
  POSSIBLE SUNSHINE  MM
  AVERAGE SKY COVER 0.0


WEATHER CONDITIONS
 THE FOLLOWING WEATHER WAS RECORDED YESTERDAY.
  NO SIGNIFICANT WEATHER WAS OBSERVED.


RELATIVE HUMIDITY (PERCENT)
 HIGHEST    82           600 AM
 LOWEST     19          1200 PM
 AVERAGE    51

..........................................................


THE LIVINGSTON MT CLIMATE NORMALS FOR TODAY
                         NORMAL    RECORD    YEAR
 MAXIMUM TEMPERATURE (F)   67        90      2010
 MINIMUM TEMPERATURE (F)   36        21      1984


SUNRISE AND SUNSET
SEPTEMBER 26 2016.....SUNRISE   714 AM MDT   SUNSET   710 PM MDT
SEPTEMBER 27 2016.....SUNRISE   716 AM MDT   SUNSET   708 PM MDT


-  INDICATES NEGATIVE NUMBERS.
R  INDICATES RECORD WAS SET OR TIED.
MM INDICATES DATA IS MISSING.
T  INDICATES TRACE AMOUNT.





&&

THIS IS AN AUTOMATED...UNATTENDED WEATHER STATION AND MAY
UNDERESTIMATE WINTER PRECIPITATION.

$$
