000
CDUS45 KBYZ 240936
CLILVM


CLIMATE REPORT
NATIONAL WEATHER SERVICE BILLINGS MT
335 AM MDT FRI OCT 24 2014


...................................

...THE LIVINGSTON MT CLIMATE SUMMARY FOR OCTOBER 23 2014...

CLIMATE NORMAL PERIOD 1981 TO 2010
CLIMATE RECORD PERIOD 1948 TO 2014


WEATHER ITEM   OBSERVED TIME   RECORD YEAR NORMAL DEPARTURE LAST
                VALUE   (LST)  VALUE       VALUE  FROM      YEAR
                                                  NORMAL
..................................................................
TEMPERATURE (F)
 YESTERDAY
  MAXIMUM         68    243 PM  76    1948  56     12       63
  MINIMUM         51    156 AM   9    1957  30     21       29
  AVERAGE         60                        43     17       46

PRECIPITATION (IN)
  YESTERDAY        0.00          0.38 1972   0.03  -0.03     0.00
  MONTH TO DATE    0.23                      1.01  -0.78     1.14
  SINCE OCT 1      0.23                      1.01  -0.78     1.14
  SINCE JAN 1     13.90                     13.45   0.45    10.93

SNOWFALL (IN)
  YESTERDAY       MM             3.6  1991  MM     MM       MM
  MONTH TO DATE   MM                        MM     MM       MM
  SINCE SEP 1     MM                        MM     MM       MM
  SINCE JUL 1     MM                        MM     MM       MM
  SNOW DEPTH      MM

DEGREE DAYS
 HEATING
  YESTERDAY        5                        22    -17       19
  MONTH TO DATE  256                       429   -173      493
  SINCE SEP 1    500                       720   -220      666
  SINCE JUL 1    569                       838   -269      666

 COOLING
  YESTERDAY        0                         0      0        0
  MONTH TO DATE    0                         0      0        0
  SINCE SEP 1     18                        14      4       56
  SINCE JAN 1    321                       229     92      495
..................................................................


WIND (MPH)
  HIGHEST WIND SPEED    45   HIGHEST WIND DIRECTION    SW (210)
  HIGHEST GUST SPEED    55   HIGHEST GUST DIRECTION    SW (210)
  AVERAGE WIND SPEED    28.9


SKY COVER
  POSSIBLE SUNSHINE  MM
  AVERAGE SKY COVER 0.2


WEATHER CONDITIONS
 THE FOLLOWING WEATHER WAS RECORDED YESTERDAY.
  NO SIGNIFICANT WEATHER WAS OBSERVED.


RELATIVE HUMIDITY (PERCENT)
 HIGHEST    38           600 AM
 LOWEST     22          1200 PM
 AVERAGE    30

..........................................................


THE LIVINGSTON MT CLIMATE NORMALS FOR TODAY
                         NORMAL    RECORD    YEAR
 MAXIMUM TEMPERATURE (F)   55        78      2007
 MINIMUM TEMPERATURE (F)   30        11      1975


SUNRISE AND SUNSET
OCTOBER 24 2014.......SUNRISE   751 AM MDT   SUNSET   621 PM MDT
OCTOBER 25 2014.......SUNRISE   752 AM MDT   SUNSET   619 PM MDT


-  INDICATES NEGATIVE NUMBERS.
R  INDICATES RECORD WAS SET OR TIED.
MM INDICATES DATA IS MISSING.
T  INDICATES TRACE AMOUNT.





&&

THIS IS AN AUTOMATED...UNATTENDED WEATHER STATION AND MAY
UNDERESTIMATE WINTER PRECIPITATION.

$$
