394
CDUS45 KBYZ 300940
CLILVM


CLIMATE REPORT
NATIONAL WEATHER SERVICE BILLINGS MT
335 AM MDT SAT JUL 30 2016


...................................

...THE LIVINGSTON MT CLIMATE SUMMARY FOR JULY 29 2016...

CLIMATE NORMAL PERIOD 1981 TO 2010
CLIMATE RECORD PERIOD 1948 TO 2016


WEATHER ITEM   OBSERVED TIME   RECORD YEAR NORMAL DEPARTURE LAST
                VALUE   (LST)  VALUE       VALUE  FROM      YEAR
                                                  NORMAL
..................................................................
TEMPERATURE (F)
 YESTERDAY
  MAXIMUM         90    522 PM 103    2006  87      3       81
  MINIMUM         51    521 AM  35    1971  50      1       46
  AVERAGE         71                        68      3       64

PRECIPITATION (IN)
  YESTERDAY        0.00          0.93 1950   0.04  -0.04     0.00
  MONTH TO DATE    1.39                      1.39   0.00     1.17
  SINCE OCT 1     10.89                     12.41  -1.52    10.65
  SINCE JAN 1      7.19                     10.04  -2.85     8.86

DEGREE DAYS
 HEATING
  YESTERDAY        0                         1     -1        1
  MONTH TO DATE   33                        48    -15       10
  SINCE JUN 1    111                       255   -144       64
  SINCE JUL 1     33                        48    -15       10

 COOLING
  YESTERDAY        6                         4      2        0
  MONTH TO DATE  131                        98     33      108
  SINCE JUN 1    201                       117     84      207
  SINCE JAN 1    201                       118     83      208
..................................................................


WIND (MPH)
  HIGHEST WIND SPEED    21   HIGHEST WIND DIRECTION     E (80)
  HIGHEST GUST SPEED    27   HIGHEST GUST DIRECTION     E (80)
  AVERAGE WIND SPEED     7.6


SKY COVER
  POSSIBLE SUNSHINE  MM
  AVERAGE SKY COVER 0.0


WEATHER CONDITIONS
 THE FOLLOWING WEATHER WAS RECORDED YESTERDAY.
  NO SIGNIFICANT WEATHER WAS OBSERVED.


RELATIVE HUMIDITY (PERCENT)
 HIGHEST    83           200 AM
 LOWEST     20           400 PM
 AVERAGE    52

..........................................................


THE LIVINGSTON MT CLIMATE NORMALS FOR TODAY
                         NORMAL    RECORD    YEAR
 MAXIMUM TEMPERATURE (F)   87       104      2000
 MINIMUM TEMPERATURE (F)   50        39      1971


SUNRISE AND SUNSET
JULY 30 2016..........SUNRISE   603 AM MDT   SUNSET   852 PM MDT
JULY 31 2016..........SUNRISE   605 AM MDT   SUNSET   851 PM MDT


-  INDICATES NEGATIVE NUMBERS.
R  INDICATES RECORD WAS SET OR TIED.
MM INDICATES DATA IS MISSING.
T  INDICATES TRACE AMOUNT.





&&

THIS IS AN AUTOMATED...UNATTENDED WEATHER STATION AND MAY
UNDERESTIMATE WINTER PRECIPITATION.

$$
