000
CDUS43 KTOP 200633
CLILWC


CLIMATE REPORT
NATIONAL WEATHER SERVICE TOPEKA KS
132 AM CDT SUN APR 20 2014


...................................

...THE LAWRENCE KS CLIMATE SUMMARY FOR APRIL 19 2014...

CLIMATE NORMAL PERIOD 1981 TO 2010
CLIMATE RECORD PERIOD 9999 TO 9999


WEATHER ITEM   OBSERVED NORMAL DEPARTURE LAST
                VALUE   VALUE  FROM      YEAR
                               NORMAL
...............................................
TEMPERATURE (F)
 YESTERDAY
  MAXIMUM         80     68     12       55
  MINIMUM         42     44     -2       31
  AVERAGE         61     56      5       43

PRECIPITATION (IN)
  YESTERDAY        0.00   0.14  -0.14     0.00
  MONTH TO DATE    1.96   2.11  -0.15     2.40
  SINCE MAR 1      2.93   4.73  -1.80     4.08
  SINCE JAN 1      3.98   7.04  -3.06     6.80

DEGREE DAYS
 HEATING
  YESTERDAY        4     10     -6       22
  MONTH TO DATE  284    236     48      321
  SINCE MAR 1   1025    877    148     1137
  SINCE JUL 1   5451   4892    559     4968

 COOLING
  YESTERDAY        0      1     -1        0
  MONTH TO DATE    5     12     -7        0
  SINCE MAR 1      5     15    -10        0
  SINCE JAN 1      5     15    -10        0
...............................................


WIND (MPH)
  HIGHEST WIND SPEED    26   HIGHEST WIND DIRECTION     S (180)
  HIGHEST GUST SPEED    40   HIGHEST GUST DIRECTION     S (170)
  AVERAGE WIND SPEED    10.8


SKY COVER
  AVERAGE SKY COVER 0.0


WEATHER CONDITIONS
 THE FOLLOWING WEATHER WAS RECORDED YESTERDAY.
  NO SIGNIFICANT WEATHER WAS OBSERVED.


RELATIVE HUMIDITY (PERCENT)
 HIGHEST    89
 LOWEST     30
 AVERAGE    60

..........................................................


THE LAWRENCE KS CLIMATE NORMALS FOR TODAY
                         NORMAL
 MAXIMUM TEMPERATURE (F)   68
 MINIMUM TEMPERATURE (F)   44


SUNRISE AND SUNSET
APRIL 20 2014.........SUNRISE   637 AM CDT   SUNSET   803 PM CDT
APRIL 21 2014.........SUNRISE   636 AM CDT   SUNSET   804 PM CDT


-  INDICATES NEGATIVE NUMBERS.
R  INDICATES RECORD WAS SET OR TIED.
MM INDICATES DATA IS MISSING.
T  INDICATES TRACE AMOUNT.




$$
