000
CDUS43 KTOP 210631
CLILWC


CLIMATE REPORT
NATIONAL WEATHER SERVICE TOPEKA KS
131 AM CDT TUE OCT 21 2014


...................................

...THE LAWRENCE KS CLIMATE SUMMARY FOR OCTOBER 20 2014...

CLIMATE NORMAL PERIOD 1981 TO 2010
CLIMATE RECORD PERIOD 9999 TO 9999


WEATHER ITEM   OBSERVED NORMAL DEPARTURE LAST
                VALUE   VALUE  FROM      YEAR
                               NORMAL
...............................................
TEMPERATURE (F)
 YESTERDAY
  MAXIMUM         76     67      9       73
  MINIMUM         40     42     -2       40
  AVERAGE         58     55      3       57

PRECIPITATION (IN)
  YESTERDAY        0.00   0.08  -0.08      T
  MONTH TO DATE    4.75   2.09   2.66     1.64
  SINCE SEP 1      9.37   6.25   3.12     4.98
  SINCE JAN 1     33.82  34.11  -0.29    25.26

DEGREE DAYS
 HEATING
  YESTERDAY        7     11     -4        8
  MONTH TO DATE  177    160     17      141
  SINCE SEP 1    248    220     28      164
  SINCE JUL 1    249    223     26      164

 COOLING
  YESTERDAY        0      0      0        0
  MONTH TO DATE    8     24    -16       36
  SINCE SEP 1    112    177    -65      271
  SINCE JAN 1   1419   1368     51     1492
...............................................


WIND (MPH)
  HIGHEST WIND SPEED    12   HIGHEST WIND DIRECTION     N (360)
  HIGHEST GUST SPEED    13   HIGHEST GUST DIRECTION     N (20)
  AVERAGE WIND SPEED     2.8


SKY COVER
  AVERAGE SKY COVER 0.1


WEATHER CONDITIONS
 THE FOLLOWING WEATHER WAS RECORDED YESTERDAY.
  FOG
  FOG W/VISIBILITY <= 1/4 MILE
  HAZE


RELATIVE HUMIDITY (PERCENT)
 HIGHEST   100
 LOWEST     35
 AVERAGE    68

..........................................................


THE LAWRENCE KS CLIMATE NORMALS FOR TODAY
                         NORMAL
 MAXIMUM TEMPERATURE (F)   67
 MINIMUM TEMPERATURE (F)   42


SUNRISE AND SUNSET
OCTOBER 21 2014.......SUNRISE   736 AM CDT   SUNSET   634 PM CDT
OCTOBER 22 2014.......SUNRISE   738 AM CDT   SUNSET   632 PM CDT


-  INDICATES NEGATIVE NUMBERS.
R  INDICATES RECORD WAS SET OR TIED.
MM INDICATES DATA IS MISSING.
T  INDICATES TRACE AMOUNT.




$$
