000
CDUS43 KTOP 010636
CLILWC


CLIMATE REPORT
NATIONAL WEATHER SERVICE TOPEKA KS
1234 AM CST SUN FEB 1 2015


...................................

...THE LAWRENCE KS CLIMATE SUMMARY FOR JANUARY 31 2015...

CLIMATE NORMAL PERIOD 1981 TO 2010
CLIMATE RECORD PERIOD 9999 TO 9999


WEATHER ITEM   OBSERVED NORMAL DEPARTURE LAST
                VALUE   VALUE  FROM      YEAR
                               NORMAL
...............................................
TEMPERATURE (F)
 YESTERDAY
  MAXIMUM         40     42     -2       30
  MINIMUM         32     20     12       21
  AVERAGE         36     31      5       26

PRECIPITATION (IN)
  YESTERDAY        1.01   0.05   0.96     0.01
  MONTH TO DATE    1.06   1.01   0.05     0.08
  SINCE DEC 1      2.92   2.48   0.44     0.54
  SINCE JAN 1      1.06   1.01   0.05     0.08

DEGREE DAYS
 HEATING
  YESTERDAY       29     34     -5       39
  MONTH TO DATE 1085   1104    -19     1192
  SINCE DEC 1   2019   2143   -124     2313
  SINCE JUL 1   3199   3151     48     3343

 COOLING
  YESTERDAY        0      0      0        0
  MONTH TO DATE    0      0      0        0
  SINCE DEC 1      0      0      0        0
  SINCE JAN 1      0      0      0        0
...............................................


WIND (MPH)
  HIGHEST WIND SPEED    17   HIGHEST WIND DIRECTION     S (180)
  HIGHEST GUST SPEED    22   HIGHEST GUST DIRECTION     S (170)
  AVERAGE WIND SPEED     7.3


SKY COVER
  AVERAGE SKY COVER 1.0


WEATHER CONDITIONS
 THE FOLLOWING WEATHER WAS RECORDED YESTERDAY.
  LIGHT RAIN
  LIGHT SNOW
  FOG


RELATIVE HUMIDITY (PERCENT)
 HIGHEST   100
 LOWEST     69
 AVERAGE    85

..........................................................


THE LAWRENCE KS CLIMATE NORMALS FOR TODAY
                         NORMAL
 MAXIMUM TEMPERATURE (F)   42
 MINIMUM TEMPERATURE (F)   20


SUNRISE AND SUNSET
FEBRUARY  1 2015......SUNRISE   727 AM CST   SUNSET   542 PM CST
FEBRUARY  2 2015......SUNRISE   727 AM CST   SUNSET   543 PM CST


-  INDICATES NEGATIVE NUMBERS.
R  INDICATES RECORD WAS SET OR TIED.
MM INDICATES DATA IS MISSING.
T  INDICATES TRACE AMOUNT.




$$
