000
CDUS43 KTOP 250636
CLILWC


CLIMATE REPORT
NATIONAL WEATHER SERVICE TOPEKA KS
131 AM CDT TUE APR 25 2017


...................................

...THE LAWRENCE KS CLIMATE SUMMARY FOR APRIL 24 2017...

CLIMATE NORMAL PERIOD 1981 TO 2010
CLIMATE RECORD PERIOD 9999 TO 9999


WEATHER ITEM   OBSERVED NORMAL DEPARTURE LAST
                VALUE   VALUE  FROM      YEAR
                               NORMAL
...............................................
TEMPERATURE (F)
 YESTERDAY
  MAXIMUM         75     70      5       81
  MINIMUM         42     46     -4       57
  AVERAGE         59     58      1       69

PRECIPITATION (IN)
  YESTERDAY        0.00   0.15  -0.15     0.35
  MONTH TO DATE    4.29   2.83   1.46     1.48
  SINCE MAR 1      6.65   5.45   1.20     3.13
  SINCE JAN 1      7.66   7.76  -0.10     4.25

DEGREE DAYS
 HEATING
  YESTERDAY        6      8     -2        0
  MONTH TO DATE  179    280   -101      207
  SINCE MAR 1    698    921   -223      691
  SINCE JUL 1   3979   4936   -957     4193

 COOLING
  YESTERDAY        0      1     -1        4
  MONTH TO DATE   25     17      8        8
  SINCE MAR 1     32     20     12       11
  SINCE JAN 1     32     20     12       11
...............................................


WIND (MPH)
  HIGHEST WIND SPEED    30   HIGHEST WIND DIRECTION    SE (150)
  HIGHEST GUST SPEED    38   HIGHEST GUST DIRECTION     S (160)
  AVERAGE WIND SPEED    13.8


SKY COVER
  AVERAGE SKY COVER 0.0


WEATHER CONDITIONS
 THE FOLLOWING WEATHER WAS RECORDED YESTERDAY.
  NO SIGNIFICANT WEATHER WAS OBSERVED.


RELATIVE HUMIDITY (PERCENT)
 HIGHEST    92
 LOWEST     29
 AVERAGE    61

..........................................................


THE LAWRENCE KS CLIMATE NORMALS FOR TODAY
                         NORMAL
 MAXIMUM TEMPERATURE (F)   70
 MINIMUM TEMPERATURE (F)   46


SUNRISE AND SUNSET
APRIL 25 2017.........SUNRISE   630 AM CDT   SUNSET   808 PM CDT
APRIL 26 2017.........SUNRISE   629 AM CDT   SUNSET   809 PM CDT


-  INDICATES NEGATIVE NUMBERS.
R  INDICATES RECORD WAS SET OR TIED.
MM INDICATES DATA IS MISSING.
T  INDICATES TRACE AMOUNT.




$$
