000
CDUS46 KOTX 250825
CLILWS


CLIMATE REPORT
NATIONAL WEATHER SERVICE SPOKANE, WA
124 AM PDT SAT OCT 25 2014


...................................

...THE LEWISTON ID AIRPORT CLIMATE SUMMARY FOR OCTOBER 24 2014...

CLIMATE NORMAL PERIOD 1981 TO 2010
CLIMATE RECORD PERIOD 1881 TO 2014


WEATHER ITEM   OBSERVED TIME   RECORD YEAR NORMAL DEPARTURE LAST
                VALUE   (LST)  VALUE       VALUE  FROM      YEAR
                                                  NORMAL
..................................................................
TEMPERATURE (F)
 YESTERDAY
  MAXIMUM         58    216 PM  78    1945  58      0       64
  MINIMUM         49   1108 PM  24    1895  39     10       38
  AVERAGE         54                        49      5       51

PRECIPITATION (IN)
  YESTERDAY        0.04          0.70 1913   0.03   0.01     0.00
  MONTH TO DATE    0.73                      0.70   0.03     0.08
  SINCE OCT 1      0.73                      0.70   0.03     0.08
  SINCE JAN 1      8.65                      9.90  -1.25     8.04

SNOWFALL (IN)
  YESTERDAY        0.0           T    1919   0.0    0.0      0.0
  MONTH TO DATE    0.0                       0.0    0.0      0.0
  SINCE SEP 1      0.0                       0.0    0.0      0.0
  SINCE JUL 1      0.0                       0.0    0.0      0.0
  SNOW DEPTH       0

DEGREE DAYS
 HEATING
  YESTERDAY       11                        16     -5       14
  MONTH TO DATE  146                       286   -140      343
  SINCE SEP 1    166                       385   -219      430
  SINCE JUL 1    166                       400   -234      430

 COOLING
  YESTERDAY        0                         0      0        0
  MONTH TO DATE   14                         1     13        0
  SINCE SEP 1    125                        88     37      184
  SINCE JAN 1   1095                       805    290     1178
..................................................................


WIND (MPH)
  HIGHEST WIND SPEED     9   HIGHEST WIND DIRECTION     E (70)
  HIGHEST GUST SPEED    19   HIGHEST GUST DIRECTION     W (280)
  AVERAGE WIND SPEED     4.0


SKY COVER
  POSSIBLE SUNSHINE  MM
  AVERAGE SKY COVER 0.8


WEATHER CONDITIONS
 THE FOLLOWING WEATHER WAS RECORDED YESTERDAY.
  LIGHT RAIN


RELATIVE HUMIDITY (PERCENT)
 HIGHEST   100          1000 PM
 LOWEST     67          1200 PM
 AVERAGE    84

..........................................................


THE LEWISTON ID AIRPORT CLIMATE NORMALS FOR TODAY
                         NORMAL    RECORD    YEAR
 MAXIMUM TEMPERATURE (F)   58        75      1990
                                             1944
 MINIMUM TEMPERATURE (F)   39        24      1919


SUNRISE AND SUNSET
OCTOBER 25 2014.......SUNRISE   719 AM PDT   SUNSET   544 PM PDT
OCTOBER 26 2014.......SUNRISE   721 AM PDT   SUNSET   542 PM PDT


-  INDICATES NEGATIVE NUMBERS.
R  INDICATES RECORD WAS SET OR TIED.
MM INDICATES DATA IS MISSING.
T  INDICATES TRACE AMOUNT.




$$
