000
CDUS46 KOTX 310832
CLILWS


CLIMATE REPORT
NATIONAL WEATHER SERVICE SPOKANE, WA
130 AM PDT MON AUG 31 2015


...................................

...THE LEWISTON ID AIRPORT CLIMATE SUMMARY FOR AUGUST 30 2015...

CLIMATE NORMAL PERIOD 1981 TO 2010
CLIMATE RECORD PERIOD 1881 TO 2015


WEATHER ITEM   OBSERVED TIME   RECORD YEAR NORMAL DEPARTURE LAST
                VALUE   (LST)  VALUE       VALUE  FROM      YEAR
                                                  NORMAL
..................................................................
TEMPERATURE (F)
 YESTERDAY
  MAXIMUM         73   1033 AM 104    1929  85    -12       81
  MINIMUM         57    508 AM  42    1965  56      1       64
                                      1941
                                      1912
  AVERAGE         65                        70     -5       73

PRECIPITATION (IN)
  YESTERDAY        0.01          0.89 1977   0.02  -0.01      T
  MONTH TO DATE    0.01                      0.66  -0.65     1.17
  SINCE OCT 1     10.31                     11.61  -1.30     9.20
  SINCE JAN 1      6.12                      8.50  -2.38     7.67

SNOWFALL (IN)
  YESTERDAY        0.0           T    1954   0.0    0.0      0.0
  MONTH TO DATE    0.0                       0.0    0.0      0.0
  SINCE JUN 1      0.0                       0.0    0.0      0.0
  SINCE JUL 1      0.0                       0.0    0.0      0.0
  SNOW DEPTH       0

DEGREE DAYS
 HEATING
  YESTERDAY        0                         1     -1        0
  MONTH TO DATE    0                         4     -4        0
  SINCE JUN 1      2                        81    -79       41
  SINCE JUL 1      0                        11    -11        0

 COOLING
  YESTERDAY        0                         6     -6        8
  MONTH TO DATE  350                       280     70      365
  SINCE JUN 1   1096                       678    418      938
  SINCE JAN 1   1148                       710    438      966
..................................................................


WIND (MPH)
  HIGHEST WIND SPEED    MM   HIGHEST WIND DIRECTION    MM
  HIGHEST GUST SPEED    MM   HIGHEST GUST DIRECTION    MM
  AVERAGE WIND SPEED     5.5


SKY COVER
  POSSIBLE SUNSHINE  MM
  AVERAGE SKY COVER 0.6


WEATHER CONDITIONS
 THE FOLLOWING WEATHER WAS RECORDED YESTERDAY.
  LIGHT RAIN
  HAZE


RELATIVE HUMIDITY (PERCENT)
 HIGHEST    78           700 AM
 LOWEST     33           500 PM
 AVERAGE    56

..........................................................


THE LEWISTON ID AIRPORT CLIMATE NORMALS FOR TODAY
                         NORMAL    RECORD    YEAR
 MAXIMUM TEMPERATURE (F)   84       106      1967
 MINIMUM TEMPERATURE (F)   56        44      1907


SUNRISE AND SUNSET
AUGUST 31 2015........SUNRISE   607 AM PDT   SUNSET   729 PM PDT
SEPTEMBER  1 2015.....SUNRISE   608 AM PDT   SUNSET   727 PM PDT


-  INDICATES NEGATIVE NUMBERS.
R  INDICATES RECORD WAS SET OR TIED.
MM INDICATES DATA IS MISSING.
T  INDICATES TRACE AMOUNT.




$$
