000
CDUS46 KOTX 080826
CLILWS


CLIMATE REPORT
NATIONAL WEATHER SERVICE SPOKANE, WA
1226 AM PST THU DEC 8 2016


...................................

...THE LEWISTON ID AIRPORT CLIMATE SUMMARY FOR DECEMBER 7 2016...

CLIMATE NORMAL PERIOD 1981 TO 2010
CLIMATE RECORD PERIOD 1881 TO 2016


WEATHER ITEM   OBSERVED TIME   RECORD YEAR NORMAL DEPARTURE LAST
                VALUE   (LST)  VALUE       VALUE  FROM      YEAR
                                                  NORMAL
..................................................................
TEMPERATURE (F)
 YESTERDAY
  MAXIMUM         29    220 PM  57    2015  40    -11       57
                                      1973
                                      1900
  MINIMUM         13   1047 PM   2    2013  29    -16       41
                                      1972
  AVERAGE         21                        35    -14       49

PRECIPITATION (IN)
  YESTERDAY        0.00          0.87 1975   0.04  -0.04     0.62
  MONTH TO DATE    0.25                      0.23   0.02     0.65
  SINCE OCT 1      3.54                      2.37   1.17     2.35
  SINCE JAN 1     13.73                     11.57   2.16     9.12

SNOWFALL (IN)
  YESTERDAY        0.0           2.8  1961   0.1   -0.1      0.0
  MONTH TO DATE    1.6                       0.7    0.9       T
  SINCE DEC 1      1.6                       0.7    0.9       T
  SINCE JUL 1      1.6                       2.5   -0.9       T
  SNOW DEPTH       1

DEGREE DAYS
 HEATING
  YESTERDAY       44                        30     14       16
  MONTH TO DATE  213                       207      6      179
  SINCE DEC 1    213                       207      6      179
  SINCE JUL 1   1162                      1447   -285     1182

 COOLING
  YESTERDAY        0                         0      0        0
  MONTH TO DATE    0                         0      0        0
  SINCE DEC 1      0                         0      0        0
  SINCE JAN 1    863                       807     56     1215
..................................................................


WIND (MPH)
  HIGHEST WIND SPEED     7   HIGHEST WIND DIRECTION     S (160)
  HIGHEST GUST SPEED     9   HIGHEST GUST DIRECTION     E (80)
  AVERAGE WIND SPEED     3.5


SKY COVER
  POSSIBLE SUNSHINE  MM
  AVERAGE SKY COVER 0.5


WEATHER CONDITIONS
 THE FOLLOWING WEATHER WAS RECORDED YESTERDAY.
  NO SIGNIFICANT WEATHER WAS OBSERVED.


RELATIVE HUMIDITY (PERCENT)
 HIGHEST    84           900 AM
 LOWEST     68          1200 AM
 AVERAGE    76

..........................................................


THE LEWISTON ID AIRPORT CLIMATE NORMALS FOR TODAY
                         NORMAL    RECORD    YEAR
 MAXIMUM TEMPERATURE (F)   40        62      2015
 MINIMUM TEMPERATURE (F)   29        -9      1919


SUNRISE AND SUNSET
DECEMBER  8 2016......SUNRISE   719 AM PST   SUNSET   401 PM PST
DECEMBER  9 2016......SUNRISE   720 AM PST   SUNSET   401 PM PST


-  INDICATES NEGATIVE NUMBERS.
R  INDICATES RECORD WAS SET OR TIED.
MM INDICATES DATA IS MISSING.
T  INDICATES TRACE AMOUNT.




$$
