000
CDUS45 KTFX 302218
CLILWT


CLIMATE REPORT
NATIONAL WEATHER SERVICE GREAT FALLS MT
417 PM MDT THU JUL 30 2015


...................................

...THE LEWISTOWN MT CLIMATE SUMMARY FOR JULY 30 2015...
VALID TODAY AS OF 0400 PM LOCAL TIME.

CLIMATE NORMAL PERIOD 1981 TO 2010
CLIMATE RECORD PERIOD 1896 TO 2015


WEATHER ITEM   OBSERVED TIME   RECORD YEAR NORMAL DEPARTURE LAST
                VALUE   (LST)  VALUE       VALUE  FROM      YEAR
                                                  NORMAL
..................................................................
TEMPERATURE (F)
 TODAY
  MAXIMUM         84    259 PM 103    1908  83      1       91
  MINIMUM         50    516 AM  32    1904  52     -2       56
  AVERAGE         67                        67      0       74

PRECIPITATION (IN)
  TODAY            0.00          1.39 1950   0.05  -0.05     0.00
  MONTH TO DATE    1.89                      1.88   0.01     0.92
  SINCE OCT 1     12.50                     13.72  -1.22    11.10
  SINCE JAN 1     10.19                     11.22  -1.03     9.02

SNOWFALL (IN)
  TODAY           MM
  SNOW DEPTH       0

DEGREE DAYS
 HEATING
  TODAY            0                         1     -1        0
  MONTH TO DATE   33                        70    -37       10
  SINCE JUN 1    119                       297   -178      296
  SINCE JUL 1     33                        70    -37       10

 COOLING
  TODAY            2                         4     -2        9
  MONTH TO DATE   94                        88      6      145
  SINCE JUN 1    169                       108     61      146
  SINCE JAN 1    169                       110     59      146
..................................................................


WIND (MPH)
  HIGHEST WIND SPEED    14   HIGHEST WIND DIRECTION     N (350)
  HIGHEST GUST SPEED    18   HIGHEST GUST DIRECTION     N (350)
  AVERAGE WIND SPEED     5.0


SKY COVER
  AVERAGE SKY COVER 0.0


WEATHER CONDITIONS
 THE FOLLOWING WEATHER WAS RECORDED TODAY.
  NO SIGNIFICANT WEATHER WAS OBSERVED.


RELATIVE HUMIDITY (PERCENT)
 HIGHEST    74
 LOWEST     20
 AVERAGE    47

..........................................................


THE LEWISTOWN MT CLIMATE NORMALS FOR TOMORROW
                         NORMAL    RECORD    YEAR
 MAXIMUM TEMPERATURE (F)   83       105      1900
 MINIMUM TEMPERATURE (F)   52        35      1968


SUNRISE AND SUNSET
JULY 30 2015..........SUNRISE   554 AM MDT   SUNSET   853 PM MDT
JULY 31 2015..........SUNRISE   556 AM MDT   SUNSET   852 PM MDT


-  INDICATES NEGATIVE NUMBERS.
R  INDICATES RECORD WAS SET OR TIED.
MM INDICATES DATA IS MISSING.
T  INDICATES TRACE AMOUNT.




$$
