000
CDUS45 KTFX 250949
CLILWT


CLIMATE REPORT
NATIONAL WEATHER SERVICE GREAT FALLS MT
348 AM MDT MON JUL 25 2016


...................................

...THE LEWISTOWN MT CLIMATE SUMMARY FOR JULY 24 2016...

CLIMATE NORMAL PERIOD 1981 TO 2010
CLIMATE RECORD PERIOD 1896 TO 2016


WEATHER ITEM   OBSERVED TIME   RECORD YEAR NORMAL DEPARTURE LAST
                VALUE   (LST)  VALUE       VALUE  FROM      YEAR
                                                  NORMAL
..................................................................
TEMPERATURE (F)
 YESTERDAY
  MAXIMUM         82    558 PM 101    1929  83     -1       87
  MINIMUM         48    502 AM  33    1896  52     -4       48
  AVERAGE         65                        67     -2       68

PRECIPITATION (IN)
  YESTERDAY        0.00          1.56 1934   0.05  -0.05     0.00
  MONTH TO DATE    3.39                      1.56   1.83     0.80
  SINCE OCT 1     13.92                     13.40   0.52    11.41
  SINCE JAN 1     11.84                     10.90   0.94     9.10

SNOWFALL (IN)
  YESTERDAY       MM
  SNOW DEPTH       0

DEGREE DAYS
 HEATING
  YESTERDAY        0                         1     -1        0
  MONTH TO DATE   45                        64    -19       17
  SINCE JUN 1    135                       291   -156      103
  SINCE JUL 1     45                        64    -19       17

 COOLING
  YESTERDAY        0                         4     -4        3
  MONTH TO DATE   71                        64      7       82
  SINCE JUN 1    128                        84     44      157
  SINCE JAN 1    128                        86     42      157
..................................................................


WIND (MPH)
  HIGHEST WIND SPEED    10   HIGHEST WIND DIRECTION     E (100)
  HIGHEST GUST SPEED    16   HIGHEST GUST DIRECTION     N (10)
  AVERAGE WIND SPEED     4.6


SKY COVER
  AVERAGE SKY COVER 0.0


WEATHER CONDITIONS
 THE FOLLOWING WEATHER WAS RECORDED YESTERDAY.
  NO SIGNIFICANT WEATHER WAS OBSERVED.


RELATIVE HUMIDITY (PERCENT)
 HIGHEST    80           500 AM
 LOWEST     26           500 PM
 AVERAGE    53

..........................................................


THE LEWISTOWN MT CLIMATE NORMALS FOR TODAY
                         NORMAL    RECORD    YEAR
 MAXIMUM TEMPERATURE (F)   83       101      1933
 MINIMUM TEMPERATURE (F)   52        38      1948


SUNRISE AND SUNSET
JULY 25 2016..........SUNRISE   549 AM MDT   SUNSET   859 PM MDT
JULY 26 2016..........SUNRISE   551 AM MDT   SUNSET   857 PM MDT


-  INDICATES NEGATIVE NUMBERS.
R  INDICATES RECORD WAS SET OR TIED.
MM INDICATES DATA IS MISSING.
T  INDICATES TRACE AMOUNT.




$$
