000
CDUS45 KTFX 090806
CLILWT


CLIMATE REPORT
NATIONAL WEATHER SERVICE GREAT FALLS MT
106 AM MST TUE FEB 9 2016


...................................

...THE LEWISTOWN MT CLIMATE SUMMARY FOR FEBRUARY 8 2016...

CLIMATE NORMAL PERIOD 1981 TO 2010
CLIMATE RECORD PERIOD 1896 TO 2016


WEATHER ITEM   OBSERVED TIME   RECORD YEAR NORMAL DEPARTURE LAST
                VALUE   (LST)  VALUE       VALUE  FROM      YEAR
                                                  NORMAL
..................................................................
TEMPERATURE (F)
 YESTERDAY
  MAXIMUM         50    409 PM  64    1987  35     15       57
  MINIMUM         22    330 AM -38    1936  14      8       32
  AVERAGE         36                        25     11       45

PRECIPITATION (IN)
  YESTERDAY        0.00          0.20 1905   0.02  -0.02     0.00
  MONTH TO DATE    0.05                      0.13  -0.08     0.08
  SINCE OCT 1      2.80                      3.20  -0.40     3.20
  SINCE JAN 1      0.72                      0.70   0.02     0.89

SNOWFALL (IN)
  YESTERDAY        0.0
  SNOW DEPTH       1

DEGREE DAYS
 HEATING
  YESTERDAY       29                        40    -11       20
  MONTH TO DATE  298                       323    -25      239
  SINCE DEC 1   2662                      2900   -238     2547
  SINCE JUL 1   4419                      5028   -609     4464

 COOLING
  YESTERDAY        0                         0      0        0
  MONTH TO DATE    0                         0      0        0
  SINCE DEC 1      0                         0      0        0
  SINCE JAN 1      0                         0      0        0
..................................................................


WIND (MPH)
  HIGHEST WIND SPEED    15   HIGHEST WIND DIRECTION    SW (240)
  HIGHEST GUST SPEED    19   HIGHEST GUST DIRECTION     W (290)
  AVERAGE WIND SPEED    10.0


SKY COVER
  AVERAGE SKY COVER 0.0


WEATHER CONDITIONS
 THE FOLLOWING WEATHER WAS RECORDED YESTERDAY.
  NO SIGNIFICANT WEATHER WAS OBSERVED.


RELATIVE HUMIDITY (PERCENT)
 HIGHEST    70           600 PM
 LOWEST     45          1100 AM
 AVERAGE    58

..........................................................


THE LEWISTOWN MT CLIMATE NORMALS FOR TODAY
                         NORMAL    RECORD    YEAR
 MAXIMUM TEMPERATURE (F)   36        58      1926
 MINIMUM TEMPERATURE (F)   14       -35      1939


SUNRISE AND SUNSET
FEBRUARY  9 2016......SUNRISE   732 AM MST   SUNSET   532 PM MST
FEBRUARY 10 2016......SUNRISE   731 AM MST   SUNSET   534 PM MST


-  INDICATES NEGATIVE NUMBERS.
R  INDICATES RECORD WAS SET OR TIED.
MM INDICATES DATA IS MISSING.
T  INDICATES TRACE AMOUNT.




$$
