000
CDUS45 KTFX 182330
CLILWT


CLIMATE REPORT
NATIONAL WEATHER SERVICE GREAT FALLS MT
430 PM MST THU JAN 18 2018


...................................

...THE LEWISTOWN MT CLIMATE SUMMARY FOR JANUARY 18 2018...
VALID TODAY AS OF 0400 PM LOCAL TIME.

CLIMATE NORMAL PERIOD 1981 TO 2010
CLIMATE RECORD PERIOD 1896 TO 2018


WEATHER ITEM   OBSERVED TIME   RECORD YEAR NORMAL DEPARTURE LAST
                VALUE   (LST)  VALUE       VALUE  FROM      YEAR
                                                  NORMAL
..................................................................
TEMPERATURE (F)
 TODAY
  MAXIMUM         46    906 AM  57    1921  34     12       48
  MINIMUM         36    122 AM -31    1963  13     23       39
  AVERAGE         41                        24     17       44

PRECIPITATION (IN)
  TODAY            0.00          0.84 1975   0.02  -0.02     0.00
  MONTH TO DATE    0.28                      0.34  -0.06     0.31
  SINCE OCT 1      2.28                      2.84  -0.56     4.71
  SINCE JAN 1      0.28                      0.34  -0.06     0.31

DEGREE DAYS
 HEATING
  TODAY           24                        41    -17       21
  MONTH TO DATE  780                       750     30      987
  SINCE DEC 1   2152                      2044    108     2534
  SINCE JUL 1   4126                      4172    -46     4260

 COOLING
  TODAY            0                         0      0        0
  MONTH TO DATE    0                         0      0        0
  SINCE DEC 1      0                         0      0        0
  SINCE JAN 1      0                         0      0        0
..................................................................


WIND (MPH)
  HIGHEST WIND SPEED    38   HIGHEST WIND DIRECTION    SW (220)
  HIGHEST GUST SPEED    44   HIGHEST GUST DIRECTION    SW (220)
  AVERAGE WIND SPEED    22.7


SKY COVER
  AVERAGE SKY COVER 0.1


WEATHER CONDITIONS
 THE FOLLOWING WEATHER WAS RECORDED TODAY.
  NO SIGNIFICANT WEATHER WAS OBSERVED.


RELATIVE HUMIDITY (PERCENT)
 HIGHEST    65
 LOWEST     49
 AVERAGE    57

..........................................................


THE LEWISTOWN MT CLIMATE NORMALS FOR TOMORROW
                         NORMAL    RECORD    YEAR
 MAXIMUM TEMPERATURE (F)   34        60      1986
 MINIMUM TEMPERATURE (F)   13       -31      1954


SUNRISE AND SUNSET
JANUARY 18 2018.......SUNRISE   757 AM MST   SUNSET   500 PM MST
JANUARY 19 2018.......SUNRISE   756 AM MST   SUNSET   501 PM MST


-  INDICATES NEGATIVE NUMBERS.
R  INDICATES RECORD WAS SET OR TIED.
MM INDICATES DATA IS MISSING.
T  INDICATES TRACE AMOUNT.




$$
