000
CDUS45 KTFX 110742
CLILWT


CLIMATE REPORT
NATIONAL WEATHER SERVICE GREAT FALLS MT
141 AM MDT FRI JUL 11 2014


...................................

...THE LEWISTOWN MT CLIMATE SUMMARY FOR JULY 10 2014...

CLIMATE NORMAL PERIOD 1981 TO 2010
CLIMATE RECORD PERIOD 1896 TO 2014


WEATHER ITEM   OBSERVED TIME   RECORD YEAR NORMAL DEPARTURE LAST
                VALUE   (LST)  VALUE       VALUE  FROM      YEAR
                                                  NORMAL
..................................................................
TEMPERATURE (F)
 YESTERDAY
  MAXIMUM         90        MM 100    1939  79     11       90
  MINIMUM         63        MM  39    1927  50     13       50
  AVERAGE         77                        65     12       70

PRECIPITATION (IN)
  YESTERDAY        0.00          0.85 1978   0.06  -0.06     0.00
  MONTH TO DATE    0.12                      0.71  -0.59     0.94
  SINCE OCT 1     10.30                     12.55  -2.25    17.64
  SINCE JAN 1      8.22                     10.05  -1.83    15.13

SNOWFALL (IN)
  YESTERDAY       MM
  SNOW DEPTH       0

DEGREE DAYS
 HEATING
  YESTERDAY        0                         3     -3        0
  MONTH TO DATE    5                        35    -30        6
  SINCE JUN 1    291                       262     29      226
  SINCE JUL 1      5                        35    -30        6

 COOLING
  YESTERDAY       12                         2     10        5
  MONTH TO DATE   45                        20     25       36
  SINCE JUN 1     46                        40      6       52
  SINCE JAN 1     46                        42      4       55
..................................................................


WIND (MPH)
  HIGHEST WIND SPEED    20   HIGHEST WIND DIRECTION    SW (220)
  HIGHEST GUST SPEED    MM   HIGHEST GUST DIRECTION    MM
  AVERAGE WIND SPEED     7.1


SKY COVER
  AVERAGE SKY COVER 0.0


WEATHER CONDITIONS
 THE FOLLOWING WEATHER WAS RECORDED YESTERDAY.
  NO SIGNIFICANT WEATHER WAS OBSERVED.


RELATIVE HUMIDITY (PERCENT)
 HIGHEST    45          1000 PM
 LOWEST     19           400 PM
 AVERAGE    32

..........................................................


THE LEWISTOWN MT CLIMATE NORMALS FOR TODAY
                         NORMAL    RECORD    YEAR
 MAXIMUM TEMPERATURE (F)   80        98      1925
 MINIMUM TEMPERATURE (F)   50        33      1951


SUNRISE AND SUNSET
JULY 11 2014..........SUNRISE   534 AM MDT   SUNSET   912 PM MDT
JULY 12 2014..........SUNRISE   535 AM MDT   SUNSET   911 PM MDT


-  INDICATES NEGATIVE NUMBERS.
R  INDICATES RECORD WAS SET OR TIED.
MM INDICATES DATA IS MISSING.
T  INDICATES TRACE AMOUNT.




$$
