000
CDUS45 KTFX 240914
CLILWT


CLIMATE REPORT
NATIONAL WEATHER SERVICE GREAT FALLS MT
312 AM MDT FRI MAR 24 2017


...................................

...THE LEWISTOWN MT CLIMATE SUMMARY FOR MARCH 23 2017...

CLIMATE NORMAL PERIOD 1981 TO 2010
CLIMATE RECORD PERIOD 1896 TO 2017


WEATHER ITEM   OBSERVED TIME   RECORD YEAR NORMAL DEPARTURE LAST
                VALUE   (LST)  VALUE       VALUE  FROM      YEAR
                                                  NORMAL
..................................................................
TEMPERATURE (F)
 YESTERDAY
  MAXIMUM         55    344 PM  74    1939  46      9       49
  MINIMUM         29   1159 PM -20    1913  24      5       21
  AVERAGE         42                        35      7       35

PRECIPITATION (IN)
  YESTERDAY        0.00          0.40 1901   0.03  -0.03     0.04
  MONTH TO DATE    0.41                      0.65  -0.24     0.33
  SINCE OCT 1      5.84                      4.16   1.68     3.80
  SINCE JAN 1      1.44                      1.66  -0.22     1.72

SNOWFALL (IN)
  YESTERDAY       MM
  SNOW DEPTH       0

DEGREE DAYS
 HEATING
  YESTERDAY       23                        30     -7       30
  MONTH TO DATE  702                       766    -64      574
  SINCE MAR 1    702                       766    -64      574
  SINCE JUL 1   6513                      6570    -57     5532

 COOLING
  YESTERDAY        0                         0      0        0
  MONTH TO DATE    0                         0      0        0
  SINCE MAR 1      0                         0      0        0
  SINCE JAN 1      0                         0      0        0
..................................................................


WIND (MPH)
  HIGHEST WIND SPEED    14   HIGHEST WIND DIRECTION     N (350)
  HIGHEST GUST SPEED    21   HIGHEST GUST DIRECTION    NW (320)
  AVERAGE WIND SPEED     6.9


SKY COVER
  AVERAGE SKY COVER 0.3


WEATHER CONDITIONS
 THE FOLLOWING WEATHER WAS RECORDED YESTERDAY.
  NO SIGNIFICANT WEATHER WAS OBSERVED.


RELATIVE HUMIDITY (PERCENT)
 HIGHEST    82           600 AM
 LOWEST     26           500 PM
 AVERAGE    54

..........................................................


THE LEWISTOWN MT CLIMATE NORMALS FOR TODAY
                         NORMAL    RECORD    YEAR
 MAXIMUM TEMPERATURE (F)   46        71      2007
                                             1939
 MINIMUM TEMPERATURE (F)   24       -27      1965


SUNRISE AND SUNSET
MARCH 24 2017.........SUNRISE   712 AM MDT   SUNSET   737 PM MDT
MARCH 25 2017.........SUNRISE   710 AM MDT   SUNSET   738 PM MDT


-  INDICATES NEGATIVE NUMBERS.
R  INDICATES RECORD WAS SET OR TIED.
MM INDICATES DATA IS MISSING.
T  INDICATES TRACE AMOUNT.




$$
