000
CDUS45 KTFX 251045
CLILWT


CLIMATE REPORT
NATIONAL WEATHER SERVICE GREAT FALLS MT
344 AM MST SAT FEB 25 2017


...................................

...THE LEWISTOWN MT CLIMATE SUMMARY FOR FEBRUARY 24 2017...

CLIMATE NORMAL PERIOD 1981 TO 2010
CLIMATE RECORD PERIOD 1896 TO 2017


WEATHER ITEM   OBSERVED TIME   RECORD YEAR NORMAL DEPARTURE LAST
                VALUE   (LST)  VALUE       VALUE  FROM      YEAR
                                                  NORMAL
..................................................................
TEMPERATURE (F)
 YESTERDAY
  MAXIMUM         28    252 PM  67    1995  38    -10       41
  MINIMUM         16    918 PM -26    1922  16      0       17
  AVERAGE         22                        27     -5       29

PRECIPITATION (IN)
  YESTERDAY        0.01          0.23 1977   0.01   0.00     0.00
  MONTH TO DATE    0.56                      0.37   0.19     0.53
  SINCE OCT 1      5.31                      3.44   1.87     3.28
  SINCE JAN 1      0.91                      0.94  -0.03     1.20

SNOWFALL (IN)
  YESTERDAY       MM
  SNOW DEPTH       2

DEGREE DAYS
 HEATING
  YESTERDAY       43                        38      5       36
  MONTH TO DATE  879                       949    -70      721
  SINCE DEC 1   3897                      3526    371     3085
  SINCE JUL 1   5623                      5654    -31     4842

 COOLING
  YESTERDAY        0                         0      0        0
  MONTH TO DATE    0                         0      0        0
  SINCE DEC 1      0                         0      0        0
  SINCE JAN 1      0                         0      0        0
..................................................................


WIND (MPH)
  HIGHEST WIND SPEED    12   HIGHEST WIND DIRECTION     N (360)
  HIGHEST GUST SPEED    13   HIGHEST GUST DIRECTION     N (10)
  AVERAGE WIND SPEED     5.8


SKY COVER
  AVERAGE SKY COVER 0.9


WEATHER CONDITIONS
 THE FOLLOWING WEATHER WAS RECORDED YESTERDAY.
  LIGHT SNOW
  FOG


RELATIVE HUMIDITY (PERCENT)
 HIGHEST    92          1000 AM
 LOWEST     68           100 PM
 AVERAGE    80

..........................................................


THE LEWISTOWN MT CLIMATE NORMALS FOR TODAY
                         NORMAL    RECORD    YEAR
 MAXIMUM TEMPERATURE (F)   38        64      1983
 MINIMUM TEMPERATURE (F)   17       -23      2011


SUNRISE AND SUNSET
FEBRUARY 25 2017......SUNRISE   704 AM MST   SUNSET   558 PM MST
FEBRUARY 26 2017......SUNRISE   703 AM MST   SUNSET   559 PM MST


-  INDICATES NEGATIVE NUMBERS.
R  INDICATES RECORD WAS SET OR TIED.
MM INDICATES DATA IS MISSING.
T  INDICATES TRACE AMOUNT.




$$
