000
CDUS45 KTFX 050935
CLILWT


CLIMATE REPORT
NATIONAL WEATHER SERVICE GREAT FALLS MT
234 AM MST MON DEC 5 2016


...................................

...THE LEWISTOWN MT CLIMATE SUMMARY FOR DECEMBER 4 2016...

CLIMATE NORMAL PERIOD 1981 TO 2010
CLIMATE RECORD PERIOD 1896 TO 2016


WEATHER ITEM   OBSERVED TIME   RECORD YEAR NORMAL DEPARTURE LAST
                VALUE   (LST)  VALUE       VALUE  FROM      YEAR
                                                  NORMAL
..................................................................
TEMPERATURE (F)
 YESTERDAY
  MAXIMUM         42    329 PM  71    1907  36      6       50
  MINIMUM         20   1159 PM -26    1928  14      6       30
  AVERAGE         31                        25      6       40

PRECIPITATION (IN)
  YESTERDAY        0.02          0.63 1978   0.02   0.00     0.00
  MONTH TO DATE    0.07                      0.09  -0.02      T
  SINCE OCT 1      4.14                      1.93   2.21     1.41
  SINCE JAN 1     20.17                     16.28   3.89    13.49

SNOWFALL (IN)
  YESTERDAY       MM
  SNOW DEPTH       0

DEGREE DAYS
 HEATING
  YESTERDAY       34                        40     -6       25
  MONTH TO DATE  140                       158    -18      127
  SINCE DEC 1    140                       158    -18      127
  SINCE JUL 1   1866                      2286   -420     1884

 COOLING
  YESTERDAY        0                         0      0        0
  MONTH TO DATE    0                         0      0        0
  SINCE DEC 1      0                         0      0        0
  SINCE JAN 1    259                       210     49      343
..................................................................


WIND (MPH)
  HIGHEST WIND SPEED    28   HIGHEST WIND DIRECTION    SW (240)
  HIGHEST GUST SPEED    35   HIGHEST GUST DIRECTION    SW (240)
  AVERAGE WIND SPEED    16.0


SKY COVER
  AVERAGE SKY COVER 0.6


WEATHER CONDITIONS
 THE FOLLOWING WEATHER WAS RECORDED YESTERDAY.
  LIGHT SNOW
  FOG


RELATIVE HUMIDITY (PERCENT)
 HIGHEST    92           800 PM
 LOWEST     44          1100 AM
 AVERAGE    68

..........................................................


THE LEWISTOWN MT CLIMATE NORMALS FOR TODAY
                         NORMAL    RECORD    YEAR
 MAXIMUM TEMPERATURE (F)   35        74      1939
 MINIMUM TEMPERATURE (F)   14       -23      1956


SUNRISE AND SUNSET
DECEMBER  5 2016......SUNRISE   748 AM MST   SUNSET   429 PM MST
DECEMBER  6 2016......SUNRISE   749 AM MST   SUNSET   429 PM MST


-  INDICATES NEGATIVE NUMBERS.
R  INDICATES RECORD WAS SET OR TIED.
MM INDICATES DATA IS MISSING.
T  INDICATES TRACE AMOUNT.




$$
