270
CDUS45 KTFX 222230
CLILWT


CLIMATE REPORT
NATIONAL WEATHER SERVICE GREAT FALLS MT
430 PM MDT TUE AUG 22 2017


...................................

...THE LEWISTOWN MT CLIMATE SUMMARY FOR AUGUST 22 2017...
VALID TODAY AS OF 0400 PM LOCAL TIME.

CLIMATE NORMAL PERIOD 1981 TO 2010
CLIMATE RECORD PERIOD 1896 TO 2017


WEATHER ITEM   OBSERVED TIME   RECORD YEAR NORMAL DEPARTURE LAST
                VALUE   (LST)  VALUE       VALUE  FROM      YEAR
                                                  NORMAL
..................................................................
TEMPERATURE (F)
 TODAY
  MAXIMUM         86    254 PM  98    1976  79      7       84
  MINIMUM         48    537 AM  34    1992  49     -1       51
  AVERAGE         67                        64      3       68

PRECIPITATION (IN)
  TODAY            0.00          1.66 1992   0.05  -0.05     0.00
  MONTH TO DATE    0.23                      1.24  -1.01     1.71
  SINCE OCT 1     12.37                     15.01  -2.64    15.65
  SINCE JAN 1      7.97                     12.51  -4.54    13.57

DEGREE DAYS
 HEATING
  TODAY            0                         3     -3        0
  MONTH TO DATE   38                        45     -7       30
  SINCE JUN 1    206                       345   -139      165
  SINCE JUL 1     38                       118    -80       75

 COOLING
  TODAY            2                         2      0        3
  MONTH TO DATE   22                        73    -51       52
  SINCE JUN 1    291                       181    110      213
  SINCE JAN 1    292                       183    109      213
..................................................................


WIND (MPH)
  HIGHEST WIND SPEED    14   HIGHEST WIND DIRECTION     E (80)
  HIGHEST GUST SPEED    18   HIGHEST GUST DIRECTION    SE (120)
  AVERAGE WIND SPEED     5.9


SKY COVER
  AVERAGE SKY COVER 0.0


WEATHER CONDITIONS
 THE FOLLOWING WEATHER WAS RECORDED TODAY.
  NO SIGNIFICANT WEATHER WAS OBSERVED.


RELATIVE HUMIDITY (PERCENT)
 HIGHEST    56
 LOWEST     16
 AVERAGE    36

..........................................................


THE LEWISTOWN MT CLIMATE NORMALS FOR TOMORROW
                         NORMAL    RECORD    YEAR
 MAXIMUM TEMPERATURE (F)   79       101      1969
 MINIMUM TEMPERATURE (F)   48        33      2015
                                             1992


SUNRISE AND SUNSET
AUGUST 22 2017........SUNRISE   625 AM MDT   SUNSET   816 PM MDT
AUGUST 23 2017........SUNRISE   626 AM MDT   SUNSET   814 PM MDT


-  INDICATES NEGATIVE NUMBERS.
R  INDICATES RECORD WAS SET OR TIED.
MM INDICATES DATA IS MISSING.
T  INDICATES TRACE AMOUNT.




$$
