000
CDUS45 KTFX 222230
CLILWT


CLIMATE REPORT
NATIONAL WEATHER SERVICE GREAT FALLS MT
430 PM MDT MON MAY 22 2017


...................................

...THE LEWISTOWN MT CLIMATE SUMMARY FOR MAY 22 2017...
VALID TODAY AS OF 0400 PM LOCAL TIME.

CLIMATE NORMAL PERIOD 1981 TO 2010
CLIMATE RECORD PERIOD 1896 TO 2017


WEATHER ITEM   OBSERVED TIME   RECORD YEAR NORMAL DEPARTURE LAST
                VALUE   (LST)  VALUE       VALUE  FROM      YEAR
                                                  NORMAL
..................................................................
TEMPERATURE (F)
 TODAY
  MAXIMUM         67    228 PM  93    1928  64      3       64
  MINIMUM         46   1203 AM  24    1930  40      6       39
  AVERAGE         57                        52      5       52

PRECIPITATION (IN)
  TODAY            T             1.10 1901   0.10  -0.10     0.00
  MONTH TO DATE    1.53                      1.85  -0.32     2.74
  SINCE OCT 1     10.05                      7.76   2.29     8.53
  SINCE JAN 1      5.65                      5.26   0.39     6.45

DEGREE DAYS
 HEATING
  TODAY            8                        13     -5       13
  MONTH TO DATE  311                       359    -48      294
  SINCE MAR 1   1872                      2062   -190     1638
  SINCE JUL 1   7683                      7866   -183     6596

 COOLING
  TODAY            0                         0      0        0
  MONTH TO DATE    0                         0      0        0
  SINCE MAR 1      0                         0      0        0
  SINCE JAN 1      0                         0      0        0
..................................................................


WIND (MPH)
  HIGHEST WIND SPEED    22   HIGHEST WIND DIRECTION     N (360)
  HIGHEST GUST SPEED    30   HIGHEST GUST DIRECTION     N (360)
  AVERAGE WIND SPEED    11.8


SKY COVER
  AVERAGE SKY COVER 0.7


WEATHER CONDITIONS
 THE FOLLOWING WEATHER WAS RECORDED TODAY.
  NO SIGNIFICANT WEATHER WAS OBSERVED.


RELATIVE HUMIDITY (PERCENT)
 HIGHEST    76
 LOWEST     24
 AVERAGE    50

..........................................................


THE LEWISTOWN MT CLIMATE NORMALS FOR TOMORROW
                         NORMAL    RECORD    YEAR
 MAXIMUM TEMPERATURE (F)   64        96      1926
 MINIMUM TEMPERATURE (F)   40        17      1930


SUNRISE AND SUNSET
MAY 22 2017...........SUNRISE   534 AM MDT   SUNSET   856 PM MDT
MAY 23 2017...........SUNRISE   533 AM MDT   SUNSET   857 PM MDT


-  INDICATES NEGATIVE NUMBERS.
R  INDICATES RECORD WAS SET OR TIED.
MM INDICATES DATA IS MISSING.
T  INDICATES TRACE AMOUNT.




$$
