000
CDUS43 KILX 230716
CLILWV


CLIMATE REPORT
NATIONAL WEATHER SERVICE LINCOLN IL
115 AM CST TUE JAN 23 2018


...................................

...THE LAWRENCEVILLE IL AIRPORT CLIMATE SUMMARY FOR JANUARY 22 2018...

CLIMATE NORMAL PERIOD 1981 TO 2010
CLIMATE RECORD PERIOD 9999 TO 9999


WEATHER ITEM   OBSERVED TIME   RECORD YEAR NORMAL DEPARTURE LAST
                VALUE   (LST)  VALUE       VALUE  FROM      YEAR
                                                  NORMAL
..................................................................
TEMPERATURE (F)
 YESTERDAY
  MAXIMUM         58    403 PM  MM      MM  39     19       61
  MINIMUM         40   1140 PM  MM      MM  23     17       46
  AVERAGE         49                        31     18       54

PRECIPITATION (IN)
  YESTERDAY        0.46         MM      MM   0.05   0.41      T
  MONTH TO DATE    1.90                      1.83   0.07     3.44
  SINCE DEC 1      2.94                      5.22  -2.28     5.11
  SINCE JAN 1      1.90                      1.83   0.07     3.44

DEGREE DAYS
 HEATING
  YESTERDAY       16                        34    -18       11
  MONTH TO DATE  929                       748    181      612
  SINCE DEC 1   1901                      1689    212     1616
  SINCE JUL 1   2670                      2547    123     2238

 COOLING
  YESTERDAY        0                         0      0        0
  MONTH TO DATE    0                         0      0        0
  SINCE DEC 1      0                         0      0        0
  SINCE JAN 1      0                         0      0        0
..................................................................


WIND (MPH)
  HIGHEST WIND SPEED    36   HIGHEST WIND DIRECTION    SW (230)
  HIGHEST GUST SPEED    41   HIGHEST GUST DIRECTION    SW (230)
  AVERAGE WIND SPEED    17.3


SKY COVER
  POSSIBLE SUNSHINE  MM
  AVERAGE SKY COVER 0.6


WEATHER CONDITIONS
 THE FOLLOWING WEATHER WAS RECORDED YESTERDAY.
  THUNDERSTORM
  HEAVY RAIN
  RAIN
  LIGHT RAIN
  FOG


RELATIVE HUMIDITY (PERCENT)
 HIGHEST    93           800 AM
 LOWEST     54           700 PM
 AVERAGE    74

..........................................................


THE LAWRENCEVILLE IL AIRPORT CLIMATE NORMALS FOR TODAY
                         NORMAL    RECORD    YEAR
 MAXIMUM TEMPERATURE (F)   39        MM        MM
 MINIMUM TEMPERATURE (F)   23        MM        MM


SUNRISE AND SUNSET
JANUARY 23 2018.......SUNRISE   703 AM CST   SUNSET   502 PM CST
JANUARY 24 2018.......SUNRISE   702 AM CST   SUNSET   503 PM CST


-  INDICATES NEGATIVE NUMBERS.
R  INDICATES RECORD WAS SET OR TIED.
MM INDICATES DATA IS MISSING.
T  INDICATES TRACE AMOUNT.




$$
