000
CDUS43 KILX 202147
CLILWV


CLIMATE REPORT
NATIONAL WEATHER SERVICE LINCOLN IL
446 PM CDT WED AUG 20 2014


...................................

...THE LAWRENCEVILLE IL AIRPORT CLIMATE SUMMARY FOR AUGUST 20 2014...
VALID TODAY AS OF 0400 PM LOCAL TIME.

CLIMATE NORMAL PERIOD 1981 TO 2010
CLIMATE RECORD PERIOD 9999 TO 9999


WEATHER ITEM   OBSERVED TIME   RECORD YEAR NORMAL DEPARTURE LAST
                VALUE   (LST)  VALUE       VALUE  FROM      YEAR
                                                  NORMAL
..................................................................
TEMPERATURE (F)
 TODAY
  MAXIMUM         83    931 AM  MM      MM  88     -5       88
  MINIMUM         69    541 AM  MM      MM  65      4       64
  AVERAGE         76                        76      0       76

PRECIPITATION (IN)
  TODAY            0.07         MM      MM   0.13  -0.06     0.00
  MONTH TO DATE    4.21                      2.13   2.08     0.79
  SINCE JUN 1     12.64                     10.53   2.11    15.69
  SINCE JAN 1     28.25                     28.09   0.16    40.72

DEGREE DAYS
 HEATING
  TODAY            0                         0      0        0
  MONTH TO DATE    0                         0      0        4
  SINCE JUN 1      0                         7     -7        8
  SINCE JUL 1      0                         0      0        5

 COOLING
  TODAY           11                        11      0       11
  MONTH TO DATE  164                       238    -74      158
  SINCE JUN 1    711                       926   -215      723
  SINCE JAN 1    902                      1065   -163      891
..................................................................


WIND (MPH)
  HIGHEST WIND SPEED    22   HIGHEST WIND DIRECTION    NW (300)
  HIGHEST GUST SPEED    29   HIGHEST GUST DIRECTION    NW (300)
  AVERAGE WIND SPEED     3.5


SKY COVER
  POSSIBLE SUNSHINE  MM
  AVERAGE SKY COVER 0.2


WEATHER CONDITIONS
 THE FOLLOWING WEATHER WAS RECORDED TODAY.
  THUNDERSTORM
  RAIN
  LIGHT RAIN
  FOG


RELATIVE HUMIDITY (PERCENT)
 HIGHEST   100           300 AM
 LOWEST     74          1000 AM
 AVERAGE    87

..........................................................


THE LAWRENCEVILLE IL AIRPORT CLIMATE NORMALS FOR TOMORROW
                         NORMAL    RECORD    YEAR
 MAXIMUM TEMPERATURE (F)   88        MM        MM
 MINIMUM TEMPERATURE (F)   65        MM        MM


SUNRISE AND SUNSET
AUGUST 20 2014........SUNRISE   609 AM CDT   SUNSET   738 PM CDT
AUGUST 21 2014........SUNRISE   610 AM CDT   SUNSET   737 PM CDT


-  INDICATES NEGATIVE NUMBERS.
R  INDICATES RECORD WAS SET OR TIED.
MM INDICATES DATA IS MISSING.
T  INDICATES TRACE AMOUNT.




$$
