789
CDUS41 KRNK 182204
CLILYH


CLIMATE REPORT
NATIONAL WEATHER SERVICE BLACKSBURG VA
504 PM EST SUN FEB 18 2018


...................................

...THE LYNCHBURG VA CLIMATE SUMMARY FOR FEBRUARY 18 2018...
VALID TODAY AS OF 0500 PM LOCAL TIME.

CLIMATE NORMAL PERIOD 1981 TO 2010
CLIMATE RECORD PERIOD 1893 TO 2018


WEATHER ITEM   OBSERVED TIME   RECORD YEAR NORMAL DEPARTURE LAST
                VALUE   (LST)  VALUE       VALUE  FROM      YEAR
                                                  NORMAL
..................................................................
TEMPERATURE (F)
 TODAY
  MAXIMUM         56    259 PM  75    2011  50      6       71
                                      1927
  MINIMUM         32    504 AM   2    2015  28      4       34
  AVERAGE         44                        39      5       53

PRECIPITATION (IN)
  TODAY            0.00          1.30 1961   0.11  -0.11      T
  MONTH TO DATE    5.48                      1.89   3.59     0.33
  SINCE DEC 1      9.11                      8.27   0.84     7.21
  SINCE JAN 1      8.42                      5.03   3.39     4.11

SNOWFALL (IN)
  TODAY            0.0                                       0.0
  MONTH TO DATE    0.2                                       0.0
  SINCE DEC 1      5.7                                       5.9
  SINCE JUL 1      5.7                                       5.9
  SNOW DEPTH       0

DEGREE DAYS
 HEATING
  TODAY           21                        26     -5       12
  MONTH TO DATE  452                       501    -49      369
  SINCE DEC 1   2293                      2279     14     1947
  SINCE JUL 1   3108                      3173    -65     2577

 COOLING
  TODAY            0                         0      0        0
  MONTH TO DATE    0                         0      0        1
  SINCE DEC 1      0                         0      0        1
  SINCE JAN 1      0                         0      0        1
..................................................................


WIND (MPH)
  HIGHEST WIND SPEED    12   HIGHEST WIND DIRECTION    SE (140)
  HIGHEST GUST SPEED    14   HIGHEST GUST DIRECTION    SE (140)
  AVERAGE WIND SPEED     4.1


SKY COVER
  AVERAGE SKY COVER 0.3


WEATHER CONDITIONS
 THE FOLLOWING WEATHER WAS RECORDED TODAY.
  FOG
  FOG W/VISIBILITY <= 1/4 MILE


RELATIVE HUMIDITY (PERCENT)
 HIGHEST   100          1200 AM
 LOWEST     35           100 PM
 AVERAGE    68

..........................................................


THE LYNCHBURG VA CLIMATE NORMALS FOR TOMORROW
                         NORMAL    RECORD    YEAR
 MAXIMUM TEMPERATURE (F)   50        76      1939
 MINIMUM TEMPERATURE (F)   28         2      2015


SUNRISE AND SUNSET
FEBRUARY 18 2018......SUNRISE   702 AM EST   SUNSET   600 PM EST
FEBRUARY 19 2018......SUNRISE   701 AM EST   SUNSET   601 PM EST


-  INDICATES NEGATIVE NUMBERS.
R  INDICATES RECORD WAS SET OR TIED.
MM INDICATES DATA IS MISSING.
T  INDICATES TRACE AMOUNT.




$$
