000
CDUS41 KRNK 010729
CLILYH


CLIMATE REPORT
NATIONAL WEATHER SERVICE BLACKSBURG VA
325 AM EDT TUE SEP 1 2015


...................................

...THE LYNCHBURG VA CLIMATE SUMMARY FOR AUGUST 31 2015...

CLIMATE NORMAL PERIOD 1981 TO 2010
CLIMATE RECORD PERIOD 1893 TO 2015


WEATHER ITEM   OBSERVED TIME   RECORD YEAR NORMAL DEPARTURE LAST
                VALUE   (LST)  VALUE       VALUE  FROM      YEAR
                                                  NORMAL
..................................................................
TEMPERATURE (F)
 YESTERDAY
  MAXIMUM         84    409 PM 104    1932  83      1       88
  MINIMUM         66   1155 PM  48    1946  61      5       67
  AVERAGE         75                        72      3       78

PRECIPITATION (IN)
  YESTERDAY        T             2.53 1952   0.11  -0.11     0.00
  MONTH TO DATE    1.98                      3.26  -1.28     4.78
  SINCE JUN 1     11.36                     11.24   0.12    12.97
  SINCE JAN 1     24.74                     27.93  -3.19    33.99

SNOWFALL (IN)
  YESTERDAY        0.0                                       0.0
  MONTH TO DATE    0.0                                       0.0
  SINCE JUN 1      0.0                                       0.0
  SINCE JUL 1      0.0                                       0.0
  SNOW DEPTH       0

DEGREE DAYS
 HEATING
  YESTERDAY        0                         0      0        0
  MONTH TO DATE    0                         0      0        0
  SINCE JUN 1     13                        17     -4        1
  SINCE JUL 1      0                         3     -3        0

 COOLING
  YESTERDAY       10                         7      3       13
  MONTH TO DATE  270                       284    -14      171
  SINCE JUN 1    877                       816     61      716
  SINCE JAN 1   1025                       898    127      830
..................................................................


WIND (MPH)
  HIGHEST WIND SPEED     9   HIGHEST WIND DIRECTION     S (190)
  HIGHEST GUST SPEED    11   HIGHEST GUST DIRECTION     S (190)
  AVERAGE WIND SPEED     2.7


SKY COVER
  AVERAGE SKY COVER 0.6


WEATHER CONDITIONS
 THE FOLLOWING WEATHER WAS RECORDED YESTERDAY.
  LIGHT RAIN


RELATIVE HUMIDITY (PERCENT)
 HIGHEST   100           700 AM
 LOWEST     51           200 PM
 AVERAGE    76

..........................................................


THE LYNCHBURG VA CLIMATE NORMALS FOR TODAY
                         NORMAL    RECORD    YEAR
 MAXIMUM TEMPERATURE (F)   83       102      1932
 MINIMUM TEMPERATURE (F)   61        47      1946


SUNRISE AND SUNSET
SEPTEMBER  1 2015.....SUNRISE   647 AM EDT   SUNSET   746 PM EDT
SEPTEMBER  2 2015.....SUNRISE   648 AM EDT   SUNSET   744 PM EDT


-  INDICATES NEGATIVE NUMBERS.
R  INDICATES RECORD WAS SET OR TIED.
MM INDICATES DATA IS MISSING.
T  INDICATES TRACE AMOUNT.

$$

RAB
