000
CDUS41 KRNK 180917
CLILYH


CLIMATE REPORT
NATIONAL WEATHER SERVICE BLACKSBURG VA
515 AM EDT FRI APR 18 2014


...................................

...THE LYNCHBURG VA CLIMATE SUMMARY FOR APRIL 17 2014...

CLIMATE NORMAL PERIOD 1981 TO 2010
CLIMATE RECORD PERIOD 1893 TO 2014


WEATHER ITEM   OBSERVED TIME   RECORD YEAR NORMAL DEPARTURE LAST
                VALUE   (LST)  VALUE       VALUE  FROM      YEAR
                                                  NORMAL
..................................................................
TEMPERATURE (F)
 YESTERDAY
  MAXIMUM         63    448 PM  94    2002  69     -6       83
  MINIMUM         32    545 AM  27    1904  43    -11       58
  AVERAGE         48                        56     -8       71

PRECIPITATION (IN)
  YESTERDAY        0.00          2.45 1945   0.11  -0.11     0.00
  MONTH TO DATE    3.41                      1.89   1.52     1.95
  SINCE MAR 1      6.34                      5.47   0.87     5.26
  SINCE JAN 1     13.42                     11.54   1.88    12.89

SNOWFALL (IN)
  YESTERDAY        0.0
  MONTH TO DATE    T
  SINCE MAR 1      9.4
  SINCE JUL 1     21.4
  SNOW DEPTH       0

DEGREE DAYS
 HEATING
  YESTERDAY       17                        10      7        0
  MONTH TO DATE  115                       200    -85      145
  SINCE MAR 1    765                       795    -30      864
  SINCE JUL 1   4279                      4219     60     4039

 COOLING
  YESTERDAY        0                         1     -1        6
  MONTH TO DATE   19                         5     14       35
  SINCE MAR 1     19                         7     12       35
  SINCE JAN 1     19                         7     12       35
..................................................................


WIND (MPH)
  HIGHEST WIND SPEED    14   HIGHEST WIND DIRECTION    NE (40)
  HIGHEST GUST SPEED    20   HIGHEST GUST DIRECTION    NE (40)
  AVERAGE WIND SPEED     4.0


SKY COVER
  POSSIBLE SUNSHINE  MM
  AVERAGE SKY COVER 0.0


WEATHER CONDITIONS
 THE FOLLOWING WEATHER WAS RECORDED YESTERDAY.
  NO SIGNIFICANT WEATHER WAS OBSERVED.


RELATIVE HUMIDITY (PERCENT)
 HIGHEST    69           600 AM
 LOWEST     21           300 PM
 AVERAGE    45

..........................................................


THE LYNCHBURG VA CLIMATE NORMALS FOR TODAY
                         NORMAL    RECORD    YEAR
 MAXIMUM TEMPERATURE (F)   69        95      1896
 MINIMUM TEMPERATURE (F)   43        29      1983


SUNRISE AND SUNSET
APRIL 18 2014.........SUNRISE   638 AM EDT   SUNSET   755 PM EDT
APRIL 19 2014.........SUNRISE   637 AM EDT   SUNSET   756 PM EDT


-  INDICATES NEGATIVE NUMBERS.
R  INDICATES RECORD WAS SET OR TIED.
MM INDICATES DATA IS MISSING.
T  INDICATES TRACE AMOUNT.




$$
