000
CDUS44 KLZK 300908
CLILZK


CLIMATE REPORT
NATIONAL WEATHER SERVICE LITTLE ROCK AR
407 AM CDT SAT MAY 30 2015


...................................

...THE NORTH LITTLE ROCK CLIMATE SUMMARY FOR MAY 29 2015...

CLIMATE NORMAL PERIOD 1981 TO 2010
CLIMATE RECORD PERIOD 1975 TO 2015


WEATHER ITEM   OBSERVED TIME   RECORD YEAR NORMAL DEPARTURE LAST
                VALUE   (LST)  VALUE       VALUE  FROM      YEAR
                                                  NORMAL
..................................................................
TEMPERATURE (F)
 YESTERDAY
  MAXIMUM         86        MM  96    2012  84      2       77
  MINIMUM         66        MM  49    1984  65      1       67
  AVERAGE         76                        74      2       72

PRECIPITATION (IN)
  YESTERDAY        1.39R         1.11 2014   0.14   1.25     1.11
  MONTH TO DATE   10.86                      4.69   6.17     7.21
  SINCE MAR 1     24.47                     14.25  10.22    16.97
  SINCE JAN 1     30.65                     21.33   9.32    22.29

SNOWFALL (IN)
  YESTERDAY        0.0          MM      MM   0.0    0.0      0.0
  MONTH TO DATE    0.0                       0.0    0.0      0.0
  SINCE MAR 1      6.4                       0.4    6.0      1.6
  SINCE JUL 1     10.6                       4.4    6.2      5.2
  SNOW DEPTH       0

DEGREE DAYS
 HEATING
  YESTERDAY        0                         0      0        0
  MONTH TO DATE   18                        21     -3       67
  SINCE MAR 1    515                       517     -2      707
  SINCE JUL 1   3312                      3003    309     3534

 COOLING
  YESTERDAY       11                        10      1        7
  MONTH TO DATE  195                       188      7      187
  SINCE MAR 1    270                       275     -5      243
  SINCE JAN 1    270                       277     -7      243
..................................................................


WIND (MPH)
  HIGHEST WIND SPEED    16   HIGHEST WIND DIRECTION    SE (140)
  HIGHEST GUST SPEED    25   HIGHEST GUST DIRECTION    SW (230)
  AVERAGE WIND SPEED     6.9


SKY COVER
  POSSIBLE SUNSHINE  MM
  AVERAGE SKY COVER 0.6


WEATHER CONDITIONS
 THE FOLLOWING WEATHER WAS RECORDED YESTERDAY.
  HEAVY RAIN
  RAIN
  LIGHT RAIN
  FOG


RELATIVE HUMIDITY (PERCENT)
 HIGHEST   100          1200 AM
 LOWEST     61           400 PM
 AVERAGE    81

..........................................................


THE NORTH LITTLE ROCK CLIMATE NORMALS FOR TODAY
                         NORMAL    RECORD    YEAR
 MAXIMUM TEMPERATURE (F)   84        98      1977
 MINIMUM TEMPERATURE (F)   65        49      1984


SUNRISE AND SUNSET
MAY 30 2015...........SUNRISE   557 AM CDT   SUNSET   816 PM CDT
MAY 31 2015...........SUNRISE   557 AM CDT   SUNSET   817 PM CDT


-  INDICATES NEGATIVE NUMBERS.
R  INDICATES RECORD WAS SET OR TIED.
MM INDICATES DATA IS MISSING.
T  INDICATES TRACE AMOUNT.




$$
