000
CDUS44 KLZK 261006
CLILZK


CLIMATE REPORT
NATIONAL WEATHER SERVICE LITTLE ROCK AR
404 AM CST MON JAN 26 2015


...................................

...THE NORTH LITTLE ROCK CLIMATE SUMMARY FOR JANUARY 25 2015...

CLIMATE NORMAL PERIOD 1981 TO 2010
CLIMATE RECORD PERIOD 1975 TO 2015


WEATHER ITEM   OBSERVED TIME   RECORD YEAR NORMAL DEPARTURE LAST
                VALUE   (LST)  VALUE       VALUE  FROM      YEAR
                                                  NORMAL
..................................................................
TEMPERATURE (F)
 YESTERDAY
  MAXIMUM         59        MM  68    2004  50      9       59
  MINIMUM         42        MM  15    1978  33      9       29
  AVERAGE         51                        41     10       44

PRECIPITATION (IN)
  YESTERDAY        T             0.79 1976   0.11  -0.11     0.00
  MONTH TO DATE    2.92                      2.76   0.16     2.31
  SINCE DEC 1      5.91                      7.77  -1.86     9.63
  SINCE JAN 1      2.92                      2.76   0.16     2.31

SNOWFALL (IN)
  YESTERDAY        0.0           3.0  1978   0.1   -0.1      0.0
  MONTH TO DATE    T                         1.3   -1.3       T
  SINCE DEC 1      T                         1.8   -1.8      1.1
  SINCE JUL 1      0.6                       1.8   -1.2      1.1
  SNOW DEPTH      MM

DEGREE DAYS
 HEATING
  YESTERDAY       14                        24    -10       21
  MONTH TO DATE  642                       600     42      665
  SINCE DEC 1   1290                      1280     10     1365
  SINCE JUL 1   1905                      1792    113     1971

 COOLING
  YESTERDAY        0                         0      0        0
  MONTH TO DATE    0                         0      0        0
  SINCE DEC 1      0                         1     -1        1
  SINCE JAN 1      0                         0      0        0
..................................................................


WIND (MPH)
  HIGHEST WIND SPEED    MM   HIGHEST WIND DIRECTION    MM
  HIGHEST GUST SPEED    MM   HIGHEST GUST DIRECTION    MM
  AVERAGE WIND SPEED    MM


SKY COVER
  POSSIBLE SUNSHINE  MM
  AVERAGE SKY COVER  MM


WEATHER CONDITIONS
 THE FOLLOWING WEATHER WAS RECORDED YESTERDAY.
  NO SIGNIFICANT WEATHER WAS OBSERVED.


RELATIVE HUMIDITY (PERCENT)
 HIGHEST    MM
 LOWEST     MM
 AVERAGE    MM

..........................................................


THE NORTH LITTLE ROCK CLIMATE NORMALS FOR TODAY
                         NORMAL    RECORD    YEAR
 MAXIMUM TEMPERATURE (F)   50        67      2005
 MINIMUM TEMPERATURE (F)   33        12      1985


SUNRISE AND SUNSET
JANUARY 26 2015.......SUNRISE   712 AM CST   SUNSET   532 PM CST
JANUARY 27 2015.......SUNRISE   711 AM CST   SUNSET   533 PM CST


-  INDICATES NEGATIVE NUMBERS.
R  INDICATES RECORD WAS SET OR TIED.
MM INDICATES DATA IS MISSING.
T  INDICATES TRACE AMOUNT.




$$
