000
CDUS44 KLZK 172217
CLILZK


CLIMATE REPORT
NATIONAL WEATHER SERVICE LITTLE ROCK AR
417 PM CST WED DEC 17 2014


...................................

...THE NORTH LITTLE ROCK CLIMATE SUMMARY FOR DECEMBER 17 2014...
VALID TODAY AS OF 0400 PM LOCAL TIME.

CLIMATE NORMAL PERIOD 1981 TO 2010
CLIMATE RECORD PERIOD 1975 TO 2014


WEATHER ITEM   OBSERVED TIME   RECORD YEAR NORMAL DEPARTURE LAST
                VALUE   (LST)  VALUE       VALUE  FROM      YEAR
                                                  NORMAL
..................................................................
TEMPERATURE (F)
 TODAY
  MAXIMUM         40        MM  74    1984  51    -11       65
  MINIMUM         31        MM  10    1979  35     -4       38
  AVERAGE         36                        42     -6       52

PRECIPITATION (IN)
  TODAY            0.00          2.20 1990   0.16  -0.16     0.00
  MONTH TO DATE    1.65                      2.92  -1.27     2.15
  SINCE DEC 1      1.65                      2.92  -1.27     2.15
  SINCE JAN 1     45.81                     47.94  -2.13    46.13

SNOWFALL (IN)
  TODAY            0.0           0.3  1989   0.1   -0.1      0.0
  MONTH TO DATE    0.0                       0.2   -0.2      1.1
  SINCE DEC 1      0.0                       0.2   -0.2      1.1
  SINCE JUL 1      0.6                       0.2    0.4      1.1
  SNOW DEPTH       0

DEGREE DAYS
 HEATING
  TODAY           29                        23      6       13
  MONTH TO DATE  324                       352    -28      407
  SINCE DEC 1    324                       352    -28      407
  SINCE JUL 1    939                       864     75     1013

 COOLING
  TODAY            0                         0      0        0
  MONTH TO DATE    0                         0      0        0
  SINCE DEC 1      0                         0      0        0
  SINCE JAN 1   1934                      2169   -235     2118
..................................................................


WIND (MPH)
  HIGHEST WIND SPEED    MM   HIGHEST WIND DIRECTION    MM
  HIGHEST GUST SPEED    MM   HIGHEST GUST DIRECTION    MM
  AVERAGE WIND SPEED    MM


SKY COVER
  POSSIBLE SUNSHINE  MM
  AVERAGE SKY COVER  MM


WEATHER CONDITIONS
 THE FOLLOWING WEATHER WAS RECORDED TODAY.
  NO SIGNIFICANT WEATHER WAS OBSERVED.


RELATIVE HUMIDITY (PERCENT)
 HIGHEST    MM
 LOWEST     MM
 AVERAGE    MM

..........................................................


THE NORTH LITTLE ROCK CLIMATE NORMALS FOR TOMORROW
                         NORMAL    RECORD    YEAR
 MAXIMUM TEMPERATURE (F)   50        69      2006
                                             1980
 MINIMUM TEMPERATURE (F)   34        11      1981


SUNRISE AND SUNSET
DECEMBER 17 2014......SUNRISE   710 AM CST   SUNSET   500 PM CST
DECEMBER 18 2014......SUNRISE   711 AM CST   SUNSET   500 PM CST


-  INDICATES NEGATIVE NUMBERS.
R  INDICATES RECORD WAS SET OR TIED.
MM INDICATES DATA IS MISSING.
T  INDICATES TRACE AMOUNT.




$$
