000
CDUS44 KLZK 240636
CLILZK


CLIMATE REPORT
NATIONAL WEATHER SERVICE LITTLE ROCK AR
1234 AM CST FRI NOV 24 2017


...................................

...THE NORTH LITTLE ROCK CLIMATE SUMMARY FOR NOVEMBER 23 2017...

CLIMATE NORMAL PERIOD 1981 TO 2010
CLIMATE RECORD PERIOD 1975 TO 2017


WEATHER ITEM   OBSERVED TIME   RECORD YEAR NORMAL DEPARTURE LAST
                VALUE   (LST)  VALUE       VALUE  FROM      YEAR
                                                  NORMAL
..................................................................
TEMPERATURE (F)
 YESTERDAY
  MAXIMUM         60        MM  77    2005  58      2       61
  MINIMUM         32        MM  28    2007  41     -9       51
  AVERAGE         46                        50     -4       56

PRECIPITATION (IN)
  YESTERDAY        0.00          2.77 2004   0.18  -0.18     0.72
  MONTH TO DATE    0.41                      4.05  -3.64     1.03
  SINCE SEP 1      2.06                     12.16 -10.10     3.65
  SINCE JAN 1     44.65                     43.68   0.97    47.84

SNOWFALL (IN)
  YESTERDAY        0.0          MM      MM   0.0    0.0      0.0
  MONTH TO DATE    0.0                       0.0    0.0      0.0
  SINCE SEP 1      T                         T      0.0      0.0
  SINCE JUL 1      T                         T      0.0       T
  SNOW DEPTH       0

DEGREE DAYS
 HEATING
  YESTERDAY       19                        15      4        9
  MONTH TO DATE  232                       258    -26      154
  SINCE SEP 1    354                       393    -39      179
  SINCE JUL 1    354                       393    -39      179

 COOLING
  YESTERDAY        0                         0      0        0
  MONTH TO DATE   29                        10     19       28
  SINCE SEP 1    486                       391     95      579
  SINCE JAN 1   2083                      2168    -85     2374
..................................................................


WIND (MPH)
  HIGHEST WIND SPEED     5   HIGHEST WIND DIRECTION    SW (220)
  HIGHEST GUST SPEED    MM   HIGHEST GUST DIRECTION    MM
  AVERAGE WIND SPEED     2.0


SKY COVER
  POSSIBLE SUNSHINE  MM
  AVERAGE SKY COVER 0.0


WEATHER CONDITIONS
 THE FOLLOWING WEATHER WAS RECORDED YESTERDAY.
  NO SIGNIFICANT WEATHER WAS OBSERVED.


RELATIVE HUMIDITY (PERCENT)
 HIGHEST    69           500 AM
 LOWEST     28           300 PM
 AVERAGE    49

..........................................................


THE NORTH LITTLE ROCK CLIMATE NORMALS FOR TODAY
                         NORMAL    RECORD    YEAR
 MAXIMUM TEMPERATURE (F)   58        76      2010
 MINIMUM TEMPERATURE (F)   41        23      2013


SUNRISE AND SUNSET
NOVEMBER 24 2017......SUNRISE   652 AM CST   SUNSET   459 PM CST
NOVEMBER 25 2017......SUNRISE   653 AM CST   SUNSET   459 PM CST


-  INDICATES NEGATIVE NUMBERS.
R  INDICATES RECORD WAS SET OR TIED.
MM INDICATES DATA IS MISSING.
T  INDICATES TRACE AMOUNT.




$$
