000
CDUS44 KLZK 212203
CLILZK


CLIMATE REPORT
NATIONAL WEATHER SERVICE LITTLE ROCK AR
402 PM CST TUE FEB 21 2017


...................................

...THE NORTH LITTLE ROCK CLIMATE SUMMARY FOR FEBRUARY 21 2017...
VALID TODAY AS OF 0400 PM LOCAL TIME.

CLIMATE NORMAL PERIOD 1981 TO 2010
CLIMATE RECORD PERIOD 1975 TO 2017


WEATHER ITEM   OBSERVED TIME   RECORD YEAR NORMAL DEPARTURE LAST
                VALUE   (LST)  VALUE       VALUE  FROM      YEAR
                                                  NORMAL
..................................................................
TEMPERATURE (F)
 TODAY
  MAXIMUM         61    200 PM  79    1980  56      5       74
  MINIMUM         58        MM  18    1978  38     20       60
  AVERAGE         60                        47     13       67

PRECIPITATION (IN)
  TODAY            0.29          1.67 2013   0.14   0.15     0.00
  MONTH TO DATE    2.51                      2.65  -0.14     0.34
  SINCE DEC 1      7.98                     11.08  -3.10    13.65
  SINCE JAN 1      4.81                      6.07  -1.26     3.57

SNOWFALL (IN)
  TODAY            0.0           T    2013   0.1   -0.1      0.0
                                      1978
  MONTH TO DATE    0.0                       1.5   -1.5      0.0
  SINCE DEC 1      0.8                       3.7   -2.9      7.2
  SINCE JUL 1      0.8                       3.7   -2.9      7.2
  SNOW DEPTH       0

DEGREE DAYS
 HEATING
  TODAY            5                        18    -13        0
  MONTH TO DATE  250                       434   -184      347
  SINCE DEC 1   1465                      1855   -390     1482
  SINCE JUL 1   1759                      2367   -608     1835

 COOLING
  TODAY            0                         0      0        2
  MONTH TO DATE   13                         0     13        2
  SINCE DEC 1     15                         2     13       10
  SINCE JAN 1     14                         1     13        3
..................................................................


WIND (MPH)
  HIGHEST WIND SPEED     8   HIGHEST WIND DIRECTION    NE (50)
  HIGHEST GUST SPEED    17   HIGHEST GUST DIRECTION    NE (50)
  AVERAGE WIND SPEED     2.0


SKY COVER
  POSSIBLE SUNSHINE  MM
  AVERAGE SKY COVER 0.0


WEATHER CONDITIONS
 THE FOLLOWING WEATHER WAS RECORDED TODAY.
  RAIN
  LIGHT RAIN


RELATIVE HUMIDITY (PERCENT)
 HIGHEST   100           200 AM
 LOWEST     93          1200 AM
 AVERAGE    97

..........................................................


THE NORTH LITTLE ROCK CLIMATE NORMALS FOR TOMORROW
                         NORMAL    RECORD    YEAR
 MAXIMUM TEMPERATURE (F)   56        75      2000
 MINIMUM TEMPERATURE (F)   38        17      1978


SUNRISE AND SUNSET
FEBRUARY 21 2017......SUNRISE   648 AM CST   SUNSET   558 PM CST
FEBRUARY 22 2017......SUNRISE   647 AM CST   SUNSET   559 PM CST


-  INDICATES NEGATIVE NUMBERS.
R  INDICATES RECORD WAS SET OR TIED.
MM INDICATES DATA IS MISSING.
T  INDICATES TRACE AMOUNT.




$$
