167
CDUS44 KLZK 200641
CLILZK


CLIMATE REPORT
NATIONAL WEATHER SERVICE LITTLE ROCK AR
1241 AM CST TUE FEB 20 2018


...................................

...THE NORTH LITTLE ROCK CLIMATE SUMMARY FOR FEBRUARY 19 2018...

CLIMATE NORMAL PERIOD 1981 TO 2010
CLIMATE RECORD PERIOD 1975 TO 2018


WEATHER ITEM   OBSERVED TIME   RECORD YEAR NORMAL DEPARTURE LAST
                VALUE   (LST)  VALUE       VALUE  FROM      YEAR
                                                  NORMAL
..................................................................
TEMPERATURE (F)
 YESTERDAY
  MAXIMUM         75        MM  81    1986  55     20       75
  MINIMUM         49        MM  14    1978  37     12       50
  AVERAGE         62                        46     16       63

PRECIPITATION (IN)
  YESTERDAY        0.02          1.89 2002   0.14  -0.12     0.00
  MONTH TO DATE    2.34                      2.37  -0.03     1.24
  SINCE DEC 1     11.66                     10.80   0.86     6.71
  SINCE JAN 1      4.83                      5.79  -0.96     3.54

SNOWFALL (IN)
  YESTERDAY        0.0           0.0  2005   0.1   -0.1      0.0
  MONTH TO DATE    T                         1.4   -1.4      0.0
  SINCE DEC 1      1.5                       3.6   -2.1      0.8
  SINCE JUL 1      1.5                       3.6   -2.1      0.8
  SNOW DEPTH       0

DEGREE DAYS
 HEATING
  YESTERDAY        3                        19    -16        2
  MONTH TO DATE  428                       398     30      245
  SINCE DEC 1   1927                      1819    108     1462
  SINCE JUL 1   2333                      2331      2     1756

 COOLING
  YESTERDAY        0                         0      0        0
  MONTH TO DATE    0                         0      0       11
  SINCE DEC 1      0                         2     -2       13
  SINCE JAN 1      0                         1     -1       12
..................................................................


WIND (MPH)
  HIGHEST WIND SPEED    15   HIGHEST WIND DIRECTION     S (180)
  HIGHEST GUST SPEED    30   HIGHEST GUST DIRECTION     S (180)
  AVERAGE WIND SPEED     8.2


SKY COVER
  POSSIBLE SUNSHINE  MM
  AVERAGE SKY COVER 0.0


WEATHER CONDITIONS
 THE FOLLOWING WEATHER WAS RECORDED YESTERDAY.
  LIGHT RAIN
  FOG
  FOG W/VISIBILITY <= 1/4 MILE


RELATIVE HUMIDITY (PERCENT)
 HIGHEST   100          1200 AM
 LOWEST     64           200 PM
 AVERAGE    82

..........................................................


THE NORTH LITTLE ROCK CLIMATE NORMALS FOR TODAY
                         NORMAL    RECORD    YEAR
 MAXIMUM TEMPERATURE (F)   56        83      1986
 MINIMUM TEMPERATURE (F)   38        21      2006


SUNRISE AND SUNSET
FEBRUARY 20 2018......SUNRISE   649 AM CST   SUNSET   557 PM CST
FEBRUARY 21 2018......SUNRISE   648 AM CST   SUNSET   558 PM CST


-  INDICATES NEGATIVE NUMBERS.
R  INDICATES RECORD WAS SET OR TIED.
MM INDICATES DATA IS MISSING.
T  INDICATES TRACE AMOUNT.




$$
