000
CDUS46 KHNX 250831
CLIMAE


CLIMATE REPORT
NATIONAL WEATHER SERVICE SAN JOAQUIN VALLEY, CA
1231 AM PST SAT NOV 25 2017


...................................

...THE MADERA CA AIRPORT CLIMATE SUMMARY FOR NOVEMBER 24 2017...

CLIMATE NORMAL PERIOD 1981 TO 2010
CLIMATE RECORD PERIOD 1998 TO 2017


WEATHER ITEM   OBSERVED TIME   RECORD YEAR NORMAL DEPARTURE
                VALUE   (LST)  VALUE       VALUE  FROM
                                                  NORMAL
...............................................................
TEMPERATURE (F)
 YESTERDAY
  MAXIMUM         73R   257 PM  69    2005  61     12
  MINIMUM         51    602 AM  29    2003  39     12
  AVERAGE         62                        50     12

PRECIPITATION (IN)
  YESTERDAY        0.00          0.28 2001   0.03  -0.03
  MONTH TO DATE    0.13                      0.96  -0.83
  SINCE OCT 1      0.21                      1.84  -1.63
  SINCE JAN 1     10.40                     10.13   0.27

SNOWFALL (IN)
  YESTERDAY        0.0
  MONTH TO DATE    0.0
  SINCE SEP 1      0.0
  SINCE JUL 1      0.0
  SNOW DEPTH       0

DEGREE DAYS
 HEATING
  YESTERDAY        3
  MONTH TO DATE  175
  SINCE SEP 1    259
  SINCE JUL 1    259

 COOLING
  YESTERDAY        0
  MONTH TO DATE    2
  SINCE SEP 1    354
  SINCE JAN 1   2025
...............................................................


WIND (MPH)
  HIGHEST WIND SPEED     8   HIGHEST WIND DIRECTION    NW (330)
  HIGHEST GUST SPEED    12   HIGHEST GUST DIRECTION    NW (310)
  AVERAGE WIND SPEED     1.9




RELATIVE HUMIDITY (PERCENT)
 HIGHEST    96
 LOWEST     53
 AVERAGE    75

..........................................................


THE MADERA CA AIRPORT CLIMATE NORMALS FOR TODAY
                         NORMAL    RECORD    YEAR
 MAXIMUM TEMPERATURE (F)   60        67      2009
                                             2005
 MINIMUM TEMPERATURE (F)   38        24      2003


SUNRISE AND SUNSET
NOVEMBER 25 2017......SUNRISE   650 AM PST   SUNSET   445 PM PST
NOVEMBER 26 2017......SUNRISE   651 AM PST   SUNSET   445 PM PST


-  INDICATES NEGATIVE NUMBERS.
R  INDICATES RECORD WAS SET OR TIED.
MM INDICATES DATA IS MISSING.
T  INDICATES TRACE AMOUNT.




$$
