000
CDUS46 KHNX 260823
CLIMAE


CLIMATE REPORT
NATIONAL WEATHER SERVICE SAN JOAQUIN VALLEY, CA
122 AM PDT TUE SEP 26 2017


...................................

...THE MADERA CA AIRPORT CLIMATE SUMMARY FOR SEPTEMBER 25 2017...

CLIMATE NORMAL PERIOD 1981 TO 2010
CLIMATE RECORD PERIOD 1998 TO 2017


WEATHER ITEM   OBSERVED TIME   RECORD YEAR NORMAL DEPARTURE
                VALUE   (LST)  VALUE       VALUE  FROM
                                                  NORMAL
...............................................................
TEMPERATURE (F)
 YESTERDAY
  MAXIMUM         83        MM 100    2015  87     -4
  MINIMUM         48        MM  46    2005  54     -6
  AVERAGE         66                        71     -5

PRECIPITATION (IN)
  YESTERDAY        0.00          0.02 2001   0.01  -0.01
  MONTH TO DATE    0.08                      0.20  -0.12
  SINCE OCT 1     14.26                     11.97   2.29
  SINCE JAN 1     10.19                      8.24   1.95

SNOWFALL (IN)
  YESTERDAY        0.0
  MONTH TO DATE    0.0
  SINCE SEP 1      0.0
  SINCE JUL 1      0.0
  SNOW DEPTH       0

DEGREE DAYS
 HEATING
  YESTERDAY        0
  MONTH TO DATE    5
  SINCE SEP 1      5
  SINCE JUL 1      5

 COOLING
  YESTERDAY        1
  MONTH TO DATE  284
  SINCE SEP 1    284
  SINCE JAN 1   1955
...............................................................


WIND (MPH)
  HIGHEST WIND SPEED    10   HIGHEST WIND DIRECTION     W (280)
  HIGHEST GUST SPEED    MM   HIGHEST GUST DIRECTION    MM
  AVERAGE WIND SPEED     3.5




RELATIVE HUMIDITY (PERCENT)
 HIGHEST    80
 LOWEST     18
 AVERAGE    49

..........................................................


THE MADERA CA AIRPORT CLIMATE NORMALS FOR TODAY
                         NORMAL    RECORD    YEAR
 MAXIMUM TEMPERATURE (F)   87       100      2016
                                             2009
 MINIMUM TEMPERATURE (F)   54        49      2013


SUNRISE AND SUNSET
SEPTEMBER 26 2017.....SUNRISE   652 AM PDT   SUNSET   651 PM PDT
SEPTEMBER 27 2017.....SUNRISE   653 AM PDT   SUNSET   649 PM PDT


-  INDICATES NEGATIVE NUMBERS.
R  INDICATES RECORD WAS SET OR TIED.
MM INDICATES DATA IS MISSING.
T  INDICATES TRACE AMOUNT.




$$
