000
CDUS46 KHNX 300022
CLIMAE


CLIMATE REPORT
NATIONAL WEATHER SERVICE SAN JOAQUIN VALLEY, CA
522 PM PDT SAT AUG 29 2015


...................................

...THE MADERA CA CLIMATE SUMMARY FOR AUGUST 29 2015...
VALID AS OF 0500 PM LOCAL TIME.

CLIMATE NORMAL PERIOD 1981 TO 2010
CLIMATE RECORD PERIOD 1998 TO 2015


WEATHER ITEM   OBSERVED TIME   RECORD YEAR NORMAL DEPARTURE LAST
                VALUE   (LST)  VALUE       VALUE  FROM      YEAR
                                                  NORMAL
..................................................................
TEMPERATURE (F)
 TODAY
  MAXIMUM         95    359 PM 106    2007  93      2       98
  MINIMUM         72    550 AM  54    2003  59     13       61
  AVERAGE         84                        76      8       80

PRECIPITATION (IN)
  TODAY            0.00          T    2000   0.01  -0.01     0.00
  MONTH TO DATE    0.01                      0.02  -0.01      T
  SINCE OCT 1      5.83                     11.77  -5.94     4.30
  SINCE JAN 1      2.15                      8.04  -5.89     3.61

SNOWFALL (IN)
  TODAY            0.0
  MONTH TO DATE    0.0
  SINCE JUN 1      0.0
  SINCE JUL 1      0.0
  SNOW DEPTH       0

DEGREE DAYS
 HEATING
  TODAY            0                                         0
  MONTH TO DATE    0                                         0
  SINCE JUN 1      0                                         0
  SINCE JUL 1      0                                         0

 COOLING
  TODAY           19                                        15
  MONTH TO DATE  439                                      1333
  SINCE JUN 1   1355                                      2214
  SINCE JAN 1   1536                                      2456
..................................................................


WIND (MPH)
  HIGHEST WIND SPEED    17   HIGHEST WIND DIRECTION    NW (320)
  HIGHEST GUST SPEED    22   HIGHEST GUST DIRECTION    NW (330)
  AVERAGE WIND SPEED    10.7




RELATIVE HUMIDITY (PERCENT)
 HIGHEST    61
 LOWEST     24
 AVERAGE    43

..........................................................


THE MADERA CA CLIMATE NORMALS FOR TOMORROW
                         NORMAL    RECORD    YEAR
 MAXIMUM TEMPERATURE (F)   93       104      2008
 MINIMUM TEMPERATURE (F)   59        53      2010


SUNRISE AND SUNSET
AUGUST 29 2015........SUNRISE   629 AM PDT   SUNSET   733 PM PDT
AUGUST 30 2015........SUNRISE   630 AM PDT   SUNSET   732 PM PDT


-  INDICATES NEGATIVE NUMBERS.
R  INDICATES RECORD WAS SET OR TIED.
MM INDICATES DATA IS MISSING.
T  INDICATES TRACE AMOUNT.




$$
