000
CDUS46 KHNX 200027
CLIMAE


CLIMATE REPORT
NATIONAL WEATHER SERVICE SAN JOAQUIN VALLEY, CA
526 PM PDT SAT APR 19 2014


...................................

...THE MADERA CA CLIMATE SUMMARY FOR APRIL 19 2014...
VALID AS OF 0500 PM LOCAL TIME.

CLIMATE NORMAL PERIOD 1981 TO 2010
CLIMATE RECORD PERIOD 1998 TO 2014


WEATHER ITEM   OBSERVED TIME   RECORD YEAR NORMAL DEPARTURE LAST
                VALUE   (LST)  VALUE       VALUE  FROM      YEAR
                                                  NORMAL
..................................................................
TEMPERATURE (F)
 TODAY
  MAXIMUM         83    334 PM  92    2009  75      8       83
  MINIMUM         52    515 AM  32    2002  46      6       45
  AVERAGE         68                        60      8       64

PRECIPITATION (IN)
  TODAY            0.00          0.30 2001   0.03  -0.03     0.00
  MONTH TO DATE    0.02                      0.61  -0.59     0.57
  SINCE JUL 1      4.04                     11.01  -6.97     8.16
  SINCE JAN 1      3.07                      6.99  -3.92     3.46

SNOWFALL (IN)
  TODAY            0.0
  MONTH TO DATE    0.0
  SINCE MAR 1      0.0
  SINCE JUL 1      0.0
  SNOW DEPTH       0

DEGREE DAYS
 HEATING
  TODAY            0                                         1
  MONTH TO DATE   66                                        89
  SINCE MAR 1    256                                       287
  SINCE JUL 1   2083                                      2290

 COOLING
  TODAY            3                                         0
  MONTH TO DATE   44                                         0
  SINCE MAR 1     44                                         2
  SINCE JAN 1     44                                         2
..................................................................


WIND (MPH)
  HIGHEST WIND SPEED    20   HIGHEST WIND DIRECTION    NW (310)
  HIGHEST GUST SPEED    24   HIGHEST GUST DIRECTION    NW (320)
  AVERAGE WIND SPEED    11.0




RELATIVE HUMIDITY (PERCENT)
 HIGHEST    83
 LOWEST     10
 AVERAGE    47

..........................................................


THE MADERA CA CLIMATE NORMALS FOR TOMORROW
                         NORMAL    RECORD    YEAR
 MAXIMUM TEMPERATURE (F)   76        96      2009
 MINIMUM TEMPERATURE (F)   46        36      2008


SUNRISE AND SUNSET
APRIL 19 2014.........SUNRISE   621 AM PDT   SUNSET   739 PM PDT
APRIL 20 2014.........SUNRISE   619 AM PDT   SUNSET   740 PM PDT


-  INDICATES NEGATIVE NUMBERS.
R  INDICATES RECORD WAS SET OR TIED.
MM INDICATES DATA IS MISSING.
T  INDICATES TRACE AMOUNT.




$$
