000
CDUS46 KHNX 260830
CLIMAE


CLIMATE REPORT
NATIONAL WEATHER SERVICE SAN JOAQUIN VALLEY, CA
125 AM PDT FRI AUG 26 2016


...................................

...THE MADERA CA AIRPORT CLIMATE SUMMARY FOR AUGUST 25 2016...

CLIMATE NORMAL PERIOD 1981 TO 2010
CLIMATE RECORD PERIOD 1998 TO 2016


WEATHER ITEM   OBSERVED TIME   RECORD YEAR NORMAL DEPARTURE
                VALUE   (LST)  VALUE       VALUE  FROM
                                                  NORMAL
...............................................................
TEMPERATURE (F)
 YESTERDAY
  MAXIMUM         95    421 PM 107    2010  94      1
  MINIMUM         57    542 AM  52    2002  59     -2
  AVERAGE         76                        76      0

PRECIPITATION (IN)
  YESTERDAY        0.00          0.00   MM   0.00   0.00
  MONTH TO DATE    0.00                      0.01  -0.01
  SINCE OCT 1     12.96                     11.76   1.20
  SINCE JAN 1      8.40                      8.03   0.37

SNOWFALL (IN)
  YESTERDAY        0.0
  MONTH TO DATE    0.0
  SINCE JUN 1      0.0
  SINCE JUL 1      0.0
  SNOW DEPTH       0

DEGREE DAYS
 HEATING
  YESTERDAY        0
  MONTH TO DATE    0
  SINCE JUN 1      1
  SINCE JUL 1      0

 COOLING
  YESTERDAY       11
  MONTH TO DATE  374
  SINCE JUN 1   1235
  SINCE JAN 1   1428
...............................................................


WIND (MPH)
  HIGHEST WIND SPEED    10   HIGHEST WIND DIRECTION    NW (310)
  HIGHEST GUST SPEED    14   HIGHEST GUST DIRECTION    NW (330)
  AVERAGE WIND SPEED     5.9




RELATIVE HUMIDITY (PERCENT)
 HIGHEST    80
 LOWEST     13
 AVERAGE    47

..........................................................


THE MADERA CA AIRPORT CLIMATE NORMALS FOR TODAY
                         NORMAL    RECORD    YEAR
 MAXIMUM TEMPERATURE (F)   94       102      2015
 MINIMUM TEMPERATURE (F)   59        54      2002


SUNRISE AND SUNSET
AUGUST 26 2016........SUNRISE   627 AM PDT   SUNSET   737 PM PDT
AUGUST 27 2016........SUNRISE   628 AM PDT   SUNSET   735 PM PDT


-  INDICATES NEGATIVE NUMBERS.
R  INDICATES RECORD WAS SET OR TIED.
MM INDICATES DATA IS MISSING.
T  INDICATES TRACE AMOUNT.




$$
