000
CDUS46 KHNX 250029
CLIMAE


CLIMATE REPORT
NATIONAL WEATHER SERVICE SAN JOAQUIN VALLEY, CA
529 PM PDT THU JUL 24 2014


...................................

...THE MADERA CA CLIMATE SUMMARY FOR JULY 24 2014...
VALID AS OF 0500 PM LOCAL TIME.

CLIMATE NORMAL PERIOD 1981 TO 2010
CLIMATE RECORD PERIOD 1998 TO 2014


WEATHER ITEM   OBSERVED TIME   RECORD YEAR NORMAL DEPARTURE LAST
                VALUE   (LST)  VALUE       VALUE  FROM      YEAR
                                                  NORMAL
..................................................................
TEMPERATURE (F)
 TODAY
  MAXIMUM         96    327 PM 111    2006  98     -2      101
  MINIMUM         60    519 AM  52    1999  60      0       63
  AVERAGE         78                        79     -1       82

PRECIPITATION (IN)
  TODAY            0.00          0.00   MM   0.00   0.00     0.00
  MONTH TO DATE    0.00                      0.02  -0.02      T
  SINCE JUL 1      0.00                      0.02  -0.02      T
  SINCE JAN 1      3.61                      8.02  -4.41     3.52

SNOWFALL (IN)
  TODAY            0.0
  MONTH TO DATE    0.0
  SINCE JUN 1      0.0
  SINCE JUL 1      0.0
  SNOW DEPTH       0

DEGREE DAYS
 HEATING
  TODAY            0                                         0
  MONTH TO DATE    0                                         0
  SINCE JUN 1      0                                         0
  SINCE JUL 1      0                                         0

 COOLING
  TODAY           13                                        17
  MONTH TO DATE  397                                       403
  SINCE JUN 1    736                                       746
  SINCE JAN 1    978                                       923
..................................................................


WIND (MPH)
  HIGHEST WIND SPEED    15   HIGHEST WIND DIRECTION    NW (320)
  HIGHEST GUST SPEED    22   HIGHEST GUST DIRECTION    NW (300)
  AVERAGE WIND SPEED     8.0




RELATIVE HUMIDITY (PERCENT)
 HIGHEST    84
 LOWEST     20
 AVERAGE    52

..........................................................


THE MADERA CA CLIMATE NORMALS FOR TOMORROW
                         NORMAL    RECORD    YEAR
 MAXIMUM TEMPERATURE (F)   97       110      2006
 MINIMUM TEMPERATURE (F)   60        54      1999


SUNRISE AND SUNSET
JULY 24 2014..........SUNRISE   559 AM PDT   SUNSET   814 PM PDT
JULY 25 2014..........SUNRISE   600 AM PDT   SUNSET   813 PM PDT


-  INDICATES NEGATIVE NUMBERS.
R  INDICATES RECORD WAS SET OR TIED.
MM INDICATES DATA IS MISSING.
T  INDICATES TRACE AMOUNT.




$$
