000
CDUS46 KHNX 251603 CCA
CLIMAE

CLIMATE REPORT
NATIONAL WEATHER SERVICE SAN JOAQUIN VALLEY, CA
341 AM PDT THU MAY 25 2017


...................................

...THE MADERA CA AIRPORT CLIMATE SUMMARY FOR MAY 24 2017...

CLIMATE NORMAL PERIOD 1981 TO 2010
CLIMATE RECORD PERIOD 1998 TO 2017


WEATHER ITEM   OBSERVED TIME   RECORD YEAR NORMAL DEPARTURE
                VALUE   (LST)  VALUE       VALUE  FROM
                                                  NORMAL
...............................................................
TEMPERATURE (F)
 YESTERDAY
  MAXIMUM         91   1206 PM 100    2001  85      6
  MINIMUM         59   1159 PM  45    2011  53      7
  AVERAGE         76                        69      7

PRECIPITATION (IN)
  YESTERDAY        0.00          0.02 2008   0.00   0.00
  MONTH TO DATE    T                         0.44  -0.44
  SINCE OCT 1     14.17                     11.50   2.67
  SINCE JAN 1     10.10                      7.77   2.33

SNOWFALL (IN)
  YESTERDAY        0.0
  MONTH TO DATE    0.0
  SINCE MAR 1      0.0
  SINCE JUL 1      0.0
  SNOW DEPTH       0

DEGREE DAYS
 HEATING
  YESTERDAY        0
  MONTH TO DATE   24
  SINCE MAR 1    388
  SINCE JUL 1   2067

 COOLING
  YESTERDAY       11
  MONTH TO DATE  138
  SINCE MAR 1    151
  SINCE JAN 1    151
...............................................................


WIND (MPH)
  HIGHEST WIND SPEED    13   HIGHEST WIND DIRECTION     W (290)
  HIGHEST GUST SPEED    15   HIGHEST GUST DIRECTION     W (290)
  AVERAGE WIND SPEED     6.2




RELATIVE HUMIDITY (PERCENT)
 HIGHEST    78
 LOWEST     24
 AVERAGE    51

..........................................................


THE MADERA CA AIRPORT CLIMATE NORMALS FOR TODAY
                         NORMAL    RECORD    YEAR
 MAXIMUM TEMPERATURE (F)   86        99      2001
 MINIMUM TEMPERATURE (F)   53        46      2010


SUNRISE AND SUNSET
MAY 25 2017...........SUNRISE   545 AM PDT   SUNSET   810 PM PDT
MAY 26 2017...........SUNRISE   545 AM PDT   SUNSET   811 PM PDT


-  INDICATES NEGATIVE NUMBERS.
R  INDICATES RECORD WAS SET OR TIED.
MM INDICATES DATA IS MISSING.
T  INDICATES TRACE AMOUNT.




$$
