000
CDUS46 KHNX 100024
CLIMAE


CLIMATE REPORT
NATIONAL WEATHER SERVICE SAN JOAQUIN VALLEY, CA
424 PM PST FRI DEC 9 2016


...................................

...THE MADERA CA CLIMATE SUMMARY FOR DECEMBER 9 2016...
VALID AS OF 0400 PM LOCAL TIME.

CLIMATE NORMAL PERIOD 1981 TO 2010
CLIMATE RECORD PERIOD 1998 TO 2016


WEATHER ITEM   OBSERVED TIME   RECORD YEAR NORMAL DEPARTURE LAST
                VALUE   (LST)  VALUE       VALUE  FROM      YEAR
                                                  NORMAL
..................................................................
TEMPERATURE (F)
 TODAY
  MAXIMUM         66    353 PM  68    2006  56     10       62
  MINIMUM         51    611 AM  21    2013  36     15       47
  AVERAGE         59                        46     13       55

PRECIPITATION (IN)
  TODAY            0.00          0.25 2006   0.04  -0.04     0.00
  MONTH TO DATE    0.40                      0.33   0.07     0.01
  SINCE OCT 1      2.60                      2.36   0.24     2.24
  SINCE JAN 1     11.00                     10.65   0.35     4.56

SNOWFALL (IN)
  TODAY            0.0
  MONTH TO DATE    0.0
  SINCE DEC 1      0.0
  SINCE JUL 1      0.0
  SNOW DEPTH       0

DEGREE DAYS
 HEATING
  TODAY            6                                        10
  MONTH TO DATE  159                                       126
  SINCE DEC 1    159                                       126
  SINCE JUL 1    467                                       537

 COOLING
  TODAY            0                                         0
  MONTH TO DATE    0                                         0
  SINCE DEC 1      0                                         0
  SINCE JAN 1   1819                                      2056
..................................................................


WIND (MPH)
  HIGHEST WIND SPEED    10   HIGHEST WIND DIRECTION     E (110)
  HIGHEST GUST SPEED    13   HIGHEST GUST DIRECTION    SE (120)
  AVERAGE WIND SPEED     3.7




RELATIVE HUMIDITY (PERCENT)
 HIGHEST    96
 LOWEST     73
 AVERAGE    85

..........................................................


THE MADERA CA CLIMATE NORMALS FOR TOMORROW
                         NORMAL    RECORD    YEAR
 MAXIMUM TEMPERATURE (F)   55        67      2010
 MINIMUM TEMPERATURE (F)   36        21      2013


SUNRISE AND SUNSET
DECEMBER  9 2016......SUNRISE   702 AM PST   SUNSET   444 PM PST
DECEMBER 10 2016......SUNRISE   703 AM PST   SUNSET   444 PM PST


-  INDICATES NEGATIVE NUMBERS.
R  INDICATES RECORD WAS SET OR TIED.
MM INDICATES DATA IS MISSING.
T  INDICATES TRACE AMOUNT.




$$
