870
CDUS46 KHNX 180025
CLIMAE


CLIMATE REPORT
NATIONAL WEATHER SERVICE SAN JOAQUIN VALLEY, CA
425 PM PST TUE JAN 17 2017


...................................

...THE MADERA CA CLIMATE SUMMARY FOR JANUARY 17 2017...
VALID AS OF 0400 PM LOCAL TIME.

CLIMATE NORMAL PERIOD 1981 TO 2010
CLIMATE RECORD PERIOD 1998 TO 2017


WEATHER ITEM   OBSERVED TIME   RECORD YEAR NORMAL DEPARTURE LAST
                VALUE   (LST)  VALUE       VALUE  FROM      YEAR
                                                  NORMAL
..................................................................
TEMPERATURE (F)
 TODAY
  MAXIMUM         55    359 PM  71    2014  54      1       63
  MINIMUM         31    738 AM  22    2012  37     -6       45
  AVERAGE         43                        46     -3       54

PRECIPITATION (IN)
  TODAY            0.00          0.59 2000   0.08  -0.08     0.00
  MONTH TO DATE    2.99                      1.65   1.34     1.07
  SINCE OCT 1      7.06                      5.38   1.68     5.63
  SINCE JAN 1      2.99                      1.65   1.34     1.07

SNOWFALL (IN)
  TODAY            0.0
  MONTH TO DATE    0.0
  SINCE DEC 1      0.0
  SINCE JUL 1      0.0
  SNOW DEPTH       0

DEGREE DAYS
 HEATING
  TODAY           22                                        11
  MONTH TO DATE  266                                       273
  SINCE DEC 1    818                                       847
  SINCE JUL 1   1126                                      1258

 COOLING
  TODAY            0                                         0
  MONTH TO DATE    0                                         0
  SINCE DEC 1      0                                         0
  SINCE JAN 1      0                                         0
..................................................................


WIND (MPH)
  HIGHEST WIND SPEED    10   HIGHEST WIND DIRECTION     W (280)
  HIGHEST GUST SPEED    12   HIGHEST GUST DIRECTION     W (290)
  AVERAGE WIND SPEED     3.3




RELATIVE HUMIDITY (PERCENT)
 HIGHEST    96
 LOWEST     63
 AVERAGE    80

..........................................................


THE MADERA CA CLIMATE NORMALS FOR TOMORROW
                         NORMAL    RECORD    YEAR
 MAXIMUM TEMPERATURE (F)   54        69      2014
 MINIMUM TEMPERATURE (F)   37        26      2012


SUNRISE AND SUNSET
JANUARY 17 2017.......SUNRISE   712 AM PST   SUNSET   510 PM PST
JANUARY 18 2017.......SUNRISE   711 AM PST   SUNSET   511 PM PST


-  INDICATES NEGATIVE NUMBERS.
R  INDICATES RECORD WAS SET OR TIED.
MM INDICATES DATA IS MISSING.
T  INDICATES TRACE AMOUNT.




$$
