000
CDUS46 KHNX 270021
CLIMAE


CLIMATE REPORT
NATIONAL WEATHER SERVICE SAN JOAQUIN VALLEY, CA
421 PM PST MON JAN 26 2015


...................................

...THE MADERA CA CLIMATE SUMMARY FOR JANUARY 26 2015...
VALID AS OF 0400 PM LOCAL TIME.

CLIMATE NORMAL PERIOD 1981 TO 2010
CLIMATE RECORD PERIOD 1998 TO 2015


WEATHER ITEM   OBSERVED TIME   RECORD YEAR NORMAL DEPARTURE LAST
                VALUE   (LST)  VALUE       VALUE  FROM      YEAR
                                                  NORMAL
..................................................................
TEMPERATURE (F)
 TODAY
  MAXIMUM         56    302 PM  69    2014  56      0       69
  MINIMUM         33    336 AM  31    2007  38     -5       38
  AVERAGE         45                        47     -2       54

PRECIPITATION (IN)
  TODAY            0.00          0.51 2005   0.04  -0.04     0.00
  MONTH TO DATE    T                         2.21  -2.21     0.00
  SINCE OCT 1      3.68                      5.94  -2.26     0.69
  SINCE JAN 1      T                         2.21  -2.21     0.00

SNOWFALL (IN)
  TODAY            0.0
  MONTH TO DATE    0.0
  SINCE DEC 1      0.0
  SINCE JUL 1      0.0
  SNOW DEPTH       0

DEGREE DAYS
 HEATING
  TODAY           20                                        11
  MONTH TO DATE  426                                       387
  SINCE DEC 1    814                                      1040
  SINCE JUL 1   1130                                      1458

 COOLING
  TODAY            0                                         0
  MONTH TO DATE    0                                         0
  SINCE DEC 1      1                                         0
  SINCE JAN 1      0                                         0
..................................................................


WIND (MPH)
  HIGHEST WIND SPEED     7   HIGHEST WIND DIRECTION    NW (330)
  HIGHEST GUST SPEED    11   HIGHEST GUST DIRECTION     W (270)
  AVERAGE WIND SPEED     2.8




RELATIVE HUMIDITY (PERCENT)
 HIGHEST    93
 LOWEST     71
 AVERAGE    82

..........................................................


THE MADERA CA CLIMATE NORMALS FOR TOMORROW
                         NORMAL    RECORD    YEAR
 MAXIMUM TEMPERATURE (F)   56        69      2014
 MINIMUM TEMPERATURE (F)   38        30      2009


SUNRISE AND SUNSET
JANUARY 26 2015.......SUNRISE   707 AM PST   SUNSET   519 PM PST
JANUARY 27 2015.......SUNRISE   707 AM PST   SUNSET   520 PM PST


-  INDICATES NEGATIVE NUMBERS.
R  INDICATES RECORD WAS SET OR TIED.
MM INDICATES DATA IS MISSING.
T  INDICATES TRACE AMOUNT.




$$
