000
CDUS44 KMAF 280731
CLIMAF


CLIMATE REPORT
NATIONAL WEATHER SERVICE MIDLAND TX
231 AM CDT THU JUL 28 2016


...................................

...THE MIDLAND CLIMATE SUMMARY FOR JULY 27 2016...

CLIMATE NORMAL PERIOD 1981 TO 2010
CLIMATE RECORD PERIOD 1930 TO 2016


WEATHER ITEM   OBSERVED TIME   RECORD YEAR NORMAL DEPARTURE LAST
                VALUE   (LST)  VALUE       VALUE  FROM      YEAR
                                                  NORMAL
..................................................................
TEMPERATURE (F)
 YESTERDAY
  MAXIMUM         99    419 PM 106    1995  95      4      103
                                      1954
                                      1944
  MINIMUM         72    625 AM  60    1973  70      2       79
  AVERAGE         86                        82      4       91

PRECIPITATION (IN)
  YESTERDAY        0.00          0.85 1955   0.05  -0.05     0.00
  MONTH TO DATE    0.12                      1.59  -1.47     0.52
  SINCE JUN 1      3.28                      3.39  -0.11     3.81
  SINCE JAN 1      7.02                      7.65  -0.63    12.80

DEGREE DAYS
 COOLING
  YESTERDAY       21                        17      4       26
  MONTH TO DATE  646                       459    187      530
  SINCE JUN 1   1132                       920    212      979
  SINCE JAN 1   1612                      1309    303     1337
..................................................................


WIND (MPH)
  HIGHEST WIND SPEED    21   HIGHEST WIND DIRECTION    SE (120)
  HIGHEST GUST SPEED    26   HIGHEST GUST DIRECTION     E (80)
  AVERAGE WIND SPEED     5.7


SKY COVER
  POSSIBLE SUNSHINE  MM
  AVERAGE SKY COVER 0.0


WEATHER CONDITIONS
 THE FOLLOWING WEATHER WAS RECORDED YESTERDAY.
  FOG
  HAZE


RELATIVE HUMIDITY (PERCENT)
 HIGHEST    87           300 AM
 LOWEST     22           500 PM
 AVERAGE    55

..........................................................


THE MIDLAND CLIMATE NORMALS FOR TODAY
                         NORMAL    RECORD    YEAR
 MAXIMUM TEMPERATURE (F)   95       106      1944
 MINIMUM TEMPERATURE (F)   70        61      1933


SUNRISE AND SUNSET
JULY 28 2016..........SUNRISE   702 AM CDT   SUNSET   848 PM CDT
JULY 29 2016..........SUNRISE   703 AM CDT   SUNSET   847 PM CDT


-  INDICATES NEGATIVE NUMBERS.
R  INDICATES RECORD WAS SET OR TIED.
MM INDICATES DATA IS MISSING.
T  INDICATES TRACE AMOUNT.




$$
