000
CDUS44 KMAF 132210
CLIMAF


CLIMATE REPORT
NATIONAL WEATHER SERVICE MIDLAND TX
410 PM CST WED DEC 13 2017


...................................

...THE MIDLAND CLIMATE SUMMARY FOR DECEMBER 13 2017...
VALID TODAY AS OF 0400 PM LOCAL TIME.

CLIMATE NORMAL PERIOD 1981 TO 2010
CLIMATE RECORD PERIOD 1930 TO 2017


WEATHER ITEM   OBSERVED TIME   RECORD YEAR NORMAL DEPARTURE LAST
                VALUE   (LST)  VALUE       VALUE  FROM      YEAR
                                                  NORMAL
..................................................................
TEMPERATURE (F)
 TODAY
  MAXIMUM         68    356 PM  82    1995  58     10       60
                                      1933
  MINIMUM         29    603 AM  14    1985  31     -2       41
  AVERAGE         49                        44      5       51

PRECIPITATION (IN)
  TODAY            0.00          0.58 1979   0.02  -0.02     0.00
  MONTH TO DATE    0.36                      0.26   0.10     0.35
  SINCE DEC 1      0.36                      0.26   0.10     0.35
  SINCE JAN 1     17.70                     14.26   3.44    15.12

SNOWFALL (IN)
  TODAY            0.0
  MONTH TO DATE    0.0
  SINCE DEC 1      0.0
  SINCE JUL 1      0.0
  SNOW DEPTH       0

DEGREE DAYS
 HEATING
  TODAY           16                        21     -5       14
  MONTH TO DATE  197                       252    -55      251
  SINCE DEC 1    197                       252    -55      251
  SINCE JUL 1    518                       731   -213      462
..................................................................


WIND (MPH)
  HIGHEST WIND SPEED    22   HIGHEST WIND DIRECTION    SW (240)
  HIGHEST GUST SPEED    27   HIGHEST GUST DIRECTION    SW (240)
  AVERAGE WIND SPEED     9.3


SKY COVER
  POSSIBLE SUNSHINE  MM
  AVERAGE SKY COVER 0.0


WEATHER CONDITIONS
 THE FOLLOWING WEATHER WAS RECORDED TODAY.
  NO SIGNIFICANT WEATHER WAS OBSERVED.


RELATIVE HUMIDITY (PERCENT)
 HIGHEST    69           400 AM
 LOWEST     19           300 PM
 AVERAGE    44

..........................................................


THE MIDLAND CLIMATE NORMALS FOR TOMORROW
                         NORMAL    RECORD    YEAR
 MAXIMUM TEMPERATURE (F)   58        82      1995
 MINIMUM TEMPERATURE (F)   31        14      1985


SUNRISE AND SUNSET
DECEMBER 13 2017......SUNRISE   741 AM CST   SUNSET   546 PM CST
DECEMBER 14 2017......SUNRISE   741 AM CST   SUNSET   546 PM CST


-  INDICATES NEGATIVE NUMBERS.
R  INDICATES RECORD WAS SET OR TIED.
MM INDICATES DATA IS MISSING.
T  INDICATES TRACE AMOUNT.




$$
