000
CDUS44 KMAF 230735
CLIMAF


CLIMATE REPORT
NATIONAL WEATHER SERVICE MIDLAND/ODESSA TX
234 AM CDT SAT MAY 23 2015


...................................

...THE MIDLAND CLIMATE SUMMARY FOR MAY 22 2015...

CLIMATE NORMAL PERIOD 1981 TO 2010
CLIMATE RECORD PERIOD 1930 TO 2015


WEATHER ITEM   OBSERVED TIME   RECORD YEAR NORMAL DEPARTURE LAST
                VALUE   (LST)  VALUE       VALUE  FROM      YEAR
                                                  NORMAL
..................................................................
TEMPERATURE (F)
 YESTERDAY
  MAXIMUM         81    541 PM 107    1953  89     -8       84
  MINIMUM         57    217 AM  48    1931  62     -5       74
  AVERAGE         69                        75     -6       79

PRECIPITATION (IN)
  YESTERDAY        0.12          0.98 1963   0.07   0.05     0.00
  MONTH TO DATE    2.22                      1.08   1.14     0.42
  SINCE MAR 1      5.17                      2.33   2.84     1.06
  SINCE JAN 1      7.86                      3.60   4.26     1.32

DEGREE DAYS
 COOLING
  YESTERDAY        4                        11     -7       14
  MONTH TO DATE  156                       176    -20      217
  SINCE MAR 1    286                       282      4      384
  SINCE JAN 1    287                       284      3      386
..................................................................


WIND (MPH)
  HIGHEST WIND SPEED    28   HIGHEST WIND DIRECTION     S (160)
  HIGHEST GUST SPEED    35   HIGHEST GUST DIRECTION     S (160)
  AVERAGE WIND SPEED     9.0


SKY COVER
  POSSIBLE SUNSHINE  MM
  AVERAGE SKY COVER 0.8


WEATHER CONDITIONS
 THE FOLLOWING WEATHER WAS RECORDED YESTERDAY.
  LIGHT RAIN
  FOG


RELATIVE HUMIDITY (PERCENT)
 HIGHEST   100           500 AM
 LOWEST     54           500 PM
 AVERAGE    77

..........................................................


THE MIDLAND CLIMATE NORMALS FOR TODAY
                         NORMAL    RECORD    YEAR
 MAXIMUM TEMPERATURE (F)   89       106      1989
 MINIMUM TEMPERATURE (F)   62        47      1988


SUNRISE AND SUNSET
MAY 23 2015...........SUNRISE   647 AM CDT   SUNSET   844 PM CDT
MAY 24 2015...........SUNRISE   647 AM CDT   SUNSET   845 PM CDT


-  INDICATES NEGATIVE NUMBERS.
R  INDICATES RECORD WAS SET OR TIED.
MM INDICATES DATA IS MISSING.
T  INDICATES TRACE AMOUNT.




$$
