000
CDUS44 KMAF 230732
CLIMAF


CLIMATE REPORT
NATIONAL WEATHER SERVICE MIDLAND/ODESSA TX
231 AM CDT WED JUL 23 2014


...................................

...THE MIDLAND CLIMATE SUMMARY FOR JULY 22 2014...

CLIMATE NORMAL PERIOD 1981 TO 2010
CLIMATE RECORD PERIOD 1930 TO 2014


WEATHER ITEM   OBSERVED TIME   RECORD YEAR NORMAL DEPARTURE LAST
                VALUE   (LST)  VALUE       VALUE  FROM      YEAR
                                                  NORMAL
..................................................................
TEMPERATURE (F)
 YESTERDAY
  MAXIMUM         97    313 PM 103    2001  95      2       94
                                      1981
  MINIMUM         77    704 AM  58    1988  70      7       71
  AVERAGE         87                        82      5       83

PRECIPITATION (IN)
  YESTERDAY        T             1.89 1961   0.06  -0.06     0.00
  MONTH TO DATE    0.28                      1.31  -1.03     0.98
  SINCE JUN 1      0.76                      3.11  -2.35     1.83
  SINCE JAN 1      3.92                      7.37  -3.45     3.39

DEGREE DAYS
 COOLING
  YESTERDAY       22                        17      5       18
  MONTH TO DATE  391                       374     17      329
  SINCE JUN 1    939                       835    104      893
  SINCE JAN 1   1415                      1224    191     1381
..................................................................


WIND (MPH)
  HIGHEST WIND SPEED    37   HIGHEST WIND DIRECTION     E (90)
  HIGHEST GUST SPEED    46   HIGHEST GUST DIRECTION     E (90)
  AVERAGE WIND SPEED     9.5


SKY COVER
  POSSIBLE SUNSHINE  MM
  AVERAGE SKY COVER 0.0


WEATHER CONDITIONS
 THE FOLLOWING WEATHER WAS RECORDED YESTERDAY.
  HAZE
  SANDSTORM


RELATIVE HUMIDITY (PERCENT)
 HIGHEST    76           600 AM
 LOWEST     25           300 PM
 AVERAGE    51

..........................................................


THE MIDLAND CLIMATE NORMALS FOR TODAY
                         NORMAL    RECORD    YEAR
 MAXIMUM TEMPERATURE (F)   95       105      1995
 MINIMUM TEMPERATURE (F)   70        53      1978


SUNRISE AND SUNSET
JULY 23 2014..........SUNRISE   658 AM CDT   SUNSET   852 PM CDT
JULY 24 2014..........SUNRISE   659 AM CDT   SUNSET   851 PM CDT


-  INDICATES NEGATIVE NUMBERS.
R  INDICATES RECORD WAS SET OR TIED.
MM INDICATES DATA IS MISSING.
T  INDICATES TRACE AMOUNT.




$$
