000
CDUS44 KMAF 280731
CLIMAF


CLIMATE REPORT
NATIONAL WEATHER SERVICE MIDLAND TX
230 AM CDT FRI APR 28 2017


...................................

...THE MIDLAND CLIMATE SUMMARY FOR APRIL 27 2017...

CLIMATE NORMAL PERIOD 1981 TO 2010
CLIMATE RECORD PERIOD 1930 TO 2017


WEATHER ITEM   OBSERVED TIME   RECORD YEAR NORMAL DEPARTURE LAST
                VALUE   (LST)  VALUE       VALUE  FROM      YEAR
                                                  NORMAL
..................................................................
TEMPERATURE (F)
 YESTERDAY
  MAXIMUM         93    535 PM 101    1996  83     10       85
  MINIMUM         55   1200 AM  36    1946  53      2       55
  AVERAGE         74                        68      6       70

PRECIPITATION (IN)
  YESTERDAY        0.00          1.58 1932   0.03  -0.03     0.00
  MONTH TO DATE    2.51                      0.58   1.93     1.45
  SINCE MAR 1      2.99                      1.18   1.81     1.79
  SINCE JAN 1      4.83                      2.45   2.38     2.27

SNOWFALL (IN)
  YESTERDAY        0.0
  MONTH TO DATE    0.0
  SINCE MAR 1      0.0
  SINCE JUL 1      0.3
  SNOW DEPTH       0

DEGREE DAYS
 HEATING
  YESTERDAY        0                         2     -2        0
  MONTH TO DATE   46                       107    -61       54
  SINCE MAR 1    162                       414   -252      215
  SINCE JUL 1   1662                      2651   -989     2045

 COOLING
  YESTERDAY        9                         5      4        5
  MONTH TO DATE  139                        74     65      103
  SINCE MAR 1    247                        90    157      138
  SINCE JAN 1    264                        92    172      153
..................................................................


WIND (MPH)
  HIGHEST WIND SPEED    32   HIGHEST WIND DIRECTION    SW (230)
  HIGHEST GUST SPEED    41   HIGHEST GUST DIRECTION    SW (220)
  AVERAGE WIND SPEED    18.1


SKY COVER
  POSSIBLE SUNSHINE  MM
  AVERAGE SKY COVER 0.0


WEATHER CONDITIONS
 THE FOLLOWING WEATHER WAS RECORDED YESTERDAY.
  NO SIGNIFICANT WEATHER WAS OBSERVED.


RELATIVE HUMIDITY (PERCENT)
 HIGHEST    41          1200 AM
 LOWEST     11           200 PM
 AVERAGE    26

..........................................................


THE MIDLAND CLIMATE NORMALS FOR TODAY
                         NORMAL    RECORD    YEAR
 MAXIMUM TEMPERATURE (F)   83        98      1992
 MINIMUM TEMPERATURE (F)   54        37      2008


SUNRISE AND SUNSET
APRIL 28 2017.........SUNRISE   706 AM CDT   SUNSET   827 PM CDT
APRIL 29 2017.........SUNRISE   705 AM CDT   SUNSET   828 PM CDT


-  INDICATES NEGATIVE NUMBERS.
R  INDICATES RECORD WAS SET OR TIED.
MM INDICATES DATA IS MISSING.
T  INDICATES TRACE AMOUNT.




$$
