000
CDUS44 KMAF 190838
CLIMAF


CLIMATE REPORT
NATIONAL WEATHER SERVICE MIDLAND TX
238 AM CST THU JAN 19 2017


...................................

...THE MIDLAND CLIMATE SUMMARY FOR JANUARY 18 2017...

CLIMATE NORMAL PERIOD 1981 TO 2010
CLIMATE RECORD PERIOD 1930 TO 2017


WEATHER ITEM   OBSERVED TIME   RECORD YEAR NORMAL DEPARTURE LAST
                VALUE   (LST)  VALUE       VALUE  FROM      YEAR
                                                  NORMAL
..................................................................
TEMPERATURE (F)
 YESTERDAY
  MAXIMUM         59    524 PM  83    2000  57      2       51
  MINIMUM         44    813 AM   7    1949  30     14       29
  AVERAGE         52                        44      8       40

PRECIPITATION (IN)
  YESTERDAY        0.00          0.96 1991   0.02  -0.02     0.00
  MONTH TO DATE    1.12                      0.28   0.84     0.09
  SINCE DEC 1      1.53                      0.88   0.65     1.33
  SINCE JAN 1      1.12                      0.28   0.84     0.09

SNOWFALL (IN)
  YESTERDAY        0.0
  MONTH TO DATE    T
  SINCE DEC 1      0.3
  SINCE JUL 1      0.3
  SNOW DEPTH       0

DEGREE DAYS
 HEATING
  YESTERDAY       13                        21     -8       25
  MONTH TO DATE  335                       392    -57      396
  SINCE DEC 1    869                      1029   -160      922
  SINCE JUL 1   1080                      1508   -428     1274
..................................................................


WIND (MPH)
  HIGHEST WIND SPEED    13   HIGHEST WIND DIRECTION    SW (210)
  HIGHEST GUST SPEED    15   HIGHEST GUST DIRECTION    SW (220)
  AVERAGE WIND SPEED     6.1


SKY COVER
  POSSIBLE SUNSHINE  MM
  AVERAGE SKY COVER 0.5


WEATHER CONDITIONS
 THE FOLLOWING WEATHER WAS RECORDED YESTERDAY.
  FOG
  HAZE


RELATIVE HUMIDITY (PERCENT)
 HIGHEST    92           300 AM
 LOWEST     51           400 PM
 AVERAGE    72

..........................................................


THE MIDLAND CLIMATE NORMALS FOR TODAY
                         NORMAL    RECORD    YEAR
 MAXIMUM TEMPERATURE (F)   57        83      2000
 MINIMUM TEMPERATURE (F)   30         8      1963


SUNRISE AND SUNSET
JANUARY 19 2017.......SUNRISE   748 AM CST   SUNSET   611 PM CST
JANUARY 20 2017.......SUNRISE   748 AM CST   SUNSET   612 PM CST


-  INDICATES NEGATIVE NUMBERS.
R  INDICATES RECORD WAS SET OR TIED.
MM INDICATES DATA IS MISSING.
T  INDICATES TRACE AMOUNT.




$$
