000
CDUS44 KMAF 242323
CLIMAF


CLIMATE REPORT
NATIONAL WEATHER SERVICE MIDLAND TX
623 PM CDT SUN SEP 24 2017


...................................

...THE MIDLAND CLIMATE SUMMARY FOR SEPTEMBER 24 2017...
VALID TODAY AS OF 0500 PM LOCAL TIME.

CLIMATE NORMAL PERIOD 1981 TO 2010
CLIMATE RECORD PERIOD 1930 TO 2017


WEATHER ITEM   OBSERVED TIME   RECORD YEAR NORMAL DEPARTURE LAST
                VALUE   (LST)  VALUE       VALUE  FROM      YEAR
                                                  NORMAL
..................................................................
TEMPERATURE (F)
 TODAY
  MAXIMUM         80    459 PM 101    1977  84     -4       90
  MINIMUM         66    426 AM  36    1989  59      7       68
  AVERAGE         73                        72      1       79

PRECIPITATION (IN)
  TODAY            1.06          1.77 1961   0.06   0.00      T
  MONTH TO DATE    1.10                      1.52  -0.42     1.98
  SINCE SEP 1      1.10                      1.52  -0.42     1.98
  SINCE JAN 1     13.84                     11.24   2.60    12.32

DEGREE DAYS
 HEATING
  TODAY            0                         1     -1        0
  MONTH TO DATE    0                         4     -4        0
  SINCE SEP 1      0                         4     -4        0
  SINCE JUL 1      0                         4     -4        0

 COOLING
  TODAY            8                         8      0       14
  MONTH TO DATE  368                       256    112      354
  SINCE SEP 1    368                       256    112      354
  SINCE JAN 1   2615                      2140    475     2586
..................................................................


WIND (MPH)
  HIGHEST WIND SPEED    23   HIGHEST WIND DIRECTION    SE (140)
  HIGHEST GUST SPEED    30   HIGHEST GUST DIRECTION    SE (140)
  AVERAGE WIND SPEED    17.7


SKY COVER
  POSSIBLE SUNSHINE  MM
  AVERAGE SKY COVER 0.9


WEATHER CONDITIONS
 THE FOLLOWING WEATHER WAS RECORDED TODAY.
  THUNDERSTORM
  HEAVY RAIN
  LIGHT RAIN
  FOG


RELATIVE HUMIDITY (PERCENT)
 HIGHEST    84           600 AM
 LOWEST     54          1200 AM
 AVERAGE    69

..........................................................


THE MIDLAND CLIMATE NORMALS FOR TOMORROW
                         NORMAL    RECORD    YEAR
 MAXIMUM TEMPERATURE (F)   84       102      2005
                                             1977
 MINIMUM TEMPERATURE (F)   59        42      2000
                                             1989


SUNRISE AND SUNSET
SEPTEMBER 24 2017.....SUNRISE   738 AM CDT   SUNSET   742 PM CDT
SEPTEMBER 25 2017.....SUNRISE   739 AM CDT   SUNSET   741 PM CDT


-  INDICATES NEGATIVE NUMBERS.
R  INDICATES RECORD WAS SET OR TIED.
MM INDICATES DATA IS MISSING.
T  INDICATES TRACE AMOUNT.




$$
