000
CDUS44 KMAF 252120
CLIMAF


CLIMATE REPORT
NATIONAL WEATHER SERVICE MIDLAND TX
420 PM CDT THU AUG 25 2016


...................................

...THE MIDLAND CLIMATE SUMMARY FOR AUGUST 25 2016...
VALID TODAY AS OF 0400 PM LOCAL TIME.

CLIMATE NORMAL PERIOD 1981 TO 2010
CLIMATE RECORD PERIOD 1930 TO 2016


WEATHER ITEM   OBSERVED TIME   RECORD YEAR NORMAL DEPARTURE LAST
                VALUE   (LST)  VALUE       VALUE  FROM      YEAR
                                                  NORMAL
..................................................................
TEMPERATURE (F)
 TODAY
  MAXIMUM         92    316 PM 103    2011  93     -1       97
                                      1936
  MINIMUM         69    455 AM  58    1970  68      1       71
  AVERAGE         81                        80      1       84

PRECIPITATION (IN)
  TODAY            0.00          0.94 1974   0.06  -0.06     0.00
  MONTH TO DATE    2.65                      1.44   1.21     0.99
  SINCE JUN 1      6.05                      5.06   0.99     5.00
  SINCE JAN 1      9.79                      9.32   0.47    13.99

DEGREE DAYS
 COOLING
  TODAY           16                        15      1       19
  MONTH TO DATE  460                       414     46      523
  SINCE JUN 1   1672                      1407    265     1592
  SINCE JAN 1   2152                      1796    356     1950
..................................................................


WIND (MPH)
  HIGHEST WIND SPEED    15   HIGHEST WIND DIRECTION     S (200)
  HIGHEST GUST SPEED    23   HIGHEST GUST DIRECTION     S (180)
  AVERAGE WIND SPEED     9.7


SKY COVER
  POSSIBLE SUNSHINE  MM
  AVERAGE SKY COVER 0.1


WEATHER CONDITIONS
 THE FOLLOWING WEATHER WAS RECORDED TODAY.
  NO SIGNIFICANT WEATHER WAS OBSERVED.


RELATIVE HUMIDITY (PERCENT)
 HIGHEST    84           100 AM
 LOWEST     32           300 PM
 AVERAGE    58

..........................................................


THE MIDLAND CLIMATE NORMALS FOR TOMORROW
                         NORMAL    RECORD    YEAR
 MAXIMUM TEMPERATURE (F)   92       105      2002
 MINIMUM TEMPERATURE (F)   68        56      1966


SUNRISE AND SUNSET
AUGUST 25 2016........SUNRISE   720 AM CDT   SUNSET   821 PM CDT
AUGUST 26 2016........SUNRISE   721 AM CDT   SUNSET   819 PM CDT


-  INDICATES NEGATIVE NUMBERS.
R  INDICATES RECORD WAS SET OR TIED.
MM INDICATES DATA IS MISSING.
T  INDICATES TRACE AMOUNT.




$$
